{"id":23176,"date":"2025-12-02T12:51:10","date_gmt":"2025-12-02T15:51:10","guid":{"rendered":"https:\/\/naturalbikes.cl\/?post_type=product&#038;p=23176"},"modified":"2026-01-08T11:54:04","modified_gmt":"2026-01-08T14:54:04","slug":"cube-litening-air-c68x-pro-foggreynwhite","status":"publish","type":"product","link":"https:\/\/naturalbikes.cl\/?product=cube-litening-air-c68x-pro-foggreynwhite","title":{"rendered":"Bicicleta Cube Litening AIR C:68X Pro foggrey\u00b4n\u00b4white"},"content":{"rendered":"<p>Una bicicleta aerodin\u00e1mica que reduce la resistencia al viento es excelente, pero una bicicleta de carreras debe caracterizarse adem\u00e1s por ser lo m\u00e1s ligera posible. Por eso, con la Litening Air C:68X, trabajamos con Team Wanty para desarrollar un cuadro con nuestro carbono premium C:68X\u00ae que combina lo mejor de ambos mundos. Un cuadro de tama\u00f1o medio con un peso aproximado de 799 g que es lo suficientemente esbelto como para construir f\u00e1cilmente una bicicleta de 7,1 kg que cumple la normativa de la UCI, pero sin renunciar a deslizarse con fluidez en el aire y a la m\u00e1xima comodidad para largos d\u00edas sobre el sill\u00edn. El ahorro de peso general en una bicicleta de carretera cl\u00e1sica es una diferencia que se percibe con claridad al conducirla \u00a1y en tus resultados!<\/p>\n<div class=\"spec-row-group\">\n<div class=\"specs-favorites-wrapper\">\n<div class=\"circle-button additional-products-button button-anim-center\"><\/div>\n<\/div>\n<\/div>\n","protected":false},"excerpt":{"rendered":"<p data-start=\"658\" data-end=\"942\"><strong><img decoding=\"async\" class=\"\" src=\"https:\/\/upload.wikimedia.org\/wikipedia\/commons\/thumb\/e\/e2\/CUBE_Logo_neu.svg\/960px-CUBE_Logo_neu.svg.png?20161010194024\" srcset=\"https:\/\/upload.wikimedia.org\/wikipedia\/commons\/thumb\/e\/e2\/CUBE_Logo_neu.svg\/1152px-CUBE_Logo_neu.svg.png?20161010194024 1.5x, https:\/\/upload.wikimedia.org\/wikipedia\/commons\/thumb\/e\/e2\/CUBE_Logo_neu.svg\/1536px-CUBE_Logo_neu.svg.png?20161010194024 2x\" alt=\"File:CUBE Logo neu.svg\" width=\"101\" height=\"26\" data-file-width=\"768\" data-file-height=\"197\" \/>La Cube Litening AIR C:68X Pro Foggrey\u2019n\u2019White es una bicicleta de ruta ultraligera y aero dise\u00f1ada para rendimiento profesional. Con cuadro C:68X Carbon, Shimano Ultegra Di2 y frenos de disco, ofrece velocidad explosiva, control total y eficiencia en subidas y largas distancias.<\/strong><\/p>\n","protected":false},"featured_media":23180,"comment_status":"open","ping_status":"closed","template":"","meta":[],"product_cat":[204,195,890],"product_tag":[1555,814,1570,1556,826],"class_list":{"0":"post-23176","1":"product","2":"type-product","3":"status-publish","4":"has-post-thumbnail","6":"product_brand-cube","7":"product_cat-bicicleta-ruta","8":"product_cat-bicicletas","9":"product_cat-cube-bicicleta-ruta","10":"product_tag-c68","11":"product_tag-cube","12":"product_tag-cube-litening-air-c68x-pro","13":"product_tag-litening-air","14":"product_tag-ruta","16":"first","17":"instock","18":"taxable","19":"shipping-taxable","20":"purchasable","21":"product-type-variable","22":"rtwpvg-product"},"yoast_head":"<!-- This site is optimized with the Yoast SEO Premium plugin v24.8 (Yoast SEO v25.6) - https:\/\/yoast.com\/wordpress\/plugins\/seo\/ -->\n<title>Cube Litening AIR C:68X Pro Foggrey\u2019n\u2019White | Bicicleta Ruta<\/title>\n<meta name=\"description\" content=\"La Cube Litening AIR C:68X Pro Foggrey\u2019n\u2019White es una bicicleta de ruta ultraligera de competici\u00f3n, equipada con Shimano Ultegra Di2 y frenos hidr\u00e1ulicos. M\u00e1xima velocidad en ascensos, rigidez y aerodin\u00e1mica avanzada. Ideal para carreras y alto rendimiento.\" \/>\n<meta name=\"robots\" content=\"index, follow, max-snippet:-1, max-image-preview:large, max-video-preview:-1\" \/>\n<link rel=\"canonical\" href=\"https:\/\/naturalbikes.cl\/?product=cube-litening-air-c68x-pro-foggreynwhite\" \/>\n<meta property=\"og:locale\" content=\"es_ES\" \/>\n<meta property=\"og:type\" content=\"article\" \/>\n<meta property=\"og:title\" content=\"Bicicleta Cube Litening AIR C:68X Pro foggrey\u00b4n\u00b4white\" \/>\n<meta property=\"og:description\" content=\"Ofrecer a nuestros clientes apasionados por el ciclismo de monta\u00f1a la mejor experiencia en productos, conocimientos especializados y servicios excepcionales. Nos comprometemos a proporcionar una amplia gama de bicicletas, accesorios y equipo de alta calidad, junto con asesoramiento experto y atenci\u00f3n personalizada para cada ciclista, para que puedan explorar, disfrutar y maximizar su aventura en el mundo del MTB\" \/>\n<meta property=\"og:url\" content=\"https:\/\/naturalbikes.cl\/?product=cube-litening-air-c68x-pro-foggreynwhite\" \/>\n<meta property=\"og:site_name\" content=\"NaturalBikes\" \/>\n<meta property=\"article:publisher\" content=\"https:\/\/www.facebook.com\/naturalbikescl\" \/>\n<meta property=\"article:modified_time\" content=\"2026-01-08T14:54:04+00:00\" \/>\n<meta property=\"og:image\" content=\"https:\/\/naturalbikes.cl\/wp-content\/uploads\/2025\/12\/828100_360V_01.webp\" \/>\n\t<meta property=\"og:image:width\" content=\"1920\" \/>\n\t<meta property=\"og:image:height\" content=\"1171\" \/>\n\t<meta property=\"og:image:type\" content=\"image\/webp\" \/>\n<meta name=\"twitter:card\" content=\"summary_large_image\" \/>\n<meta name=\"twitter:label1\" content=\"Tiempo de lectura\" \/>\n\t<meta name=\"twitter:data1\" content=\"1 minuto\" \/>\n<script type=\"application\/ld+json\" class=\"yoast-schema-graph\">{\"@context\":\"https:\/\/schema.org\",\"@graph\":[{\"@type\":\"WebPage\",\"@id\":\"https:\/\/naturalbikes.cl\/?product=cube-litening-air-c68x-pro-foggreynwhite\",\"url\":\"https:\/\/naturalbikes.cl\/?product=cube-litening-air-c68x-pro-foggreynwhite\",\"name\":\"Cube Litening AIR C:68X Pro Foggrey\u2019n\u2019White | Bicicleta Ruta\",\"isPartOf\":{\"@id\":\"https:\/\/naturalbikes.cl\/#website\"},\"primaryImageOfPage\":{\"@id\":\"https:\/\/naturalbikes.cl\/?product=cube-litening-air-c68x-pro-foggreynwhite#primaryimage\"},\"image\":{\"@id\":\"https:\/\/naturalbikes.cl\/?product=cube-litening-air-c68x-pro-foggreynwhite#primaryimage\"},\"thumbnailUrl\":\"https:\/\/naturalbikes.cl\/wp-content\/uploads\/2025\/12\/828100_360V_01.webp\",\"datePublished\":\"2025-12-02T15:51:10+00:00\",\"dateModified\":\"2026-01-08T14:54:04+00:00\",\"description\":\"La Cube Litening AIR C:68X Pro Foggrey\u2019n\u2019White es una bicicleta de ruta ultraligera de competici\u00f3n, equipada con Shimano Ultegra Di2 y frenos hidr\u00e1ulicos. M\u00e1xima velocidad en ascensos, rigidez y aerodin\u00e1mica avanzada. Ideal para carreras y alto rendimiento.\",\"breadcrumb\":{\"@id\":\"https:\/\/naturalbikes.cl\/?product=cube-litening-air-c68x-pro-foggreynwhite#breadcrumb\"},\"inLanguage\":\"es\",\"potentialAction\":[{\"@type\":\"ReadAction\",\"target\":[\"https:\/\/naturalbikes.cl\/?product=cube-litening-air-c68x-pro-foggreynwhite\"]}]},{\"@type\":\"ImageObject\",\"inLanguage\":\"es\",\"@id\":\"https:\/\/naturalbikes.cl\/?product=cube-litening-air-c68x-pro-foggreynwhite#primaryimage\",\"url\":\"https:\/\/naturalbikes.cl\/wp-content\/uploads\/2025\/12\/828100_360V_01.webp\",\"contentUrl\":\"https:\/\/naturalbikes.cl\/wp-content\/uploads\/2025\/12\/828100_360V_01.webp\",\"width\":1920,\"height\":1171},{\"@type\":\"BreadcrumbList\",\"@id\":\"https:\/\/naturalbikes.cl\/?product=cube-litening-air-c68x-pro-foggreynwhite#breadcrumb\",\"itemListElement\":[{\"@type\":\"ListItem\",\"position\":1,\"name\":\"Portada\",\"item\":\"https:\/\/naturalbikes.cl\/\"},{\"@type\":\"ListItem\",\"position\":2,\"name\":\"Tienda NB\",\"item\":\"https:\/\/naturalbikes.cl\/?page_id=7843\"},{\"@type\":\"ListItem\",\"position\":3,\"name\":\"Cube\",\"item\":\"https:\/\/naturalbikes.cl\/?product_brand=cube\"},{\"@type\":\"ListItem\",\"position\":4,\"name\":\"Bicicleta Cube Litening AIR C:68X Pro foggrey\u00b4n\u00b4white\"}]},{\"@type\":\"WebSite\",\"@id\":\"https:\/\/naturalbikes.cl\/#website\",\"url\":\"https:\/\/naturalbikes.cl\/\",\"name\":\"Natural Bikes\",\"description\":\"Tienda de bicicletas repuestos accesorios taller mantenimiento clases salidas\",\"publisher\":{\"@id\":\"https:\/\/naturalbikes.cl\/#organization\"},\"alternateName\":\"Natural Bikes\",\"potentialAction\":[{\"@type\":\"SearchAction\",\"target\":{\"@type\":\"EntryPoint\",\"urlTemplate\":\"https:\/\/naturalbikes.cl\/?s={search_term_string}\"},\"query-input\":{\"@type\":\"PropertyValueSpecification\",\"valueRequired\":true,\"valueName\":\"search_term_string\"}}],\"inLanguage\":\"es\"},{\"@type\":\"Organization\",\"@id\":\"https:\/\/naturalbikes.cl\/#organization\",\"name\":\"Natural Bikes\",\"alternateName\":\"Natural Bikes\",\"url\":\"https:\/\/naturalbikes.cl\/\",\"logo\":{\"@type\":\"ImageObject\",\"inLanguage\":\"es\",\"@id\":\"https:\/\/naturalbikes.cl\/#\/schema\/logo\/image\/\",\"url\":\"https:\/\/naturalbikes.cl\/wp-content\/uploads\/2024\/05\/2023-10-10-10.44.12.jpg\",\"contentUrl\":\"https:\/\/naturalbikes.cl\/wp-content\/uploads\/2024\/05\/2023-10-10-10.44.12.jpg\",\"width\":650,\"height\":650,\"caption\":\"Natural Bikes\"},\"image\":{\"@id\":\"https:\/\/naturalbikes.cl\/#\/schema\/logo\/image\/\"},\"sameAs\":[\"https:\/\/www.facebook.com\/naturalbikescl\",\"https:\/\/www.instagram.com\/natural.bikes\",\"https:\/\/www.tiktok.com\/@natural.bikes\"],\"description\":\"Ofrecer a nuestros clientes apasionados por el ciclismo de monta\u00f1a la mejor experiencia en productos, conocimientos especializados y servicios excepcionales. Nos comprometemos a proporcionar una amplia gama de bicicletas, accesorios y equipo de alta calidad, junto con asesoramiento experto y atenci\u00f3n personalizada para cada ciclista, para que puedan explorar, disfrutar y maximizar su aventura en el mundo del MTB\",\"email\":\"naturalbikes1@gmail.com\",\"telephone\":\"56977043878\",\"legalName\":\"Natural Bikes Limitada\",\"foundingDate\":\"2024-01-01\",\"vatID\":\"76699553-5\",\"taxID\":\"76699553-5\",\"numberOfEmployees\":{\"@type\":\"QuantitativeValue\",\"minValue\":\"1\",\"maxValue\":\"10\"},\"publishingPrinciples\":\"https:\/\/naturalbikes.cl\/?page_id=7843\",\"ownershipFundingInfo\":\"https:\/\/naturalbikes.cl\/?page_id=7843\",\"actionableFeedbackPolicy\":\"https:\/\/naturalbikes.cl\/?page_id=14797\",\"correctionsPolicy\":\"https:\/\/naturalbikes.cl\/?page_id=3\",\"ethicsPolicy\":\"https:\/\/naturalbikes.cl\/?page_id=7843\",\"diversityPolicy\":\"https:\/\/naturalbikes.cl\/?page_id=11734\",\"diversityStaffingReport\":\"https:\/\/naturalbikes.cl\/?page_id=12161\"}]}<\/script>\n<!-- \/ Yoast SEO Premium plugin. -->","yoast_head_json":{"title":"Cube Litening AIR C:68X Pro Foggrey\u2019n\u2019White | Bicicleta Ruta","description":"La Cube Litening AIR C:68X Pro Foggrey\u2019n\u2019White es una bicicleta de ruta ultraligera de competici\u00f3n, equipada con Shimano Ultegra Di2 y frenos hidr\u00e1ulicos. M\u00e1xima velocidad en ascensos, rigidez y aerodin\u00e1mica avanzada. Ideal para carreras y alto rendimiento.","robots":{"index":"index","follow":"follow","max-snippet":"max-snippet:-1","max-image-preview":"max-image-preview:large","max-video-preview":"max-video-preview:-1"},"canonical":"https:\/\/naturalbikes.cl\/?product=cube-litening-air-c68x-pro-foggreynwhite","og_locale":"es_ES","og_type":"article","og_title":"Bicicleta Cube Litening AIR C:68X Pro foggrey\u00b4n\u00b4white","og_description":"Ofrecer a nuestros clientes apasionados por el ciclismo de monta\u00f1a la mejor experiencia en productos, conocimientos especializados y servicios excepcionales. Nos comprometemos a proporcionar una amplia gama de bicicletas, accesorios y equipo de alta calidad, junto con asesoramiento experto y atenci\u00f3n personalizada para cada ciclista, para que puedan explorar, disfrutar y maximizar su aventura en el mundo del MTB","og_url":"https:\/\/naturalbikes.cl\/?product=cube-litening-air-c68x-pro-foggreynwhite","og_site_name":"NaturalBikes","article_publisher":"https:\/\/www.facebook.com\/naturalbikescl","article_modified_time":"2026-01-08T14:54:04+00:00","og_image":[{"width":1920,"height":1171,"url":"https:\/\/naturalbikes.cl\/wp-content\/uploads\/2025\/12\/828100_360V_01.webp","type":"image\/webp"}],"twitter_card":"summary_large_image","twitter_misc":{"Tiempo de lectura":"1 minuto"},"schema":{"@context":"https:\/\/schema.org","@graph":[{"@type":"WebPage","@id":"https:\/\/naturalbikes.cl\/?product=cube-litening-air-c68x-pro-foggreynwhite","url":"https:\/\/naturalbikes.cl\/?product=cube-litening-air-c68x-pro-foggreynwhite","name":"Cube Litening AIR C:68X Pro Foggrey\u2019n\u2019White | Bicicleta Ruta","isPartOf":{"@id":"https:\/\/naturalbikes.cl\/#website"},"primaryImageOfPage":{"@id":"https:\/\/naturalbikes.cl\/?product=cube-litening-air-c68x-pro-foggreynwhite#primaryimage"},"image":{"@id":"https:\/\/naturalbikes.cl\/?product=cube-litening-air-c68x-pro-foggreynwhite#primaryimage"},"thumbnailUrl":"https:\/\/naturalbikes.cl\/wp-content\/uploads\/2025\/12\/828100_360V_01.webp","datePublished":"2025-12-02T15:51:10+00:00","dateModified":"2026-01-08T14:54:04+00:00","description":"La Cube Litening AIR C:68X Pro Foggrey\u2019n\u2019White es una bicicleta de ruta ultraligera de competici\u00f3n, equipada con Shimano Ultegra Di2 y frenos hidr\u00e1ulicos. M\u00e1xima velocidad en ascensos, rigidez y aerodin\u00e1mica avanzada. Ideal para carreras y alto rendimiento.","breadcrumb":{"@id":"https:\/\/naturalbikes.cl\/?product=cube-litening-air-c68x-pro-foggreynwhite#breadcrumb"},"inLanguage":"es","potentialAction":[{"@type":"ReadAction","target":["https:\/\/naturalbikes.cl\/?product=cube-litening-air-c68x-pro-foggreynwhite"]}]},{"@type":"ImageObject","inLanguage":"es","@id":"https:\/\/naturalbikes.cl\/?product=cube-litening-air-c68x-pro-foggreynwhite#primaryimage","url":"https:\/\/naturalbikes.cl\/wp-content\/uploads\/2025\/12\/828100_360V_01.webp","contentUrl":"https:\/\/naturalbikes.cl\/wp-content\/uploads\/2025\/12\/828100_360V_01.webp","width":1920,"height":1171},{"@type":"BreadcrumbList","@id":"https:\/\/naturalbikes.cl\/?product=cube-litening-air-c68x-pro-foggreynwhite#breadcrumb","itemListElement":[{"@type":"ListItem","position":1,"name":"Portada","item":"https:\/\/naturalbikes.cl\/"},{"@type":"ListItem","position":2,"name":"Tienda NB","item":"https:\/\/naturalbikes.cl\/?page_id=7843"},{"@type":"ListItem","position":3,"name":"Cube","item":"https:\/\/naturalbikes.cl\/?product_brand=cube"},{"@type":"ListItem","position":4,"name":"Bicicleta Cube Litening AIR C:68X Pro foggrey\u00b4n\u00b4white"}]},{"@type":"WebSite","@id":"https:\/\/naturalbikes.cl\/#website","url":"https:\/\/naturalbikes.cl\/","name":"Natural Bikes","description":"Tienda de bicicletas repuestos accesorios taller mantenimiento clases salidas","publisher":{"@id":"https:\/\/naturalbikes.cl\/#organization"},"alternateName":"Natural Bikes","potentialAction":[{"@type":"SearchAction","target":{"@type":"EntryPoint","urlTemplate":"https:\/\/naturalbikes.cl\/?s={search_term_string}"},"query-input":{"@type":"PropertyValueSpecification","valueRequired":true,"valueName":"search_term_string"}}],"inLanguage":"es"},{"@type":"Organization","@id":"https:\/\/naturalbikes.cl\/#organization","name":"Natural Bikes","alternateName":"Natural Bikes","url":"https:\/\/naturalbikes.cl\/","logo":{"@type":"ImageObject","inLanguage":"es","@id":"https:\/\/naturalbikes.cl\/#\/schema\/logo\/image\/","url":"https:\/\/naturalbikes.cl\/wp-content\/uploads\/2024\/05\/2023-10-10-10.44.12.jpg","contentUrl":"https:\/\/naturalbikes.cl\/wp-content\/uploads\/2024\/05\/2023-10-10-10.44.12.jpg","width":650,"height":650,"caption":"Natural Bikes"},"image":{"@id":"https:\/\/naturalbikes.cl\/#\/schema\/logo\/image\/"},"sameAs":["https:\/\/www.facebook.com\/naturalbikescl","https:\/\/www.instagram.com\/natural.bikes","https:\/\/www.tiktok.com\/@natural.bikes"],"description":"Ofrecer a nuestros clientes apasionados por el ciclismo de monta\u00f1a la mejor experiencia en productos, conocimientos especializados y servicios excepcionales. Nos comprometemos a proporcionar una amplia gama de bicicletas, accesorios y equipo de alta calidad, junto con asesoramiento experto y atenci\u00f3n personalizada para cada ciclista, para que puedan explorar, disfrutar y maximizar su aventura en el mundo del MTB","email":"naturalbikes1@gmail.com","telephone":"56977043878","legalName":"Natural Bikes Limitada","foundingDate":"2024-01-01","vatID":"76699553-5","taxID":"76699553-5","numberOfEmployees":{"@type":"QuantitativeValue","minValue":"1","maxValue":"10"},"publishingPrinciples":"https:\/\/naturalbikes.cl\/?page_id=7843","ownershipFundingInfo":"https:\/\/naturalbikes.cl\/?page_id=7843","actionableFeedbackPolicy":"https:\/\/naturalbikes.cl\/?page_id=14797","correctionsPolicy":"https:\/\/naturalbikes.cl\/?page_id=3","ethicsPolicy":"https:\/\/naturalbikes.cl\/?page_id=7843","diversityPolicy":"https:\/\/naturalbikes.cl\/?page_id=11734","diversityStaffingReport":"https:\/\/naturalbikes.cl\/?page_id=12161"}]}},"_links":{"self":[{"href":"https:\/\/naturalbikes.cl\/index.php?rest_route=\/wp\/v2\/product\/23176"}],"collection":[{"href":"https:\/\/naturalbikes.cl\/index.php?rest_route=\/wp\/v2\/product"}],"about":[{"href":"https:\/\/naturalbikes.cl\/index.php?rest_route=\/wp\/v2\/types\/product"}],"replies":[{"embeddable":true,"href":"https:\/\/naturalbikes.cl\/index.php?rest_route=%2Fwp%2Fv2%2Fcomments&post=23176"}],"wp:featuredmedia":[{"embeddable":true,"href":"https:\/\/naturalbikes.cl\/index.php?rest_route=\/wp\/v2\/media\/23180"}],"wp:attachment":[{"href":"https:\/\/naturalbikes.cl\/index.php?rest_route=%2Fwp%2Fv2%2Fmedia&parent=23176"}],"wp:term":[{"taxonomy":"product_cat","embeddable":true,"href":"https:\/\/naturalbikes.cl\/index.php?rest_route=%2Fwp%2Fv2%2Fproduct_cat&post=23176"},{"taxonomy":"product_tag","embeddable":true,"href":"https:\/\/naturalbikes.cl\/index.php?rest_route=%2Fwp%2Fv2%2Fproduct_tag&post=23176"}],"curies":[{"name":"wp","href":"https:\/\/api.w.org\/{rel}","templated":true}]}}