{"id":23071,"date":"2025-11-18T15:39:41","date_gmt":"2025-11-18T18:39:41","guid":{"rendered":"https:\/\/naturalbikes.cl\/?post_type=product&#038;p=23071"},"modified":"2026-01-06T17:12:44","modified_gmt":"2026-01-06T20:12:44","slug":"bicicleta-orbea-rise-lt-m10-630w-20m","status":"publish","type":"product","link":"https:\/\/naturalbikes.cl\/?product=bicicleta-orbea-rise-lt-m10-630w-20m","title":{"rendered":"Bicicleta Orbea RISE LT M10 630W 20m"},"content":{"rendered":"<p data-start=\"799\" data-end=\"1090\">La <strong data-start=\"802\" data-end=\"823\">Orbea Rise LT M10<\/strong> es una bicicleta el\u00e9ctrica de monta\u00f1a dise\u00f1ada para riders que buscan rendimiento premium, autonom\u00eda superior y una sensaci\u00f3n de pedaleo natural. Su cuadro en <strong data-start=\"983\" data-end=\"998\">carbono OMR<\/strong> ofrece rigidez, bajo peso y una geometr\u00eda agresiva ideal para All Mountain y enduro ligero.<\/p>\n<p data-start=\"1092\" data-end=\"1445\">Equipada con el motor <strong data-start=\"1114\" data-end=\"1134\">Shimano EP801 RS<\/strong>, optimizado por Orbea para un comportamiento m\u00e1s natural y progresivo, entrega <strong data-start=\"1214\" data-end=\"1239\">hasta 85 Nm de torque<\/strong>, permitiendo subir con gran eficiencia y mantener un control total en terrenos t\u00e9cnicos. Su bater\u00eda <strong data-start=\"1340\" data-end=\"1352\">de 630Wh<\/strong> ofrece una autonom\u00eda muy superior, ideal para rutas largas y jornadas completas de aventura.<\/p>\n<p data-start=\"1447\" data-end=\"1654\">La suspensi\u00f3n <strong data-start=\"1461\" data-end=\"1476\">FOX Factory<\/strong> (versi\u00f3n LT \u2013 Long Travel) con acabado <strong data-start=\"1516\" data-end=\"1527\">Kashima<\/strong>, junto a la transmisi\u00f3n <strong data-start=\"1552\" data-end=\"1570\">Shimano XT 12v<\/strong>, garantiza precisi\u00f3n, suavidad y alto rendimiento en cualquier pendiente o terreno.<\/p>\n<p data-start=\"1656\" data-end=\"1772\">Dise\u00f1ada para quienes buscan una E-MTB potente, estable y ligera con la m\u00e1xima capacidad de autonom\u00eda y rendimiento.<\/p>\n<hr data-start=\"1774\" data-end=\"1777\" \/>\n<h3 data-start=\"1779\" data-end=\"1817\">\ud83d\udd27 <strong data-start=\"1786\" data-end=\"1817\">Caracter\u00edsticas principales<\/strong><\/h3>\n<ul data-start=\"1818\" data-end=\"2268\">\n<li data-start=\"1818\" data-end=\"1849\">\n<p data-start=\"1820\" data-end=\"1849\"><strong data-start=\"1820\" data-end=\"1831\">Modelo:<\/strong> Orbea Rise LT M10<\/p>\n<\/li>\n<li data-start=\"1850\" data-end=\"1875\">\n<p data-start=\"1852\" data-end=\"1875\"><strong data-start=\"1852\" data-end=\"1863\">Cuadro:<\/strong> Carbono OMR<\/p>\n<\/li>\n<li data-start=\"1876\" data-end=\"1917\">\n<p data-start=\"1878\" data-end=\"1917\"><strong data-start=\"1878\" data-end=\"1888\">Motor:<\/strong> <strong data-start=\"1889\" data-end=\"1917\">Shimano EP801 RS \u2013 85 Nm<\/strong><\/p>\n<\/li>\n<li data-start=\"1918\" data-end=\"1964\">\n<p data-start=\"1920\" data-end=\"1964\"><strong data-start=\"1920\" data-end=\"1932\">Bater\u00eda:<\/strong> <strong data-start=\"1933\" data-end=\"1964\">630Wh \u2013 Autonom\u00eda extendida<\/strong><\/p>\n<\/li>\n<li data-start=\"1965\" data-end=\"2025\">\n<p data-start=\"1967\" data-end=\"2025\"><strong data-start=\"1967\" data-end=\"1982\">Suspensi\u00f3n:<\/strong> <strong data-start=\"1983\" data-end=\"2025\">FOX Factory Kashima \u2013 Long Travel (LT)<\/strong><\/p>\n<\/li>\n<li data-start=\"2026\" data-end=\"2063\">\n<p data-start=\"2028\" data-end=\"2063\"><strong data-start=\"2028\" data-end=\"2044\">Transmisi\u00f3n:<\/strong> <strong data-start=\"2045\" data-end=\"2063\">Shimano XT 12v<\/strong><\/p>\n<\/li>\n<li data-start=\"2064\" data-end=\"2094\">\n<p data-start=\"2066\" data-end=\"2094\"><strong data-start=\"2066\" data-end=\"2077\">Frenos:<\/strong> Disco hidr\u00e1ulico<\/p>\n<\/li>\n<li data-start=\"2095\" data-end=\"2112\">\n<p data-start=\"2097\" data-end=\"2112\"><strong data-start=\"2097\" data-end=\"2108\">Ruedas:<\/strong> 29\u201d<\/p>\n<\/li>\n<li data-start=\"2113\" data-end=\"2181\">\n<p data-start=\"2115\" data-end=\"2181\"><strong data-start=\"2115\" data-end=\"2135\">Uso recomendado:<\/strong> All Mountain \/ Enduro ligero \/ Trail avanzado<\/p>\n<\/li>\n<li data-start=\"2182\" data-end=\"2268\">\n<p data-start=\"2184\" data-end=\"2268\"><strong data-start=\"2184\" data-end=\"2197\">Ventajas:<\/strong> Full Factory, ligera, potente, con gran autonom\u00eda y asistencia natural<\/p>\n<\/li>\n<\/ul>\n<p data-start=\"2270\" data-end=\"2377\">Una e-MTB pensada para riders exigentes que quieren subir m\u00e1s, bajar m\u00e1s fuerte y disfrutar cada kil\u00f3metro.<\/p>\n","protected":false},"excerpt":{"rendered":"<p data-start=\"512\" data-end=\"752\"><strong><img decoding=\"async\" class=\"sFlh5c FyHeAf iPVvYb\" src=\"https:\/\/upload.wikimedia.org\/wikipedia\/commons\/thumb\/9\/99\/Orbea_logo.svg\/2560px-Orbea_logo.svg.png\" alt=\"Archivo:Orbea logo.svg - Wikipedia, la enciclopedia libre\" width=\"101\" height=\"11\" \/>La Orbea Rise LT M10 es una E-MTB de carbono con 630Wh de bater\u00eda, motor Shimano EP801 RS, suspensi\u00f3n FOX Factory Kashima y transmisi\u00f3n Shimano XT 12v. Potencia, ligereza y control para All Mountain y enduro t\u00e9cnico.<\/strong><\/p>\n","protected":false},"featured_media":23073,"comment_status":"open","ping_status":"closed","template":"","meta":[],"product_cat":[201,195,300,301],"product_tag":[1581,1543,822,830],"class_list":{"0":"post-23071","1":"product","2":"type-product","3":"status-publish","4":"has-post-thumbnail","6":"product_brand-orbea","7":"product_cat-bicicleta-electrica","8":"product_cat-bicicletas","9":"product_cat-orbea-bicicleta-electrica","10":"product_cat-rise","11":"product_tag-bicicleta-orbea-rise-lt-m10-630w-20m","12":"product_tag-emtb","13":"product_tag-orbea","14":"product_tag-rise","16":"first","17":"instock","18":"taxable","19":"shipping-taxable","20":"purchasable","21":"product-type-variable","22":"rtwpvg-product"},"yoast_head":"<!-- This site is optimized with the Yoast SEO Premium plugin v24.8 (Yoast SEO v25.6) - https:\/\/yoast.com\/wordpress\/plugins\/seo\/ -->\n<title>Orbea Rise LT M10 \u2013 E-MTB Carbono \u2013 Shimano EP801 RS<\/title>\n<meta name=\"description\" content=\"Orbea Rise LT M10 con motor Shimano EP801 RS, bater\u00eda 630Wh y suspensi\u00f3n FOX Factory. E-MTB All Mountain ligera y potente para rutas agresivas y autonom\u00eda extendida.\" \/>\n<meta name=\"robots\" content=\"index, follow, max-snippet:-1, max-image-preview:large, max-video-preview:-1\" \/>\n<link rel=\"canonical\" href=\"https:\/\/naturalbikes.cl\/?product=bicicleta-orbea-rise-lt-m10-630w-20m\" \/>\n<meta property=\"og:locale\" content=\"es_ES\" \/>\n<meta property=\"og:type\" content=\"article\" \/>\n<meta property=\"og:title\" content=\"Bicicleta Orbea RISE LT M10 630W 20m\" \/>\n<meta property=\"og:description\" content=\"Ofrecer a nuestros clientes apasionados por el ciclismo de monta\u00f1a la mejor experiencia en productos, conocimientos especializados y servicios excepcionales. Nos comprometemos a proporcionar una amplia gama de bicicletas, accesorios y equipo de alta calidad, junto con asesoramiento experto y atenci\u00f3n personalizada para cada ciclista, para que puedan explorar, disfrutar y maximizar su aventura en el mundo del MTB\" \/>\n<meta property=\"og:url\" content=\"https:\/\/naturalbikes.cl\/?product=bicicleta-orbea-rise-lt-m10-630w-20m\" \/>\n<meta property=\"og:site_name\" content=\"NaturalBikes\" \/>\n<meta property=\"article:publisher\" content=\"https:\/\/www.facebook.com\/naturalbikescl\" \/>\n<meta property=\"article:modified_time\" content=\"2026-01-06T20:12:44+00:00\" \/>\n<meta property=\"og:image\" content=\"https:\/\/naturalbikes.cl\/wp-content\/uploads\/2025\/11\/S338TTCC-SZ-SIDE-RISE_LT_M10.jpg\" \/>\n\t<meta property=\"og:image:width\" content=\"2000\" \/>\n\t<meta property=\"og:image:height\" content=\"1728\" \/>\n\t<meta property=\"og:image:type\" content=\"image\/jpeg\" \/>\n<meta name=\"twitter:card\" content=\"summary_large_image\" \/>\n<meta name=\"twitter:label1\" content=\"Tiempo de lectura\" \/>\n\t<meta name=\"twitter:data1\" content=\"2 minutos\" \/>\n<script type=\"application\/ld+json\" class=\"yoast-schema-graph\">{\"@context\":\"https:\/\/schema.org\",\"@graph\":[{\"@type\":\"WebPage\",\"@id\":\"https:\/\/naturalbikes.cl\/?product=bicicleta-orbea-rise-lt-m10-630w-20m\",\"url\":\"https:\/\/naturalbikes.cl\/?product=bicicleta-orbea-rise-lt-m10-630w-20m\",\"name\":\"Orbea Rise LT M10 \u2013 E-MTB Carbono \u2013 Shimano EP801 RS\",\"isPartOf\":{\"@id\":\"https:\/\/naturalbikes.cl\/#website\"},\"primaryImageOfPage\":{\"@id\":\"https:\/\/naturalbikes.cl\/?product=bicicleta-orbea-rise-lt-m10-630w-20m#primaryimage\"},\"image\":{\"@id\":\"https:\/\/naturalbikes.cl\/?product=bicicleta-orbea-rise-lt-m10-630w-20m#primaryimage\"},\"thumbnailUrl\":\"https:\/\/naturalbikes.cl\/wp-content\/uploads\/2025\/11\/S338TTCC-SZ-SIDE-RISE_LT_M10.jpg\",\"datePublished\":\"2025-11-18T18:39:41+00:00\",\"dateModified\":\"2026-01-06T20:12:44+00:00\",\"description\":\"Orbea Rise LT M10 con motor Shimano EP801 RS, bater\u00eda 630Wh y suspensi\u00f3n FOX Factory. E-MTB All Mountain ligera y potente para rutas agresivas y autonom\u00eda extendida.\",\"breadcrumb\":{\"@id\":\"https:\/\/naturalbikes.cl\/?product=bicicleta-orbea-rise-lt-m10-630w-20m#breadcrumb\"},\"inLanguage\":\"es\",\"potentialAction\":[{\"@type\":\"ReadAction\",\"target\":[\"https:\/\/naturalbikes.cl\/?product=bicicleta-orbea-rise-lt-m10-630w-20m\"]}]},{\"@type\":\"ImageObject\",\"inLanguage\":\"es\",\"@id\":\"https:\/\/naturalbikes.cl\/?product=bicicleta-orbea-rise-lt-m10-630w-20m#primaryimage\",\"url\":\"https:\/\/naturalbikes.cl\/wp-content\/uploads\/2025\/11\/S338TTCC-SZ-SIDE-RISE_LT_M10.jpg\",\"contentUrl\":\"https:\/\/naturalbikes.cl\/wp-content\/uploads\/2025\/11\/S338TTCC-SZ-SIDE-RISE_LT_M10.jpg\",\"width\":2000,\"height\":1728},{\"@type\":\"BreadcrumbList\",\"@id\":\"https:\/\/naturalbikes.cl\/?product=bicicleta-orbea-rise-lt-m10-630w-20m#breadcrumb\",\"itemListElement\":[{\"@type\":\"ListItem\",\"position\":1,\"name\":\"Portada\",\"item\":\"https:\/\/naturalbikes.cl\/\"},{\"@type\":\"ListItem\",\"position\":2,\"name\":\"Tienda NB\",\"item\":\"https:\/\/naturalbikes.cl\/?page_id=7843\"},{\"@type\":\"ListItem\",\"position\":3,\"name\":\"Orbea\",\"item\":\"https:\/\/naturalbikes.cl\/?product_brand=orbea\"},{\"@type\":\"ListItem\",\"position\":4,\"name\":\"Bicicleta Orbea RISE LT M10 630W 20m\"}]},{\"@type\":\"WebSite\",\"@id\":\"https:\/\/naturalbikes.cl\/#website\",\"url\":\"https:\/\/naturalbikes.cl\/\",\"name\":\"Natural Bikes\",\"description\":\"Tienda de bicicletas repuestos accesorios taller mantenimiento clases salidas\",\"publisher\":{\"@id\":\"https:\/\/naturalbikes.cl\/#organization\"},\"alternateName\":\"Natural Bikes\",\"potentialAction\":[{\"@type\":\"SearchAction\",\"target\":{\"@type\":\"EntryPoint\",\"urlTemplate\":\"https:\/\/naturalbikes.cl\/?s={search_term_string}\"},\"query-input\":{\"@type\":\"PropertyValueSpecification\",\"valueRequired\":true,\"valueName\":\"search_term_string\"}}],\"inLanguage\":\"es\"},{\"@type\":\"Organization\",\"@id\":\"https:\/\/naturalbikes.cl\/#organization\",\"name\":\"Natural Bikes\",\"alternateName\":\"Natural Bikes\",\"url\":\"https:\/\/naturalbikes.cl\/\",\"logo\":{\"@type\":\"ImageObject\",\"inLanguage\":\"es\",\"@id\":\"https:\/\/naturalbikes.cl\/#\/schema\/logo\/image\/\",\"url\":\"https:\/\/naturalbikes.cl\/wp-content\/uploads\/2024\/05\/2023-10-10-10.44.12.jpg\",\"contentUrl\":\"https:\/\/naturalbikes.cl\/wp-content\/uploads\/2024\/05\/2023-10-10-10.44.12.jpg\",\"width\":650,\"height\":650,\"caption\":\"Natural Bikes\"},\"image\":{\"@id\":\"https:\/\/naturalbikes.cl\/#\/schema\/logo\/image\/\"},\"sameAs\":[\"https:\/\/www.facebook.com\/naturalbikescl\",\"https:\/\/www.instagram.com\/natural.bikes\",\"https:\/\/www.tiktok.com\/@natural.bikes\"],\"description\":\"Ofrecer a nuestros clientes apasionados por el ciclismo de monta\u00f1a la mejor experiencia en productos, conocimientos especializados y servicios excepcionales. Nos comprometemos a proporcionar una amplia gama de bicicletas, accesorios y equipo de alta calidad, junto con asesoramiento experto y atenci\u00f3n personalizada para cada ciclista, para que puedan explorar, disfrutar y maximizar su aventura en el mundo del MTB\",\"email\":\"naturalbikes1@gmail.com\",\"telephone\":\"56977043878\",\"legalName\":\"Natural Bikes Limitada\",\"foundingDate\":\"2024-01-01\",\"vatID\":\"76699553-5\",\"taxID\":\"76699553-5\",\"numberOfEmployees\":{\"@type\":\"QuantitativeValue\",\"minValue\":\"1\",\"maxValue\":\"10\"},\"publishingPrinciples\":\"https:\/\/naturalbikes.cl\/?page_id=7843\",\"ownershipFundingInfo\":\"https:\/\/naturalbikes.cl\/?page_id=7843\",\"actionableFeedbackPolicy\":\"https:\/\/naturalbikes.cl\/?page_id=14797\",\"correctionsPolicy\":\"https:\/\/naturalbikes.cl\/?page_id=3\",\"ethicsPolicy\":\"https:\/\/naturalbikes.cl\/?page_id=7843\",\"diversityPolicy\":\"https:\/\/naturalbikes.cl\/?page_id=11734\",\"diversityStaffingReport\":\"https:\/\/naturalbikes.cl\/?page_id=12161\"}]}<\/script>\n<!-- \/ Yoast SEO Premium plugin. -->","yoast_head_json":{"title":"Orbea Rise LT M10 \u2013 E-MTB Carbono \u2013 Shimano EP801 RS","description":"Orbea Rise LT M10 con motor Shimano EP801 RS, bater\u00eda 630Wh y suspensi\u00f3n FOX Factory. E-MTB All Mountain ligera y potente para rutas agresivas y autonom\u00eda extendida.","robots":{"index":"index","follow":"follow","max-snippet":"max-snippet:-1","max-image-preview":"max-image-preview:large","max-video-preview":"max-video-preview:-1"},"canonical":"https:\/\/naturalbikes.cl\/?product=bicicleta-orbea-rise-lt-m10-630w-20m","og_locale":"es_ES","og_type":"article","og_title":"Bicicleta Orbea RISE LT M10 630W 20m","og_description":"Ofrecer a nuestros clientes apasionados por el ciclismo de monta\u00f1a la mejor experiencia en productos, conocimientos especializados y servicios excepcionales. Nos comprometemos a proporcionar una amplia gama de bicicletas, accesorios y equipo de alta calidad, junto con asesoramiento experto y atenci\u00f3n personalizada para cada ciclista, para que puedan explorar, disfrutar y maximizar su aventura en el mundo del MTB","og_url":"https:\/\/naturalbikes.cl\/?product=bicicleta-orbea-rise-lt-m10-630w-20m","og_site_name":"NaturalBikes","article_publisher":"https:\/\/www.facebook.com\/naturalbikescl","article_modified_time":"2026-01-06T20:12:44+00:00","og_image":[{"width":2000,"height":1728,"url":"https:\/\/naturalbikes.cl\/wp-content\/uploads\/2025\/11\/S338TTCC-SZ-SIDE-RISE_LT_M10.jpg","type":"image\/jpeg"}],"twitter_card":"summary_large_image","twitter_misc":{"Tiempo de lectura":"2 minutos"},"schema":{"@context":"https:\/\/schema.org","@graph":[{"@type":"WebPage","@id":"https:\/\/naturalbikes.cl\/?product=bicicleta-orbea-rise-lt-m10-630w-20m","url":"https:\/\/naturalbikes.cl\/?product=bicicleta-orbea-rise-lt-m10-630w-20m","name":"Orbea Rise LT M10 \u2013 E-MTB Carbono \u2013 Shimano EP801 RS","isPartOf":{"@id":"https:\/\/naturalbikes.cl\/#website"},"primaryImageOfPage":{"@id":"https:\/\/naturalbikes.cl\/?product=bicicleta-orbea-rise-lt-m10-630w-20m#primaryimage"},"image":{"@id":"https:\/\/naturalbikes.cl\/?product=bicicleta-orbea-rise-lt-m10-630w-20m#primaryimage"},"thumbnailUrl":"https:\/\/naturalbikes.cl\/wp-content\/uploads\/2025\/11\/S338TTCC-SZ-SIDE-RISE_LT_M10.jpg","datePublished":"2025-11-18T18:39:41+00:00","dateModified":"2026-01-06T20:12:44+00:00","description":"Orbea Rise LT M10 con motor Shimano EP801 RS, bater\u00eda 630Wh y suspensi\u00f3n FOX Factory. E-MTB All Mountain ligera y potente para rutas agresivas y autonom\u00eda extendida.","breadcrumb":{"@id":"https:\/\/naturalbikes.cl\/?product=bicicleta-orbea-rise-lt-m10-630w-20m#breadcrumb"},"inLanguage":"es","potentialAction":[{"@type":"ReadAction","target":["https:\/\/naturalbikes.cl\/?product=bicicleta-orbea-rise-lt-m10-630w-20m"]}]},{"@type":"ImageObject","inLanguage":"es","@id":"https:\/\/naturalbikes.cl\/?product=bicicleta-orbea-rise-lt-m10-630w-20m#primaryimage","url":"https:\/\/naturalbikes.cl\/wp-content\/uploads\/2025\/11\/S338TTCC-SZ-SIDE-RISE_LT_M10.jpg","contentUrl":"https:\/\/naturalbikes.cl\/wp-content\/uploads\/2025\/11\/S338TTCC-SZ-SIDE-RISE_LT_M10.jpg","width":2000,"height":1728},{"@type":"BreadcrumbList","@id":"https:\/\/naturalbikes.cl\/?product=bicicleta-orbea-rise-lt-m10-630w-20m#breadcrumb","itemListElement":[{"@type":"ListItem","position":1,"name":"Portada","item":"https:\/\/naturalbikes.cl\/"},{"@type":"ListItem","position":2,"name":"Tienda NB","item":"https:\/\/naturalbikes.cl\/?page_id=7843"},{"@type":"ListItem","position":3,"name":"Orbea","item":"https:\/\/naturalbikes.cl\/?product_brand=orbea"},{"@type":"ListItem","position":4,"name":"Bicicleta Orbea RISE LT M10 630W 20m"}]},{"@type":"WebSite","@id":"https:\/\/naturalbikes.cl\/#website","url":"https:\/\/naturalbikes.cl\/","name":"Natural Bikes","description":"Tienda de bicicletas repuestos accesorios taller mantenimiento clases salidas","publisher":{"@id":"https:\/\/naturalbikes.cl\/#organization"},"alternateName":"Natural Bikes","potentialAction":[{"@type":"SearchAction","target":{"@type":"EntryPoint","urlTemplate":"https:\/\/naturalbikes.cl\/?s={search_term_string}"},"query-input":{"@type":"PropertyValueSpecification","valueRequired":true,"valueName":"search_term_string"}}],"inLanguage":"es"},{"@type":"Organization","@id":"https:\/\/naturalbikes.cl\/#organization","name":"Natural Bikes","alternateName":"Natural Bikes","url":"https:\/\/naturalbikes.cl\/","logo":{"@type":"ImageObject","inLanguage":"es","@id":"https:\/\/naturalbikes.cl\/#\/schema\/logo\/image\/","url":"https:\/\/naturalbikes.cl\/wp-content\/uploads\/2024\/05\/2023-10-10-10.44.12.jpg","contentUrl":"https:\/\/naturalbikes.cl\/wp-content\/uploads\/2024\/05\/2023-10-10-10.44.12.jpg","width":650,"height":650,"caption":"Natural Bikes"},"image":{"@id":"https:\/\/naturalbikes.cl\/#\/schema\/logo\/image\/"},"sameAs":["https:\/\/www.facebook.com\/naturalbikescl","https:\/\/www.instagram.com\/natural.bikes","https:\/\/www.tiktok.com\/@natural.bikes"],"description":"Ofrecer a nuestros clientes apasionados por el ciclismo de monta\u00f1a la mejor experiencia en productos, conocimientos especializados y servicios excepcionales. Nos comprometemos a proporcionar una amplia gama de bicicletas, accesorios y equipo de alta calidad, junto con asesoramiento experto y atenci\u00f3n personalizada para cada ciclista, para que puedan explorar, disfrutar y maximizar su aventura en el mundo del MTB","email":"naturalbikes1@gmail.com","telephone":"56977043878","legalName":"Natural Bikes Limitada","foundingDate":"2024-01-01","vatID":"76699553-5","taxID":"76699553-5","numberOfEmployees":{"@type":"QuantitativeValue","minValue":"1","maxValue":"10"},"publishingPrinciples":"https:\/\/naturalbikes.cl\/?page_id=7843","ownershipFundingInfo":"https:\/\/naturalbikes.cl\/?page_id=7843","actionableFeedbackPolicy":"https:\/\/naturalbikes.cl\/?page_id=14797","correctionsPolicy":"https:\/\/naturalbikes.cl\/?page_id=3","ethicsPolicy":"https:\/\/naturalbikes.cl\/?page_id=7843","diversityPolicy":"https:\/\/naturalbikes.cl\/?page_id=11734","diversityStaffingReport":"https:\/\/naturalbikes.cl\/?page_id=12161"}]}},"_links":{"self":[{"href":"https:\/\/naturalbikes.cl\/index.php?rest_route=\/wp\/v2\/product\/23071"}],"collection":[{"href":"https:\/\/naturalbikes.cl\/index.php?rest_route=\/wp\/v2\/product"}],"about":[{"href":"https:\/\/naturalbikes.cl\/index.php?rest_route=\/wp\/v2\/types\/product"}],"replies":[{"embeddable":true,"href":"https:\/\/naturalbikes.cl\/index.php?rest_route=%2Fwp%2Fv2%2Fcomments&post=23071"}],"wp:featuredmedia":[{"embeddable":true,"href":"https:\/\/naturalbikes.cl\/index.php?rest_route=\/wp\/v2\/media\/23073"}],"wp:attachment":[{"href":"https:\/\/naturalbikes.cl\/index.php?rest_route=%2Fwp%2Fv2%2Fmedia&parent=23071"}],"wp:term":[{"taxonomy":"product_cat","embeddable":true,"href":"https:\/\/naturalbikes.cl\/index.php?rest_route=%2Fwp%2Fv2%2Fproduct_cat&post=23071"},{"taxonomy":"product_tag","embeddable":true,"href":"https:\/\/naturalbikes.cl\/index.php?rest_route=%2Fwp%2Fv2%2Fproduct_tag&post=23071"}],"curies":[{"name":"wp","href":"https:\/\/api.w.org\/{rel}","templated":true}]}}