{"id":22999,"date":"2025-11-18T13:18:45","date_gmt":"2025-11-18T16:18:45","guid":{"rendered":"https:\/\/naturalbikes.cl\/?post_type=product&#038;p=22999"},"modified":"2026-01-06T17:12:40","modified_gmt":"2026-01-06T20:12:40","slug":"orca-aero-m30iltd","status":"publish","type":"product","link":"https:\/\/naturalbikes.cl\/?product=orca-aero-m30iltd","title":{"rendered":"Bicicleta ORCA AERO M30iLTD"},"content":{"rendered":"<p data-start=\"1035\" data-end=\"1361\">La <strong data-start=\"1038\" data-end=\"1066\">Orbea Orca Aero M30i LTD<\/strong> es una bicicleta dise\u00f1ada para ciclistas que buscan m\u00e1xima velocidad, respuesta explosiva y eficiencia aerodin\u00e1mica en cada pedalada. Su cuadro <strong data-start=\"1211\" data-end=\"1231\">Full Carbon Aero<\/strong> optimiza la penetraci\u00f3n del aire reduciendo la resistencia frontal, ideal para triatl\u00f3n, criterium, velocidad en llano y sprints.<\/p>\n<p data-start=\"1363\" data-end=\"1642\">Equipada con <strong data-start=\"1376\" data-end=\"1422\">Shimano 105 Di2 electr\u00f3nico 12 velocidades<\/strong>, ofrece cambios instant\u00e1neos, precisos y silenciosos, incluso bajo alta carga. Los <strong data-start=\"1506\" data-end=\"1537\">frenos de disco hidr\u00e1ulicos<\/strong> garantizan control absoluto y potencia de frenado estable en cualquier condici\u00f3n clim\u00e1tica y de terreno.<\/p>\n<p data-start=\"1644\" data-end=\"1797\">Su geometr\u00eda agresiva y avanzada rigidez estructural la convierten en una m\u00e1quina ideal para corredores y ciclistas orientados a rendimiento competitivo.<\/p>\n<h3 data-start=\"1799\" data-end=\"1837\">\ud83d\udd27 <strong data-start=\"1806\" data-end=\"1837\">Caracter\u00edsticas principales<\/strong><\/h3>\n<ul data-start=\"1838\" data-end=\"2172\">\n<li data-start=\"1838\" data-end=\"1876\">\n<p data-start=\"1840\" data-end=\"1876\"><strong data-start=\"1840\" data-end=\"1851\">Modelo:<\/strong> Orbea Orca Aero M30i LTD<\/p>\n<\/li>\n<li data-start=\"1877\" data-end=\"1907\">\n<p data-start=\"1879\" data-end=\"1907\"><strong data-start=\"1879\" data-end=\"1890\">Cuadro:<\/strong> Full Carbon Aero<\/p>\n<\/li>\n<li data-start=\"1908\" data-end=\"1962\">\n<p data-start=\"1910\" data-end=\"1962\"><strong data-start=\"1910\" data-end=\"1926\">Transmisi\u00f3n:<\/strong> Shimano <strong data-start=\"1935\" data-end=\"1962\">105 Di2 electr\u00f3nico 12v<\/strong><\/p>\n<\/li>\n<li data-start=\"1963\" data-end=\"1993\">\n<p data-start=\"1965\" data-end=\"1993\"><strong data-start=\"1965\" data-end=\"1976\">Frenos:<\/strong> Disco hidr\u00e1ulico<\/p>\n<\/li>\n<li data-start=\"1994\" data-end=\"2012\">\n<p data-start=\"1996\" data-end=\"2012\"><strong data-start=\"1996\" data-end=\"2007\">Ruedas:<\/strong> 700c<\/p>\n<\/li>\n<li data-start=\"2013\" data-end=\"2089\">\n<p data-start=\"2015\" data-end=\"2089\"><strong data-start=\"2015\" data-end=\"2027\">Enfoque:<\/strong> Competencia, sprint, criterium, triatl\u00f3n y velocidad en llano<\/p>\n<\/li>\n<li data-start=\"2090\" data-end=\"2172\">\n<p data-start=\"2092\" data-end=\"2172\"><strong data-start=\"2092\" data-end=\"2105\">Ventajas:<\/strong> Aerodin\u00e1mica optimizada, precisi\u00f3n electr\u00f3nica y m\u00e1xima eficiencia<\/p>\n<\/li>\n<\/ul>\n<p data-start=\"2174\" data-end=\"2283\">Una bicicleta creada para quienes buscan dominar la velocidad con tecnolog\u00eda de alto nivel y dise\u00f1o agresivo.<\/p>\n","protected":false},"excerpt":{"rendered":"<p data-start=\"754\" data-end=\"988\"><strong><img decoding=\"async\" class=\"sFlh5c FyHeAf iPVvYb\" src=\"https:\/\/upload.wikimedia.org\/wikipedia\/commons\/thumb\/9\/99\/Orbea_logo.svg\/2560px-Orbea_logo.svg.png\" alt=\"Archivo:Orbea logo.svg - Wikipedia, la enciclopedia libre\" width=\"101\" height=\"11\" \/>La Orbea Orca Aero M30i LTD es una bicicleta de ruta aerodin\u00e1mica de alto rendimiento, equipada con Shimano 105 Di2 electr\u00f3nico 12v y frenos de disco hidr\u00e1ulicos. Dise\u00f1ada para m\u00e1xima velocidad y eficiencia en competici\u00f3n.<\/strong><\/p>\n","protected":false},"featured_media":23003,"comment_status":"open","ping_status":"closed","template":"","meta":[],"product_cat":[204,195,298,299],"product_tag":[863,1542,828,1559,826],"class_list":{"0":"post-22999","1":"product","2":"type-product","3":"status-publish","4":"has-post-thumbnail","6":"product_brand-orbea","7":"product_cat-bicicleta-ruta","8":"product_cat-bicicletas","9":"product_cat-orbea-bicicleta-ruta","10":"product_cat-orca","11":"product_tag-aero","12":"product_tag-m30i","13":"product_tag-orca","14":"product_tag-orca-aero-m30iltd","15":"product_tag-ruta","17":"first","18":"instock","19":"taxable","20":"shipping-taxable","21":"purchasable","22":"product-type-variable","23":"rtwpvg-product"},"yoast_head":"<!-- This site is optimized with the Yoast SEO Premium plugin v24.8 (Yoast SEO v25.6) - https:\/\/yoast.com\/wordpress\/plugins\/seo\/ -->\n<title>Orbea Orca Aero M30i LTD \u2013 Aerodin\u00e1mica Carbono Ruta<\/title>\n<meta name=\"description\" content=\"Orbea Orca Aero M30i LTD en carbono, dise\u00f1o aerodin\u00e1mico y transmisi\u00f3n electr\u00f3nica Shimano 105 Di2 con frenos de disco hidr\u00e1ulicos. Bicicleta de ruta de alto rendimiento ideal para velocidad, triatl\u00f3n y competencia.\" \/>\n<meta name=\"robots\" content=\"index, follow, max-snippet:-1, max-image-preview:large, max-video-preview:-1\" \/>\n<link rel=\"canonical\" href=\"https:\/\/naturalbikes.cl\/?product=orca-aero-m30iltd\" \/>\n<meta property=\"og:locale\" content=\"es_ES\" \/>\n<meta property=\"og:type\" content=\"article\" \/>\n<meta property=\"og:title\" content=\"Bicicleta ORCA AERO M30iLTD\" \/>\n<meta property=\"og:description\" content=\"Ofrecer a nuestros clientes apasionados por el ciclismo de monta\u00f1a la mejor experiencia en productos, conocimientos especializados y servicios excepcionales. Nos comprometemos a proporcionar una amplia gama de bicicletas, accesorios y equipo de alta calidad, junto con asesoramiento experto y atenci\u00f3n personalizada para cada ciclista, para que puedan explorar, disfrutar y maximizar su aventura en el mundo del MTB\" \/>\n<meta property=\"og:url\" content=\"https:\/\/naturalbikes.cl\/?product=orca-aero-m30iltd\" \/>\n<meta property=\"og:site_name\" content=\"NaturalBikes\" \/>\n<meta property=\"article:publisher\" content=\"https:\/\/www.facebook.com\/naturalbikescl\" \/>\n<meta property=\"article:modified_time\" content=\"2026-01-06T20:12:40+00:00\" \/>\n<meta property=\"og:image\" content=\"https:\/\/naturalbikes.cl\/wp-content\/uploads\/2025\/11\/T120TTCC-AP-SIDE-ORCA_AERO_M30iLTD_over.jpg\" \/>\n\t<meta property=\"og:image:width\" content=\"2000\" \/>\n\t<meta property=\"og:image:height\" content=\"1728\" \/>\n\t<meta property=\"og:image:type\" content=\"image\/jpeg\" \/>\n<meta name=\"twitter:card\" content=\"summary_large_image\" \/>\n<meta name=\"twitter:label1\" content=\"Tiempo de lectura\" \/>\n\t<meta name=\"twitter:data1\" content=\"1 minuto\" \/>\n<script type=\"application\/ld+json\" class=\"yoast-schema-graph\">{\"@context\":\"https:\/\/schema.org\",\"@graph\":[{\"@type\":\"WebPage\",\"@id\":\"https:\/\/naturalbikes.cl\/?product=orca-aero-m30iltd\",\"url\":\"https:\/\/naturalbikes.cl\/?product=orca-aero-m30iltd\",\"name\":\"Orbea Orca Aero M30i LTD \u2013 Aerodin\u00e1mica Carbono Ruta\",\"isPartOf\":{\"@id\":\"https:\/\/naturalbikes.cl\/#website\"},\"primaryImageOfPage\":{\"@id\":\"https:\/\/naturalbikes.cl\/?product=orca-aero-m30iltd#primaryimage\"},\"image\":{\"@id\":\"https:\/\/naturalbikes.cl\/?product=orca-aero-m30iltd#primaryimage\"},\"thumbnailUrl\":\"https:\/\/naturalbikes.cl\/wp-content\/uploads\/2025\/11\/T120TTCC-AP-SIDE-ORCA_AERO_M30iLTD_over.jpg\",\"datePublished\":\"2025-11-18T16:18:45+00:00\",\"dateModified\":\"2026-01-06T20:12:40+00:00\",\"description\":\"Orbea Orca Aero M30i LTD en carbono, dise\u00f1o aerodin\u00e1mico y transmisi\u00f3n electr\u00f3nica Shimano 105 Di2 con frenos de disco hidr\u00e1ulicos. Bicicleta de ruta de alto rendimiento ideal para velocidad, triatl\u00f3n y competencia.\",\"breadcrumb\":{\"@id\":\"https:\/\/naturalbikes.cl\/?product=orca-aero-m30iltd#breadcrumb\"},\"inLanguage\":\"es\",\"potentialAction\":[{\"@type\":\"ReadAction\",\"target\":[\"https:\/\/naturalbikes.cl\/?product=orca-aero-m30iltd\"]}]},{\"@type\":\"ImageObject\",\"inLanguage\":\"es\",\"@id\":\"https:\/\/naturalbikes.cl\/?product=orca-aero-m30iltd#primaryimage\",\"url\":\"https:\/\/naturalbikes.cl\/wp-content\/uploads\/2025\/11\/T120TTCC-AP-SIDE-ORCA_AERO_M30iLTD_over.jpg\",\"contentUrl\":\"https:\/\/naturalbikes.cl\/wp-content\/uploads\/2025\/11\/T120TTCC-AP-SIDE-ORCA_AERO_M30iLTD_over.jpg\",\"width\":2000,\"height\":1728},{\"@type\":\"BreadcrumbList\",\"@id\":\"https:\/\/naturalbikes.cl\/?product=orca-aero-m30iltd#breadcrumb\",\"itemListElement\":[{\"@type\":\"ListItem\",\"position\":1,\"name\":\"Portada\",\"item\":\"https:\/\/naturalbikes.cl\/\"},{\"@type\":\"ListItem\",\"position\":2,\"name\":\"Tienda NB\",\"item\":\"https:\/\/naturalbikes.cl\/?page_id=7843\"},{\"@type\":\"ListItem\",\"position\":3,\"name\":\"Orbea\",\"item\":\"https:\/\/naturalbikes.cl\/?product_brand=orbea\"},{\"@type\":\"ListItem\",\"position\":4,\"name\":\"Bicicleta ORCA AERO M30iLTD\"}]},{\"@type\":\"WebSite\",\"@id\":\"https:\/\/naturalbikes.cl\/#website\",\"url\":\"https:\/\/naturalbikes.cl\/\",\"name\":\"Natural Bikes\",\"description\":\"Tienda de bicicletas repuestos accesorios taller mantenimiento clases salidas\",\"publisher\":{\"@id\":\"https:\/\/naturalbikes.cl\/#organization\"},\"alternateName\":\"Natural Bikes\",\"potentialAction\":[{\"@type\":\"SearchAction\",\"target\":{\"@type\":\"EntryPoint\",\"urlTemplate\":\"https:\/\/naturalbikes.cl\/?s={search_term_string}\"},\"query-input\":{\"@type\":\"PropertyValueSpecification\",\"valueRequired\":true,\"valueName\":\"search_term_string\"}}],\"inLanguage\":\"es\"},{\"@type\":\"Organization\",\"@id\":\"https:\/\/naturalbikes.cl\/#organization\",\"name\":\"Natural Bikes\",\"alternateName\":\"Natural Bikes\",\"url\":\"https:\/\/naturalbikes.cl\/\",\"logo\":{\"@type\":\"ImageObject\",\"inLanguage\":\"es\",\"@id\":\"https:\/\/naturalbikes.cl\/#\/schema\/logo\/image\/\",\"url\":\"https:\/\/naturalbikes.cl\/wp-content\/uploads\/2024\/05\/2023-10-10-10.44.12.jpg\",\"contentUrl\":\"https:\/\/naturalbikes.cl\/wp-content\/uploads\/2024\/05\/2023-10-10-10.44.12.jpg\",\"width\":650,\"height\":650,\"caption\":\"Natural Bikes\"},\"image\":{\"@id\":\"https:\/\/naturalbikes.cl\/#\/schema\/logo\/image\/\"},\"sameAs\":[\"https:\/\/www.facebook.com\/naturalbikescl\",\"https:\/\/www.instagram.com\/natural.bikes\",\"https:\/\/www.tiktok.com\/@natural.bikes\"],\"description\":\"Ofrecer a nuestros clientes apasionados por el ciclismo de monta\u00f1a la mejor experiencia en productos, conocimientos especializados y servicios excepcionales. Nos comprometemos a proporcionar una amplia gama de bicicletas, accesorios y equipo de alta calidad, junto con asesoramiento experto y atenci\u00f3n personalizada para cada ciclista, para que puedan explorar, disfrutar y maximizar su aventura en el mundo del MTB\",\"email\":\"naturalbikes1@gmail.com\",\"telephone\":\"56977043878\",\"legalName\":\"Natural Bikes Limitada\",\"foundingDate\":\"2024-01-01\",\"vatID\":\"76699553-5\",\"taxID\":\"76699553-5\",\"numberOfEmployees\":{\"@type\":\"QuantitativeValue\",\"minValue\":\"1\",\"maxValue\":\"10\"},\"publishingPrinciples\":\"https:\/\/naturalbikes.cl\/?page_id=7843\",\"ownershipFundingInfo\":\"https:\/\/naturalbikes.cl\/?page_id=7843\",\"actionableFeedbackPolicy\":\"https:\/\/naturalbikes.cl\/?page_id=14797\",\"correctionsPolicy\":\"https:\/\/naturalbikes.cl\/?page_id=3\",\"ethicsPolicy\":\"https:\/\/naturalbikes.cl\/?page_id=7843\",\"diversityPolicy\":\"https:\/\/naturalbikes.cl\/?page_id=11734\",\"diversityStaffingReport\":\"https:\/\/naturalbikes.cl\/?page_id=12161\"}]}<\/script>\n<!-- \/ Yoast SEO Premium plugin. -->","yoast_head_json":{"title":"Orbea Orca Aero M30i LTD \u2013 Aerodin\u00e1mica Carbono Ruta","description":"Orbea Orca Aero M30i LTD en carbono, dise\u00f1o aerodin\u00e1mico y transmisi\u00f3n electr\u00f3nica Shimano 105 Di2 con frenos de disco hidr\u00e1ulicos. Bicicleta de ruta de alto rendimiento ideal para velocidad, triatl\u00f3n y competencia.","robots":{"index":"index","follow":"follow","max-snippet":"max-snippet:-1","max-image-preview":"max-image-preview:large","max-video-preview":"max-video-preview:-1"},"canonical":"https:\/\/naturalbikes.cl\/?product=orca-aero-m30iltd","og_locale":"es_ES","og_type":"article","og_title":"Bicicleta ORCA AERO M30iLTD","og_description":"Ofrecer a nuestros clientes apasionados por el ciclismo de monta\u00f1a la mejor experiencia en productos, conocimientos especializados y servicios excepcionales. Nos comprometemos a proporcionar una amplia gama de bicicletas, accesorios y equipo de alta calidad, junto con asesoramiento experto y atenci\u00f3n personalizada para cada ciclista, para que puedan explorar, disfrutar y maximizar su aventura en el mundo del MTB","og_url":"https:\/\/naturalbikes.cl\/?product=orca-aero-m30iltd","og_site_name":"NaturalBikes","article_publisher":"https:\/\/www.facebook.com\/naturalbikescl","article_modified_time":"2026-01-06T20:12:40+00:00","og_image":[{"width":2000,"height":1728,"url":"https:\/\/naturalbikes.cl\/wp-content\/uploads\/2025\/11\/T120TTCC-AP-SIDE-ORCA_AERO_M30iLTD_over.jpg","type":"image\/jpeg"}],"twitter_card":"summary_large_image","twitter_misc":{"Tiempo de lectura":"1 minuto"},"schema":{"@context":"https:\/\/schema.org","@graph":[{"@type":"WebPage","@id":"https:\/\/naturalbikes.cl\/?product=orca-aero-m30iltd","url":"https:\/\/naturalbikes.cl\/?product=orca-aero-m30iltd","name":"Orbea Orca Aero M30i LTD \u2013 Aerodin\u00e1mica Carbono Ruta","isPartOf":{"@id":"https:\/\/naturalbikes.cl\/#website"},"primaryImageOfPage":{"@id":"https:\/\/naturalbikes.cl\/?product=orca-aero-m30iltd#primaryimage"},"image":{"@id":"https:\/\/naturalbikes.cl\/?product=orca-aero-m30iltd#primaryimage"},"thumbnailUrl":"https:\/\/naturalbikes.cl\/wp-content\/uploads\/2025\/11\/T120TTCC-AP-SIDE-ORCA_AERO_M30iLTD_over.jpg","datePublished":"2025-11-18T16:18:45+00:00","dateModified":"2026-01-06T20:12:40+00:00","description":"Orbea Orca Aero M30i LTD en carbono, dise\u00f1o aerodin\u00e1mico y transmisi\u00f3n electr\u00f3nica Shimano 105 Di2 con frenos de disco hidr\u00e1ulicos. Bicicleta de ruta de alto rendimiento ideal para velocidad, triatl\u00f3n y competencia.","breadcrumb":{"@id":"https:\/\/naturalbikes.cl\/?product=orca-aero-m30iltd#breadcrumb"},"inLanguage":"es","potentialAction":[{"@type":"ReadAction","target":["https:\/\/naturalbikes.cl\/?product=orca-aero-m30iltd"]}]},{"@type":"ImageObject","inLanguage":"es","@id":"https:\/\/naturalbikes.cl\/?product=orca-aero-m30iltd#primaryimage","url":"https:\/\/naturalbikes.cl\/wp-content\/uploads\/2025\/11\/T120TTCC-AP-SIDE-ORCA_AERO_M30iLTD_over.jpg","contentUrl":"https:\/\/naturalbikes.cl\/wp-content\/uploads\/2025\/11\/T120TTCC-AP-SIDE-ORCA_AERO_M30iLTD_over.jpg","width":2000,"height":1728},{"@type":"BreadcrumbList","@id":"https:\/\/naturalbikes.cl\/?product=orca-aero-m30iltd#breadcrumb","itemListElement":[{"@type":"ListItem","position":1,"name":"Portada","item":"https:\/\/naturalbikes.cl\/"},{"@type":"ListItem","position":2,"name":"Tienda NB","item":"https:\/\/naturalbikes.cl\/?page_id=7843"},{"@type":"ListItem","position":3,"name":"Orbea","item":"https:\/\/naturalbikes.cl\/?product_brand=orbea"},{"@type":"ListItem","position":4,"name":"Bicicleta ORCA AERO M30iLTD"}]},{"@type":"WebSite","@id":"https:\/\/naturalbikes.cl\/#website","url":"https:\/\/naturalbikes.cl\/","name":"Natural Bikes","description":"Tienda de bicicletas repuestos accesorios taller mantenimiento clases salidas","publisher":{"@id":"https:\/\/naturalbikes.cl\/#organization"},"alternateName":"Natural Bikes","potentialAction":[{"@type":"SearchAction","target":{"@type":"EntryPoint","urlTemplate":"https:\/\/naturalbikes.cl\/?s={search_term_string}"},"query-input":{"@type":"PropertyValueSpecification","valueRequired":true,"valueName":"search_term_string"}}],"inLanguage":"es"},{"@type":"Organization","@id":"https:\/\/naturalbikes.cl\/#organization","name":"Natural Bikes","alternateName":"Natural Bikes","url":"https:\/\/naturalbikes.cl\/","logo":{"@type":"ImageObject","inLanguage":"es","@id":"https:\/\/naturalbikes.cl\/#\/schema\/logo\/image\/","url":"https:\/\/naturalbikes.cl\/wp-content\/uploads\/2024\/05\/2023-10-10-10.44.12.jpg","contentUrl":"https:\/\/naturalbikes.cl\/wp-content\/uploads\/2024\/05\/2023-10-10-10.44.12.jpg","width":650,"height":650,"caption":"Natural Bikes"},"image":{"@id":"https:\/\/naturalbikes.cl\/#\/schema\/logo\/image\/"},"sameAs":["https:\/\/www.facebook.com\/naturalbikescl","https:\/\/www.instagram.com\/natural.bikes","https:\/\/www.tiktok.com\/@natural.bikes"],"description":"Ofrecer a nuestros clientes apasionados por el ciclismo de monta\u00f1a la mejor experiencia en productos, conocimientos especializados y servicios excepcionales. Nos comprometemos a proporcionar una amplia gama de bicicletas, accesorios y equipo de alta calidad, junto con asesoramiento experto y atenci\u00f3n personalizada para cada ciclista, para que puedan explorar, disfrutar y maximizar su aventura en el mundo del MTB","email":"naturalbikes1@gmail.com","telephone":"56977043878","legalName":"Natural Bikes Limitada","foundingDate":"2024-01-01","vatID":"76699553-5","taxID":"76699553-5","numberOfEmployees":{"@type":"QuantitativeValue","minValue":"1","maxValue":"10"},"publishingPrinciples":"https:\/\/naturalbikes.cl\/?page_id=7843","ownershipFundingInfo":"https:\/\/naturalbikes.cl\/?page_id=7843","actionableFeedbackPolicy":"https:\/\/naturalbikes.cl\/?page_id=14797","correctionsPolicy":"https:\/\/naturalbikes.cl\/?page_id=3","ethicsPolicy":"https:\/\/naturalbikes.cl\/?page_id=7843","diversityPolicy":"https:\/\/naturalbikes.cl\/?page_id=11734","diversityStaffingReport":"https:\/\/naturalbikes.cl\/?page_id=12161"}]}},"_links":{"self":[{"href":"https:\/\/naturalbikes.cl\/index.php?rest_route=\/wp\/v2\/product\/22999"}],"collection":[{"href":"https:\/\/naturalbikes.cl\/index.php?rest_route=\/wp\/v2\/product"}],"about":[{"href":"https:\/\/naturalbikes.cl\/index.php?rest_route=\/wp\/v2\/types\/product"}],"replies":[{"embeddable":true,"href":"https:\/\/naturalbikes.cl\/index.php?rest_route=%2Fwp%2Fv2%2Fcomments&post=22999"}],"wp:featuredmedia":[{"embeddable":true,"href":"https:\/\/naturalbikes.cl\/index.php?rest_route=\/wp\/v2\/media\/23003"}],"wp:attachment":[{"href":"https:\/\/naturalbikes.cl\/index.php?rest_route=%2Fwp%2Fv2%2Fmedia&parent=22999"}],"wp:term":[{"taxonomy":"product_cat","embeddable":true,"href":"https:\/\/naturalbikes.cl\/index.php?rest_route=%2Fwp%2Fv2%2Fproduct_cat&post=22999"},{"taxonomy":"product_tag","embeddable":true,"href":"https:\/\/naturalbikes.cl\/index.php?rest_route=%2Fwp%2Fv2%2Fproduct_tag&post=22999"}],"curies":[{"name":"wp","href":"https:\/\/api.w.org\/{rel}","templated":true}]}}