{"id":22394,"date":"2025-08-10T16:58:17","date_gmt":"2025-08-10T20:58:17","guid":{"rendered":"https:\/\/naturalbikes.cl\/?post_type=product&#038;p=22394"},"modified":"2026-01-06T17:12:49","modified_gmt":"2026-01-06T20:12:49","slug":"bicicleta-ruta-cube-agree-c62-one","status":"publish","type":"product","link":"https:\/\/naturalbikes.cl\/?product=bicicleta-ruta-cube-agree-c62-one","title":{"rendered":"Bicicleta Ruta Cube Agree C:62 ONE"},"content":{"rendered":"<div class=\"card__header\">\n<h2 class=\"card__title heading h3\"><\/h2>\n<\/div>\n<div class=\"card__section \">\n<div class=\"rte text--pull\">\n<p><img decoding=\"async\" class=\"aligncenter\" src=\"https:\/\/cdn.shopify.com\/s\/files\/1\/0084\/1151\/2896\/files\/CUBELogo-schwarz_RGB_480x480.svg?v=1690469291\" alt=\"\" width=\"222\" height=\"55\" \/><\/p>\n<h2>AGREE C:62 ONE<\/h2>\n<p>A partir de una cierta velocidad, la mayor barrera para ir m\u00e1s r\u00e1pido no eres t\u00fa. Es tu bici. Por eso, con la Agree C:62, nos hemos inspirado en nuestras elegantes bicicletas de alta gama para competici\u00f3n en carretera y contrarreloj para crear un cuadro que sea tan deslizante en el aire como agradable a la vista. Sin embargo, una gran todoterreno tambi\u00e9n es ligera y c\u00f3moda, por lo que hemos perfeccionado la capa de carbono y utilizado tirantes delgados y un cuidadoso perfilado de tubos. La colocaci\u00f3n interna de alto nivel de los cables reduce tanto las turbulencias como la necesidad de mantenimiento. Y el estuche opcional te permite llevar comida, herramientas o una prenda de abrigo para que puedas seguir sobre la bici durante m\u00e1s tiempo.<\/p>\n<h3><\/h3>\n<h3>ESPECIFICACIONES<\/h3>\n<div class=\"section\"><\/div>\n<div class=\"section\">\n<div class=\"table-row row no-gutters\">\n<div class=\"col-5 col-md-3 col-lg-2\">\n<p><strong>CUADRO<\/strong><br \/>\nC:62\u00ae Advanced Twin Mold Technology, Full Internal Cable Routing, Integrated Seat Post Clamp, Flat Mount Disc, Storage Box Option, AXH, 12x142mm<\/p>\n<p><strong>HORQUILLA<\/strong><br \/>\nCUBE CSL Evo Aero C:62\u00ae Technology, 1 1\/8&#8243; &#8211; 1 1\/4&#8243; Tapered, Flat Mount, 12x100mm<\/p>\n<p><strong>JUEGO DE FRENOS \u00a0 \u00a0<\/strong><br \/>\nShimano 105 BR-R7170, Hydr. Disc Brake, Flat Mount (160\/160)<\/p>\n<p><strong>CAMBIO TRASERO \u00a0 \u00a0<\/strong><br \/>\nShimano 105 Di2 RD-R7150-DGS, 12-Speed, Electronic Shifting System<\/p>\n<p><strong>MANDOS<\/strong><br \/>\nShimano 105 Di2 ST-R7170<\/p>\n<p><strong>BIELAS<\/strong><br \/>\nShimano 105 FC-R7100, Hollowtech II, 50x34T<\/p>\n<p><strong>PI\u00d1\u00d3N<\/strong><br \/>\nShimano CS-R7101, 11-34T<\/p>\n<p><strong>CADENA<\/strong><br \/>\nShimano CN-M7100<\/p>\n<p><strong>RUEDAS<\/strong><br \/>\nNewmen Evolution SL R.35, 21\/21 Spokes, 12x100mm\/12x142mm, Tubeless Ready<\/p>\n<p><strong>NEUM\u00c1TICOS \u00a0 \u00a0<\/strong><br \/>\nConti Grand Prix, Kevlar, 28-622<\/p>\n<p><strong>POTENCIA \u00a0 \u00a0<\/strong><br \/>\nCUBE Aero Stem w\/ Cable Routing<\/p>\n<p><strong>MANILLAR<\/strong><br \/>\nNewmen Evolution Wing Bar<\/p>\n<p><strong>CINTA DE MANILLAR \u00a0 \u00a0<\/strong><br \/>\nACID Bartape RC 3.0<\/p>\n<p><strong>TIJA<\/strong><br \/>\nAgree C:62 Aero, Comfort Flex<\/p>\n<p><strong>SILL\u00cdN<\/strong><br \/>\nACID Nuance Pro<\/p>\n<p><strong>DIRECCI\u00d3N<\/strong><br \/>\nNewmen Evolution SL R.35, 21\/21 Spokes, 12x100mm\/12x142mm, Tubeless Ready<\/p>\n<p><strong>PESO<\/strong><br \/>\n8.9 Kg<\/p>\n<\/div>\n<\/div>\n<\/div>\n<\/div>\n<\/div>\n","protected":false},"excerpt":{"rendered":"<p><a href=\"https:\/\/naturalbikes.cl\/wp-content\/uploads\/2024\/09\/CUBELogo-schwarz_RGB_480x480.svg\"><img fetchpriority=\"high\" decoding=\"async\" class=\"size-full wp-image-21143 alignleft\" src=\"https:\/\/naturalbikes.cl\/wp-content\/uploads\/2024\/09\/CUBELogo-schwarz_RGB_480x480.svg\" alt=\"\" width=\"476\" height=\"117\" \/><\/a><\/p>\n<p><strong>Potencia tu velocidad con la Cube Agree C:62 ONE. Esta bicicleta de ruta aero combina un cuadro de carbono ligero y aerodin\u00e1mico con un rendimiento excepcional, ideal para ciclistas que buscan un rendimiento superior tanto en ascensos como en tramos llanos.<\/strong><\/p>\n","protected":false},"featured_media":22402,"comment_status":"open","ping_status":"closed","template":"","meta":[],"product_cat":[204,195,890],"product_tag":[1210,1385,827,1387],"class_list":{"0":"post-22394","1":"product","2":"type-product","3":"status-publish","4":"has-post-thumbnail","6":"product_brand-cube","7":"product_cat-bicicleta-ruta","8":"product_cat-bicicletas","9":"product_cat-cube-bicicleta-ruta","10":"product_tag-bicicleta-carbono","11":"product_tag-bicicleta-cube","12":"product_tag-bicicleta-ruta","13":"product_tag-cube-agree-c62-race","15":"first","16":"outofstock","17":"taxable","18":"shipping-taxable","19":"purchasable","20":"product-type-variable","21":"rtwpvg-product"},"yoast_head":"<!-- This site is optimized with the Yoast SEO Premium plugin v24.8 (Yoast SEO v25.6) - https:\/\/yoast.com\/wordpress\/plugins\/seo\/ -->\n<title>Cube Agree C:62 ONE: Bicicleta de ruta aero, rendimiento y velocidad<\/title>\n<meta name=\"description\" content=\"Potencia tu velocidad con la Cube Agree C:62 ONE. Esta bicicleta de ruta aero combina un cuadro de carbono ligero y aerodin\u00e1mico con un rendimiento excepcional, ideal para ciclistas que buscan un rendimiento superior tanto en ascensos como en tramos llanos.\" \/>\n<meta name=\"robots\" content=\"index, follow, max-snippet:-1, max-image-preview:large, max-video-preview:-1\" \/>\n<link rel=\"canonical\" href=\"https:\/\/naturalbikes.cl\/?product=bicicleta-ruta-cube-agree-c62-one\" \/>\n<meta property=\"og:locale\" content=\"es_ES\" \/>\n<meta property=\"og:type\" content=\"article\" \/>\n<meta property=\"og:title\" content=\"Bicicleta Ruta Cube Agree C:62 ONE\" \/>\n<meta property=\"og:description\" content=\"Ofrecer a nuestros clientes apasionados por el ciclismo de monta\u00f1a la mejor experiencia en productos, conocimientos especializados y servicios excepcionales. Nos comprometemos a proporcionar una amplia gama de bicicletas, accesorios y equipo de alta calidad, junto con asesoramiento experto y atenci\u00f3n personalizada para cada ciclista, para que puedan explorar, disfrutar y maximizar su aventura en el mundo del MTB\" \/>\n<meta property=\"og:url\" content=\"https:\/\/naturalbikes.cl\/?product=bicicleta-ruta-cube-agree-c62-one\" \/>\n<meta property=\"og:site_name\" content=\"NaturalBikes\" \/>\n<meta property=\"article:publisher\" content=\"https:\/\/www.facebook.com\/naturalbikescl\" \/>\n<meta property=\"article:modified_time\" content=\"2026-01-06T20:12:49+00:00\" \/>\n<meta property=\"og:image\" content=\"https:\/\/naturalbikes.cl\/wp-content\/uploads\/2025\/08\/826100_1_900x_04924811-08fa-4bd9-83cd-cd488cf1c473.webp.jpeg\" \/>\n\t<meta property=\"og:image:width\" content=\"900\" \/>\n\t<meta property=\"og:image:height\" content=\"900\" \/>\n\t<meta property=\"og:image:type\" content=\"image\/jpeg\" \/>\n<meta name=\"twitter:card\" content=\"summary_large_image\" \/>\n<meta name=\"twitter:label1\" content=\"Tiempo de lectura\" \/>\n\t<meta name=\"twitter:data1\" content=\"2 minutos\" \/>\n<script type=\"application\/ld+json\" class=\"yoast-schema-graph\">{\"@context\":\"https:\/\/schema.org\",\"@graph\":[{\"@type\":\"WebPage\",\"@id\":\"https:\/\/naturalbikes.cl\/?product=bicicleta-ruta-cube-agree-c62-one\",\"url\":\"https:\/\/naturalbikes.cl\/?product=bicicleta-ruta-cube-agree-c62-one\",\"name\":\"Cube Agree C:62 ONE: Bicicleta de ruta aero, rendimiento y velocidad\",\"isPartOf\":{\"@id\":\"https:\/\/naturalbikes.cl\/#website\"},\"primaryImageOfPage\":{\"@id\":\"https:\/\/naturalbikes.cl\/?product=bicicleta-ruta-cube-agree-c62-one#primaryimage\"},\"image\":{\"@id\":\"https:\/\/naturalbikes.cl\/?product=bicicleta-ruta-cube-agree-c62-one#primaryimage\"},\"thumbnailUrl\":\"https:\/\/naturalbikes.cl\/wp-content\/uploads\/2025\/08\/826100_1_900x_04924811-08fa-4bd9-83cd-cd488cf1c473.webp.jpeg\",\"datePublished\":\"2025-08-10T20:58:17+00:00\",\"dateModified\":\"2026-01-06T20:12:49+00:00\",\"description\":\"Potencia tu velocidad con la Cube Agree C:62 ONE. Esta bicicleta de ruta aero combina un cuadro de carbono ligero y aerodin\u00e1mico con un rendimiento excepcional, ideal para ciclistas que buscan un rendimiento superior tanto en ascensos como en tramos llanos.\",\"breadcrumb\":{\"@id\":\"https:\/\/naturalbikes.cl\/?product=bicicleta-ruta-cube-agree-c62-one#breadcrumb\"},\"inLanguage\":\"es\",\"potentialAction\":[{\"@type\":\"ReadAction\",\"target\":[\"https:\/\/naturalbikes.cl\/?product=bicicleta-ruta-cube-agree-c62-one\"]}]},{\"@type\":\"ImageObject\",\"inLanguage\":\"es\",\"@id\":\"https:\/\/naturalbikes.cl\/?product=bicicleta-ruta-cube-agree-c62-one#primaryimage\",\"url\":\"https:\/\/naturalbikes.cl\/wp-content\/uploads\/2025\/08\/826100_1_900x_04924811-08fa-4bd9-83cd-cd488cf1c473.webp.jpeg\",\"contentUrl\":\"https:\/\/naturalbikes.cl\/wp-content\/uploads\/2025\/08\/826100_1_900x_04924811-08fa-4bd9-83cd-cd488cf1c473.webp.jpeg\",\"width\":900,\"height\":900},{\"@type\":\"BreadcrumbList\",\"@id\":\"https:\/\/naturalbikes.cl\/?product=bicicleta-ruta-cube-agree-c62-one#breadcrumb\",\"itemListElement\":[{\"@type\":\"ListItem\",\"position\":1,\"name\":\"Portada\",\"item\":\"https:\/\/naturalbikes.cl\/\"},{\"@type\":\"ListItem\",\"position\":2,\"name\":\"Tienda NB\",\"item\":\"https:\/\/naturalbikes.cl\/?page_id=7843\"},{\"@type\":\"ListItem\",\"position\":3,\"name\":\"Cube\",\"item\":\"https:\/\/naturalbikes.cl\/?product_brand=cube\"},{\"@type\":\"ListItem\",\"position\":4,\"name\":\"Bicicleta Ruta Cube Agree C:62 ONE\"}]},{\"@type\":\"WebSite\",\"@id\":\"https:\/\/naturalbikes.cl\/#website\",\"url\":\"https:\/\/naturalbikes.cl\/\",\"name\":\"Natural Bikes\",\"description\":\"Tienda de bicicletas repuestos accesorios taller mantenimiento clases salidas\",\"publisher\":{\"@id\":\"https:\/\/naturalbikes.cl\/#organization\"},\"alternateName\":\"Natural Bikes\",\"potentialAction\":[{\"@type\":\"SearchAction\",\"target\":{\"@type\":\"EntryPoint\",\"urlTemplate\":\"https:\/\/naturalbikes.cl\/?s={search_term_string}\"},\"query-input\":{\"@type\":\"PropertyValueSpecification\",\"valueRequired\":true,\"valueName\":\"search_term_string\"}}],\"inLanguage\":\"es\"},{\"@type\":\"Organization\",\"@id\":\"https:\/\/naturalbikes.cl\/#organization\",\"name\":\"Natural Bikes\",\"alternateName\":\"Natural Bikes\",\"url\":\"https:\/\/naturalbikes.cl\/\",\"logo\":{\"@type\":\"ImageObject\",\"inLanguage\":\"es\",\"@id\":\"https:\/\/naturalbikes.cl\/#\/schema\/logo\/image\/\",\"url\":\"https:\/\/naturalbikes.cl\/wp-content\/uploads\/2024\/05\/2023-10-10-10.44.12.jpg\",\"contentUrl\":\"https:\/\/naturalbikes.cl\/wp-content\/uploads\/2024\/05\/2023-10-10-10.44.12.jpg\",\"width\":650,\"height\":650,\"caption\":\"Natural Bikes\"},\"image\":{\"@id\":\"https:\/\/naturalbikes.cl\/#\/schema\/logo\/image\/\"},\"sameAs\":[\"https:\/\/www.facebook.com\/naturalbikescl\",\"https:\/\/www.instagram.com\/natural.bikes\",\"https:\/\/www.tiktok.com\/@natural.bikes\"],\"description\":\"Ofrecer a nuestros clientes apasionados por el ciclismo de monta\u00f1a la mejor experiencia en productos, conocimientos especializados y servicios excepcionales. Nos comprometemos a proporcionar una amplia gama de bicicletas, accesorios y equipo de alta calidad, junto con asesoramiento experto y atenci\u00f3n personalizada para cada ciclista, para que puedan explorar, disfrutar y maximizar su aventura en el mundo del MTB\",\"email\":\"naturalbikes1@gmail.com\",\"telephone\":\"56977043878\",\"legalName\":\"Natural Bikes Limitada\",\"foundingDate\":\"2024-01-01\",\"vatID\":\"76699553-5\",\"taxID\":\"76699553-5\",\"numberOfEmployees\":{\"@type\":\"QuantitativeValue\",\"minValue\":\"1\",\"maxValue\":\"10\"},\"publishingPrinciples\":\"https:\/\/naturalbikes.cl\/?page_id=7843\",\"ownershipFundingInfo\":\"https:\/\/naturalbikes.cl\/?page_id=7843\",\"actionableFeedbackPolicy\":\"https:\/\/naturalbikes.cl\/?page_id=14797\",\"correctionsPolicy\":\"https:\/\/naturalbikes.cl\/?page_id=3\",\"ethicsPolicy\":\"https:\/\/naturalbikes.cl\/?page_id=7843\",\"diversityPolicy\":\"https:\/\/naturalbikes.cl\/?page_id=11734\",\"diversityStaffingReport\":\"https:\/\/naturalbikes.cl\/?page_id=12161\"}]}<\/script>\n<!-- \/ Yoast SEO Premium plugin. -->","yoast_head_json":{"title":"Cube Agree C:62 ONE: Bicicleta de ruta aero, rendimiento y velocidad","description":"Potencia tu velocidad con la Cube Agree C:62 ONE. Esta bicicleta de ruta aero combina un cuadro de carbono ligero y aerodin\u00e1mico con un rendimiento excepcional, ideal para ciclistas que buscan un rendimiento superior tanto en ascensos como en tramos llanos.","robots":{"index":"index","follow":"follow","max-snippet":"max-snippet:-1","max-image-preview":"max-image-preview:large","max-video-preview":"max-video-preview:-1"},"canonical":"https:\/\/naturalbikes.cl\/?product=bicicleta-ruta-cube-agree-c62-one","og_locale":"es_ES","og_type":"article","og_title":"Bicicleta Ruta Cube Agree C:62 ONE","og_description":"Ofrecer a nuestros clientes apasionados por el ciclismo de monta\u00f1a la mejor experiencia en productos, conocimientos especializados y servicios excepcionales. Nos comprometemos a proporcionar una amplia gama de bicicletas, accesorios y equipo de alta calidad, junto con asesoramiento experto y atenci\u00f3n personalizada para cada ciclista, para que puedan explorar, disfrutar y maximizar su aventura en el mundo del MTB","og_url":"https:\/\/naturalbikes.cl\/?product=bicicleta-ruta-cube-agree-c62-one","og_site_name":"NaturalBikes","article_publisher":"https:\/\/www.facebook.com\/naturalbikescl","article_modified_time":"2026-01-06T20:12:49+00:00","og_image":[{"width":900,"height":900,"url":"https:\/\/naturalbikes.cl\/wp-content\/uploads\/2025\/08\/826100_1_900x_04924811-08fa-4bd9-83cd-cd488cf1c473.webp.jpeg","type":"image\/jpeg"}],"twitter_card":"summary_large_image","twitter_misc":{"Tiempo de lectura":"2 minutos"},"schema":{"@context":"https:\/\/schema.org","@graph":[{"@type":"WebPage","@id":"https:\/\/naturalbikes.cl\/?product=bicicleta-ruta-cube-agree-c62-one","url":"https:\/\/naturalbikes.cl\/?product=bicicleta-ruta-cube-agree-c62-one","name":"Cube Agree C:62 ONE: Bicicleta de ruta aero, rendimiento y velocidad","isPartOf":{"@id":"https:\/\/naturalbikes.cl\/#website"},"primaryImageOfPage":{"@id":"https:\/\/naturalbikes.cl\/?product=bicicleta-ruta-cube-agree-c62-one#primaryimage"},"image":{"@id":"https:\/\/naturalbikes.cl\/?product=bicicleta-ruta-cube-agree-c62-one#primaryimage"},"thumbnailUrl":"https:\/\/naturalbikes.cl\/wp-content\/uploads\/2025\/08\/826100_1_900x_04924811-08fa-4bd9-83cd-cd488cf1c473.webp.jpeg","datePublished":"2025-08-10T20:58:17+00:00","dateModified":"2026-01-06T20:12:49+00:00","description":"Potencia tu velocidad con la Cube Agree C:62 ONE. Esta bicicleta de ruta aero combina un cuadro de carbono ligero y aerodin\u00e1mico con un rendimiento excepcional, ideal para ciclistas que buscan un rendimiento superior tanto en ascensos como en tramos llanos.","breadcrumb":{"@id":"https:\/\/naturalbikes.cl\/?product=bicicleta-ruta-cube-agree-c62-one#breadcrumb"},"inLanguage":"es","potentialAction":[{"@type":"ReadAction","target":["https:\/\/naturalbikes.cl\/?product=bicicleta-ruta-cube-agree-c62-one"]}]},{"@type":"ImageObject","inLanguage":"es","@id":"https:\/\/naturalbikes.cl\/?product=bicicleta-ruta-cube-agree-c62-one#primaryimage","url":"https:\/\/naturalbikes.cl\/wp-content\/uploads\/2025\/08\/826100_1_900x_04924811-08fa-4bd9-83cd-cd488cf1c473.webp.jpeg","contentUrl":"https:\/\/naturalbikes.cl\/wp-content\/uploads\/2025\/08\/826100_1_900x_04924811-08fa-4bd9-83cd-cd488cf1c473.webp.jpeg","width":900,"height":900},{"@type":"BreadcrumbList","@id":"https:\/\/naturalbikes.cl\/?product=bicicleta-ruta-cube-agree-c62-one#breadcrumb","itemListElement":[{"@type":"ListItem","position":1,"name":"Portada","item":"https:\/\/naturalbikes.cl\/"},{"@type":"ListItem","position":2,"name":"Tienda NB","item":"https:\/\/naturalbikes.cl\/?page_id=7843"},{"@type":"ListItem","position":3,"name":"Cube","item":"https:\/\/naturalbikes.cl\/?product_brand=cube"},{"@type":"ListItem","position":4,"name":"Bicicleta Ruta Cube Agree C:62 ONE"}]},{"@type":"WebSite","@id":"https:\/\/naturalbikes.cl\/#website","url":"https:\/\/naturalbikes.cl\/","name":"Natural Bikes","description":"Tienda de bicicletas repuestos accesorios taller mantenimiento clases salidas","publisher":{"@id":"https:\/\/naturalbikes.cl\/#organization"},"alternateName":"Natural Bikes","potentialAction":[{"@type":"SearchAction","target":{"@type":"EntryPoint","urlTemplate":"https:\/\/naturalbikes.cl\/?s={search_term_string}"},"query-input":{"@type":"PropertyValueSpecification","valueRequired":true,"valueName":"search_term_string"}}],"inLanguage":"es"},{"@type":"Organization","@id":"https:\/\/naturalbikes.cl\/#organization","name":"Natural Bikes","alternateName":"Natural Bikes","url":"https:\/\/naturalbikes.cl\/","logo":{"@type":"ImageObject","inLanguage":"es","@id":"https:\/\/naturalbikes.cl\/#\/schema\/logo\/image\/","url":"https:\/\/naturalbikes.cl\/wp-content\/uploads\/2024\/05\/2023-10-10-10.44.12.jpg","contentUrl":"https:\/\/naturalbikes.cl\/wp-content\/uploads\/2024\/05\/2023-10-10-10.44.12.jpg","width":650,"height":650,"caption":"Natural Bikes"},"image":{"@id":"https:\/\/naturalbikes.cl\/#\/schema\/logo\/image\/"},"sameAs":["https:\/\/www.facebook.com\/naturalbikescl","https:\/\/www.instagram.com\/natural.bikes","https:\/\/www.tiktok.com\/@natural.bikes"],"description":"Ofrecer a nuestros clientes apasionados por el ciclismo de monta\u00f1a la mejor experiencia en productos, conocimientos especializados y servicios excepcionales. Nos comprometemos a proporcionar una amplia gama de bicicletas, accesorios y equipo de alta calidad, junto con asesoramiento experto y atenci\u00f3n personalizada para cada ciclista, para que puedan explorar, disfrutar y maximizar su aventura en el mundo del MTB","email":"naturalbikes1@gmail.com","telephone":"56977043878","legalName":"Natural Bikes Limitada","foundingDate":"2024-01-01","vatID":"76699553-5","taxID":"76699553-5","numberOfEmployees":{"@type":"QuantitativeValue","minValue":"1","maxValue":"10"},"publishingPrinciples":"https:\/\/naturalbikes.cl\/?page_id=7843","ownershipFundingInfo":"https:\/\/naturalbikes.cl\/?page_id=7843","actionableFeedbackPolicy":"https:\/\/naturalbikes.cl\/?page_id=14797","correctionsPolicy":"https:\/\/naturalbikes.cl\/?page_id=3","ethicsPolicy":"https:\/\/naturalbikes.cl\/?page_id=7843","diversityPolicy":"https:\/\/naturalbikes.cl\/?page_id=11734","diversityStaffingReport":"https:\/\/naturalbikes.cl\/?page_id=12161"}]}},"_links":{"self":[{"href":"https:\/\/naturalbikes.cl\/index.php?rest_route=\/wp\/v2\/product\/22394"}],"collection":[{"href":"https:\/\/naturalbikes.cl\/index.php?rest_route=\/wp\/v2\/product"}],"about":[{"href":"https:\/\/naturalbikes.cl\/index.php?rest_route=\/wp\/v2\/types\/product"}],"replies":[{"embeddable":true,"href":"https:\/\/naturalbikes.cl\/index.php?rest_route=%2Fwp%2Fv2%2Fcomments&post=22394"}],"wp:featuredmedia":[{"embeddable":true,"href":"https:\/\/naturalbikes.cl\/index.php?rest_route=\/wp\/v2\/media\/22402"}],"wp:attachment":[{"href":"https:\/\/naturalbikes.cl\/index.php?rest_route=%2Fwp%2Fv2%2Fmedia&parent=22394"}],"wp:term":[{"taxonomy":"product_cat","embeddable":true,"href":"https:\/\/naturalbikes.cl\/index.php?rest_route=%2Fwp%2Fv2%2Fproduct_cat&post=22394"},{"taxonomy":"product_tag","embeddable":true,"href":"https:\/\/naturalbikes.cl\/index.php?rest_route=%2Fwp%2Fv2%2Fproduct_tag&post=22394"}],"curies":[{"name":"wp","href":"https:\/\/api.w.org\/{rel}","templated":true}]}}