{"id":22350,"date":"2025-08-10T16:30:14","date_gmt":"2025-08-10T20:30:14","guid":{"rendered":"https:\/\/naturalbikes.cl\/?post_type=product&#038;p=22350"},"modified":"2026-01-06T17:12:20","modified_gmt":"2026-01-06T20:12:20","slug":"bicicleta-cube-gravel-nuroad-c62-pro","status":"publish","type":"product","link":"https:\/\/naturalbikes.cl\/?product=bicicleta-cube-gravel-nuroad-c62-pro","title":{"rendered":"Bicicleta Cube Gravel Nuroad C:62 Pro"},"content":{"rendered":"<div class=\"card__header\">\n<h2 class=\"card__title heading h3\"><\/h2>\n<\/div>\n<div class=\"card__section \">\n<div class=\"rte text--pull\">\n<p><img decoding=\"async\" style=\"display: block; margin-left: auto; margin-right: auto;\" src=\"https:\/\/cdn.shopify.com\/s\/files\/1\/0084\/1151\/2896\/files\/CUBELogo-schwarz_RGB_480x480.svg?v=1690469291\" alt=\"\" width=\"222\" height=\"55\" \/><\/p>\n<p>La Nuroad C:62 Pro combina la comodidad y el bajo peso de un chasis para gravel \u00edntegramente de carbono con el grupo GRX 2&#215;12 espec\u00edfico para grava de Shimano, para que tengas todo lo que necesitas para explorar m\u00e1s lejos con un amplio rango de marchas de relaci\u00f3n estrecha. El juego de ruedas Newmen Advanced G.34 es el hogar ideal para un par de neum\u00e1ticos Schwalbe de gran agarre. A\u00f1ade la potencia de los frenos de disco hidr\u00e1ulicos Shimano GRX y la comodidad de una horquilla completamente de carbono y no te quedar\u00e1n excusas posibles. \u00bfA d\u00f3nde te llevar\u00e1 el pr\u00f3ximo fin de semana?<\/p>\n<div class=\"table-wrapper\">\n<table class=\"table table-striped\">\n<tbody>\n<tr>\n<th scope=\"row\">CUADRO<\/th>\n<td>C:62\u00ae Advanced Twin Mold Technology, Internal Cable Routing, Integrated<br \/>\nSeat Post Clamp, Flat Mount Disc, Fender\/Rack &amp; Kickstand Option,<br \/>\n12x142mm, UDH\u2122<\/td>\n<\/tr>\n<tr>\n<th scope=\"row\">TALLA<\/th>\n<td>Tallas XS, S, M, L, XL<\/td>\n<\/tr>\n<tr>\n<th scope=\"row\">HORQUILLA<\/th>\n<td>CUBE C:62\u00ae Technology, 1 1\/8&#8243; &#8211; 1 1\/2&#8243; Tapered, Integrated Cable Routing, Flat<br \/>\nMount Disc, Fender &amp; Lowrider Mounts, Internal Light Cable Option, 12x100mm<\/td>\n<\/tr>\n<tr>\n<th scope=\"row\">JUEGO DE FRENOS<\/th>\n<td>Shimano GRX BR-RX820, Hydr. Disc Brake, Flat Mount (160\/160)<\/td>\n<\/tr>\n<tr>\n<th scope=\"row\">CAMBIO TRASERO<\/th>\n<td>Shimano GRX RD-RX820, 12 velocidades<\/td>\n<\/tr>\n<tr>\n<th scope=\"row\">MANDOS<\/th>\n<td>Shimano GRX ST-RX820<\/td>\n<\/tr>\n<tr>\n<th scope=\"row\">BIELAS<\/th>\n<td>Shimano GRX FC-RX820, 48&#215;31 dientes<\/td>\n<\/tr>\n<tr>\n<th scope=\"row\">PI\u00d1\u00d3N<\/th>\n<td>Shimano 105 CS-HG710, 11-36 dientes<\/td>\n<\/tr>\n<tr>\n<th scope=\"row\">CADENA<\/th>\n<td>Shimano CN-M7100<\/td>\n<\/tr>\n<tr>\n<th scope=\"row\">RUEDAS<\/th>\n<td>Newmen Advanced G.34 Carbon, 21\/21 Spokes, 12x100mm\/12x142mm, Tubeless<br \/>\nReady<\/td>\n<\/tr>\n<tr>\n<th scope=\"row\">NEUM\u00c1TICOS<\/th>\n<td>Schwalbe G-One-R, Kevlar, 40-622<\/td>\n<\/tr>\n<tr>\n<th scope=\"row\">POTENCIA<\/th>\n<td>CUBE CIS Stem w\/ Cable Routing<\/td>\n<\/tr>\n<tr>\n<th scope=\"row\">MANILLAR<\/th>\n<td>Newmen Advanced Gravel Bar 318, Carbon, 31.8mm<\/td>\n<\/tr>\n<tr>\n<th scope=\"row\">CINTA DE MANILLAR<\/th>\n<td>ACID Bartape CX<\/td>\n<\/tr>\n<tr>\n<th scope=\"row\">TIJA<\/th>\n<td>Newmen Advanced, Carbono, 27,2 mm<\/td>\n<\/tr>\n<tr>\n<th scope=\"row\">SILL\u00cdN<\/th>\n<td>ACID Nuance Pro<\/td>\n<\/tr>\n<tr>\n<th scope=\"row\">DIRECCI\u00d3N<\/th>\n<td>ACROS, Top Integrated 1 1\/2&#8243; w\/ Integrated Cable Routing, Bottom Integrated 1\u00a01\/2&#8243;<\/td>\n<\/tr>\n<tr>\n<th scope=\"row\">PESO<\/th>\n<td>8.7 kilogramos<\/td>\n<\/tr>\n<tr>\n<th scope=\"row\">COLOR<\/th>\n<td>willowgreen n black<\/td>\n<\/tr>\n<tr>\n<th scope=\"row\">N\u00daMERO DE ART\u00cdCULO<\/th>\n<td>830200<\/td>\n<\/tr>\n<\/tbody>\n<\/table>\n<\/div>\n<\/div>\n<\/div>\n","protected":false},"excerpt":{"rendered":"<p><a href=\"https:\/\/naturalbikes.cl\/wp-content\/uploads\/2024\/09\/CUBELogo-schwarz_RGB_480x480.svg\"><img fetchpriority=\"high\" decoding=\"async\" class=\"size-full wp-image-21143 alignleft\" src=\"https:\/\/naturalbikes.cl\/wp-content\/uploads\/2024\/09\/CUBELogo-schwarz_RGB_480x480.svg\" alt=\"\" width=\"476\" height=\"117\" \/><\/a><\/p>\n<p><strong>La Cube Nuroad C:62 Pro es la bicicleta de gravel de carbono que estabas buscando. Combina la velocidad de una de carretera con la robustez de una todoterreno. Ligera, r\u00e1pida y vers\u00e1til, est\u00e1 lista para tus aventuras m\u00e1s exigentes, ya sea en asfalto o en caminos de tierra.<\/strong><\/p>\n","protected":false},"featured_media":22359,"comment_status":"open","ping_status":"closed","template":"","meta":[],"product_cat":[205,195,899],"product_tag":[1210,1385,819,1388],"class_list":{"0":"post-22350","1":"product","2":"type-product","3":"status-publish","4":"has-post-thumbnail","6":"product_brand-cube","7":"product_cat-bicicleta-gravel","8":"product_cat-bicicletas","9":"product_cat-cube-bicicleta-gravel","10":"product_tag-bicicleta-carbono","11":"product_tag-bicicleta-cube","12":"product_tag-bicicleta-gravel","13":"product_tag-cube-nuroad-pro","15":"first","16":"instock","17":"taxable","18":"shipping-taxable","19":"purchasable","20":"product-type-variable","21":"rtwpvg-product"},"yoast_head":"<!-- This site is optimized with the Yoast SEO Premium plugin v24.8 (Yoast SEO v25.6) - https:\/\/yoast.com\/wordpress\/plugins\/seo\/ -->\n<title>Cube Nuroad C:62 Pro: Bicicleta de gravel de carbono, ligera y r\u00e1pida<\/title>\n<meta name=\"description\" content=\"La Cube Nuroad C:62 Pro es la bicicleta de gravel de carbono que estabas buscando. Combina la velocidad de una de carretera con la robustez de una todoterreno. Ligera, r\u00e1pida y vers\u00e1til, est\u00e1 lista para tus aventuras m\u00e1s exigentes, ya sea en asfalto o en caminos de tierra.\" \/>\n<meta name=\"robots\" content=\"index, follow, max-snippet:-1, max-image-preview:large, max-video-preview:-1\" \/>\n<link rel=\"canonical\" href=\"https:\/\/naturalbikes.cl\/?product=bicicleta-cube-gravel-nuroad-c62-pro\" \/>\n<meta property=\"og:locale\" content=\"es_ES\" \/>\n<meta property=\"og:type\" content=\"article\" \/>\n<meta property=\"og:title\" content=\"Bicicleta Cube Gravel Nuroad C:62 Pro\" \/>\n<meta property=\"og:description\" content=\"Ofrecer a nuestros clientes apasionados por el ciclismo de monta\u00f1a la mejor experiencia en productos, conocimientos especializados y servicios excepcionales. Nos comprometemos a proporcionar una amplia gama de bicicletas, accesorios y equipo de alta calidad, junto con asesoramiento experto y atenci\u00f3n personalizada para cada ciclista, para que puedan explorar, disfrutar y maximizar su aventura en el mundo del MTB\" \/>\n<meta property=\"og:url\" content=\"https:\/\/naturalbikes.cl\/?product=bicicleta-cube-gravel-nuroad-c62-pro\" \/>\n<meta property=\"og:site_name\" content=\"NaturalBikes\" \/>\n<meta property=\"article:publisher\" content=\"https:\/\/www.facebook.com\/naturalbikescl\" \/>\n<meta property=\"article:modified_time\" content=\"2026-01-06T20:12:20+00:00\" \/>\n<meta property=\"og:image\" content=\"https:\/\/naturalbikes.cl\/wp-content\/uploads\/2025\/08\/830200_1_1800x1800.png.webp\" \/>\n\t<meta property=\"og:image:width\" content=\"1000\" \/>\n\t<meta property=\"og:image:height\" content=\"1000\" \/>\n\t<meta property=\"og:image:type\" content=\"image\/webp\" \/>\n<meta name=\"twitter:card\" content=\"summary_large_image\" \/>\n<meta name=\"twitter:label1\" content=\"Tiempo de lectura\" \/>\n\t<meta name=\"twitter:data1\" content=\"2 minutos\" \/>\n<script type=\"application\/ld+json\" class=\"yoast-schema-graph\">{\"@context\":\"https:\/\/schema.org\",\"@graph\":[{\"@type\":\"WebPage\",\"@id\":\"https:\/\/naturalbikes.cl\/?product=bicicleta-cube-gravel-nuroad-c62-pro\",\"url\":\"https:\/\/naturalbikes.cl\/?product=bicicleta-cube-gravel-nuroad-c62-pro\",\"name\":\"Cube Nuroad C:62 Pro: Bicicleta de gravel de carbono, ligera y r\u00e1pida\",\"isPartOf\":{\"@id\":\"https:\/\/naturalbikes.cl\/#website\"},\"primaryImageOfPage\":{\"@id\":\"https:\/\/naturalbikes.cl\/?product=bicicleta-cube-gravel-nuroad-c62-pro#primaryimage\"},\"image\":{\"@id\":\"https:\/\/naturalbikes.cl\/?product=bicicleta-cube-gravel-nuroad-c62-pro#primaryimage\"},\"thumbnailUrl\":\"https:\/\/naturalbikes.cl\/wp-content\/uploads\/2025\/08\/830200_1_1800x1800.png.webp\",\"datePublished\":\"2025-08-10T20:30:14+00:00\",\"dateModified\":\"2026-01-06T20:12:20+00:00\",\"description\":\"La Cube Nuroad C:62 Pro es la bicicleta de gravel de carbono que estabas buscando. Combina la velocidad de una de carretera con la robustez de una todoterreno. Ligera, r\u00e1pida y vers\u00e1til, est\u00e1 lista para tus aventuras m\u00e1s exigentes, ya sea en asfalto o en caminos de tierra.\",\"breadcrumb\":{\"@id\":\"https:\/\/naturalbikes.cl\/?product=bicicleta-cube-gravel-nuroad-c62-pro#breadcrumb\"},\"inLanguage\":\"es\",\"potentialAction\":[{\"@type\":\"ReadAction\",\"target\":[\"https:\/\/naturalbikes.cl\/?product=bicicleta-cube-gravel-nuroad-c62-pro\"]}]},{\"@type\":\"ImageObject\",\"inLanguage\":\"es\",\"@id\":\"https:\/\/naturalbikes.cl\/?product=bicicleta-cube-gravel-nuroad-c62-pro#primaryimage\",\"url\":\"https:\/\/naturalbikes.cl\/wp-content\/uploads\/2025\/08\/830200_1_1800x1800.png.webp\",\"contentUrl\":\"https:\/\/naturalbikes.cl\/wp-content\/uploads\/2025\/08\/830200_1_1800x1800.png.webp\",\"width\":1000,\"height\":1000},{\"@type\":\"BreadcrumbList\",\"@id\":\"https:\/\/naturalbikes.cl\/?product=bicicleta-cube-gravel-nuroad-c62-pro#breadcrumb\",\"itemListElement\":[{\"@type\":\"ListItem\",\"position\":1,\"name\":\"Portada\",\"item\":\"https:\/\/naturalbikes.cl\/\"},{\"@type\":\"ListItem\",\"position\":2,\"name\":\"Tienda NB\",\"item\":\"https:\/\/naturalbikes.cl\/?page_id=7843\"},{\"@type\":\"ListItem\",\"position\":3,\"name\":\"Cube\",\"item\":\"https:\/\/naturalbikes.cl\/?product_brand=cube\"},{\"@type\":\"ListItem\",\"position\":4,\"name\":\"Bicicleta Cube Gravel Nuroad C:62 Pro\"}]},{\"@type\":\"WebSite\",\"@id\":\"https:\/\/naturalbikes.cl\/#website\",\"url\":\"https:\/\/naturalbikes.cl\/\",\"name\":\"Natural Bikes\",\"description\":\"Tienda de bicicletas repuestos accesorios taller mantenimiento clases salidas\",\"publisher\":{\"@id\":\"https:\/\/naturalbikes.cl\/#organization\"},\"alternateName\":\"Natural Bikes\",\"potentialAction\":[{\"@type\":\"SearchAction\",\"target\":{\"@type\":\"EntryPoint\",\"urlTemplate\":\"https:\/\/naturalbikes.cl\/?s={search_term_string}\"},\"query-input\":{\"@type\":\"PropertyValueSpecification\",\"valueRequired\":true,\"valueName\":\"search_term_string\"}}],\"inLanguage\":\"es\"},{\"@type\":\"Organization\",\"@id\":\"https:\/\/naturalbikes.cl\/#organization\",\"name\":\"Natural Bikes\",\"alternateName\":\"Natural Bikes\",\"url\":\"https:\/\/naturalbikes.cl\/\",\"logo\":{\"@type\":\"ImageObject\",\"inLanguage\":\"es\",\"@id\":\"https:\/\/naturalbikes.cl\/#\/schema\/logo\/image\/\",\"url\":\"https:\/\/naturalbikes.cl\/wp-content\/uploads\/2024\/05\/2023-10-10-10.44.12.jpg\",\"contentUrl\":\"https:\/\/naturalbikes.cl\/wp-content\/uploads\/2024\/05\/2023-10-10-10.44.12.jpg\",\"width\":650,\"height\":650,\"caption\":\"Natural Bikes\"},\"image\":{\"@id\":\"https:\/\/naturalbikes.cl\/#\/schema\/logo\/image\/\"},\"sameAs\":[\"https:\/\/www.facebook.com\/naturalbikescl\",\"https:\/\/www.instagram.com\/natural.bikes\",\"https:\/\/www.tiktok.com\/@natural.bikes\"],\"description\":\"Ofrecer a nuestros clientes apasionados por el ciclismo de monta\u00f1a la mejor experiencia en productos, conocimientos especializados y servicios excepcionales. Nos comprometemos a proporcionar una amplia gama de bicicletas, accesorios y equipo de alta calidad, junto con asesoramiento experto y atenci\u00f3n personalizada para cada ciclista, para que puedan explorar, disfrutar y maximizar su aventura en el mundo del MTB\",\"email\":\"naturalbikes1@gmail.com\",\"telephone\":\"56977043878\",\"legalName\":\"Natural Bikes Limitada\",\"foundingDate\":\"2024-01-01\",\"vatID\":\"76699553-5\",\"taxID\":\"76699553-5\",\"numberOfEmployees\":{\"@type\":\"QuantitativeValue\",\"minValue\":\"1\",\"maxValue\":\"10\"},\"publishingPrinciples\":\"https:\/\/naturalbikes.cl\/?page_id=7843\",\"ownershipFundingInfo\":\"https:\/\/naturalbikes.cl\/?page_id=7843\",\"actionableFeedbackPolicy\":\"https:\/\/naturalbikes.cl\/?page_id=14797\",\"correctionsPolicy\":\"https:\/\/naturalbikes.cl\/?page_id=3\",\"ethicsPolicy\":\"https:\/\/naturalbikes.cl\/?page_id=7843\",\"diversityPolicy\":\"https:\/\/naturalbikes.cl\/?page_id=11734\",\"diversityStaffingReport\":\"https:\/\/naturalbikes.cl\/?page_id=12161\"}]}<\/script>\n<!-- \/ Yoast SEO Premium plugin. -->","yoast_head_json":{"title":"Cube Nuroad C:62 Pro: Bicicleta de gravel de carbono, ligera y r\u00e1pida","description":"La Cube Nuroad C:62 Pro es la bicicleta de gravel de carbono que estabas buscando. Combina la velocidad de una de carretera con la robustez de una todoterreno. Ligera, r\u00e1pida y vers\u00e1til, est\u00e1 lista para tus aventuras m\u00e1s exigentes, ya sea en asfalto o en caminos de tierra.","robots":{"index":"index","follow":"follow","max-snippet":"max-snippet:-1","max-image-preview":"max-image-preview:large","max-video-preview":"max-video-preview:-1"},"canonical":"https:\/\/naturalbikes.cl\/?product=bicicleta-cube-gravel-nuroad-c62-pro","og_locale":"es_ES","og_type":"article","og_title":"Bicicleta Cube Gravel Nuroad C:62 Pro","og_description":"Ofrecer a nuestros clientes apasionados por el ciclismo de monta\u00f1a la mejor experiencia en productos, conocimientos especializados y servicios excepcionales. Nos comprometemos a proporcionar una amplia gama de bicicletas, accesorios y equipo de alta calidad, junto con asesoramiento experto y atenci\u00f3n personalizada para cada ciclista, para que puedan explorar, disfrutar y maximizar su aventura en el mundo del MTB","og_url":"https:\/\/naturalbikes.cl\/?product=bicicleta-cube-gravel-nuroad-c62-pro","og_site_name":"NaturalBikes","article_publisher":"https:\/\/www.facebook.com\/naturalbikescl","article_modified_time":"2026-01-06T20:12:20+00:00","og_image":[{"width":1000,"height":1000,"url":"https:\/\/naturalbikes.cl\/wp-content\/uploads\/2025\/08\/830200_1_1800x1800.png.webp","type":"image\/webp"}],"twitter_card":"summary_large_image","twitter_misc":{"Tiempo de lectura":"2 minutos"},"schema":{"@context":"https:\/\/schema.org","@graph":[{"@type":"WebPage","@id":"https:\/\/naturalbikes.cl\/?product=bicicleta-cube-gravel-nuroad-c62-pro","url":"https:\/\/naturalbikes.cl\/?product=bicicleta-cube-gravel-nuroad-c62-pro","name":"Cube Nuroad C:62 Pro: Bicicleta de gravel de carbono, ligera y r\u00e1pida","isPartOf":{"@id":"https:\/\/naturalbikes.cl\/#website"},"primaryImageOfPage":{"@id":"https:\/\/naturalbikes.cl\/?product=bicicleta-cube-gravel-nuroad-c62-pro#primaryimage"},"image":{"@id":"https:\/\/naturalbikes.cl\/?product=bicicleta-cube-gravel-nuroad-c62-pro#primaryimage"},"thumbnailUrl":"https:\/\/naturalbikes.cl\/wp-content\/uploads\/2025\/08\/830200_1_1800x1800.png.webp","datePublished":"2025-08-10T20:30:14+00:00","dateModified":"2026-01-06T20:12:20+00:00","description":"La Cube Nuroad C:62 Pro es la bicicleta de gravel de carbono que estabas buscando. Combina la velocidad de una de carretera con la robustez de una todoterreno. Ligera, r\u00e1pida y vers\u00e1til, est\u00e1 lista para tus aventuras m\u00e1s exigentes, ya sea en asfalto o en caminos de tierra.","breadcrumb":{"@id":"https:\/\/naturalbikes.cl\/?product=bicicleta-cube-gravel-nuroad-c62-pro#breadcrumb"},"inLanguage":"es","potentialAction":[{"@type":"ReadAction","target":["https:\/\/naturalbikes.cl\/?product=bicicleta-cube-gravel-nuroad-c62-pro"]}]},{"@type":"ImageObject","inLanguage":"es","@id":"https:\/\/naturalbikes.cl\/?product=bicicleta-cube-gravel-nuroad-c62-pro#primaryimage","url":"https:\/\/naturalbikes.cl\/wp-content\/uploads\/2025\/08\/830200_1_1800x1800.png.webp","contentUrl":"https:\/\/naturalbikes.cl\/wp-content\/uploads\/2025\/08\/830200_1_1800x1800.png.webp","width":1000,"height":1000},{"@type":"BreadcrumbList","@id":"https:\/\/naturalbikes.cl\/?product=bicicleta-cube-gravel-nuroad-c62-pro#breadcrumb","itemListElement":[{"@type":"ListItem","position":1,"name":"Portada","item":"https:\/\/naturalbikes.cl\/"},{"@type":"ListItem","position":2,"name":"Tienda NB","item":"https:\/\/naturalbikes.cl\/?page_id=7843"},{"@type":"ListItem","position":3,"name":"Cube","item":"https:\/\/naturalbikes.cl\/?product_brand=cube"},{"@type":"ListItem","position":4,"name":"Bicicleta Cube Gravel Nuroad C:62 Pro"}]},{"@type":"WebSite","@id":"https:\/\/naturalbikes.cl\/#website","url":"https:\/\/naturalbikes.cl\/","name":"Natural Bikes","description":"Tienda de bicicletas repuestos accesorios taller mantenimiento clases salidas","publisher":{"@id":"https:\/\/naturalbikes.cl\/#organization"},"alternateName":"Natural Bikes","potentialAction":[{"@type":"SearchAction","target":{"@type":"EntryPoint","urlTemplate":"https:\/\/naturalbikes.cl\/?s={search_term_string}"},"query-input":{"@type":"PropertyValueSpecification","valueRequired":true,"valueName":"search_term_string"}}],"inLanguage":"es"},{"@type":"Organization","@id":"https:\/\/naturalbikes.cl\/#organization","name":"Natural Bikes","alternateName":"Natural Bikes","url":"https:\/\/naturalbikes.cl\/","logo":{"@type":"ImageObject","inLanguage":"es","@id":"https:\/\/naturalbikes.cl\/#\/schema\/logo\/image\/","url":"https:\/\/naturalbikes.cl\/wp-content\/uploads\/2024\/05\/2023-10-10-10.44.12.jpg","contentUrl":"https:\/\/naturalbikes.cl\/wp-content\/uploads\/2024\/05\/2023-10-10-10.44.12.jpg","width":650,"height":650,"caption":"Natural Bikes"},"image":{"@id":"https:\/\/naturalbikes.cl\/#\/schema\/logo\/image\/"},"sameAs":["https:\/\/www.facebook.com\/naturalbikescl","https:\/\/www.instagram.com\/natural.bikes","https:\/\/www.tiktok.com\/@natural.bikes"],"description":"Ofrecer a nuestros clientes apasionados por el ciclismo de monta\u00f1a la mejor experiencia en productos, conocimientos especializados y servicios excepcionales. Nos comprometemos a proporcionar una amplia gama de bicicletas, accesorios y equipo de alta calidad, junto con asesoramiento experto y atenci\u00f3n personalizada para cada ciclista, para que puedan explorar, disfrutar y maximizar su aventura en el mundo del MTB","email":"naturalbikes1@gmail.com","telephone":"56977043878","legalName":"Natural Bikes Limitada","foundingDate":"2024-01-01","vatID":"76699553-5","taxID":"76699553-5","numberOfEmployees":{"@type":"QuantitativeValue","minValue":"1","maxValue":"10"},"publishingPrinciples":"https:\/\/naturalbikes.cl\/?page_id=7843","ownershipFundingInfo":"https:\/\/naturalbikes.cl\/?page_id=7843","actionableFeedbackPolicy":"https:\/\/naturalbikes.cl\/?page_id=14797","correctionsPolicy":"https:\/\/naturalbikes.cl\/?page_id=3","ethicsPolicy":"https:\/\/naturalbikes.cl\/?page_id=7843","diversityPolicy":"https:\/\/naturalbikes.cl\/?page_id=11734","diversityStaffingReport":"https:\/\/naturalbikes.cl\/?page_id=12161"}]}},"_links":{"self":[{"href":"https:\/\/naturalbikes.cl\/index.php?rest_route=\/wp\/v2\/product\/22350"}],"collection":[{"href":"https:\/\/naturalbikes.cl\/index.php?rest_route=\/wp\/v2\/product"}],"about":[{"href":"https:\/\/naturalbikes.cl\/index.php?rest_route=\/wp\/v2\/types\/product"}],"replies":[{"embeddable":true,"href":"https:\/\/naturalbikes.cl\/index.php?rest_route=%2Fwp%2Fv2%2Fcomments&post=22350"}],"wp:featuredmedia":[{"embeddable":true,"href":"https:\/\/naturalbikes.cl\/index.php?rest_route=\/wp\/v2\/media\/22359"}],"wp:attachment":[{"href":"https:\/\/naturalbikes.cl\/index.php?rest_route=%2Fwp%2Fv2%2Fmedia&parent=22350"}],"wp:term":[{"taxonomy":"product_cat","embeddable":true,"href":"https:\/\/naturalbikes.cl\/index.php?rest_route=%2Fwp%2Fv2%2Fproduct_cat&post=22350"},{"taxonomy":"product_tag","embeddable":true,"href":"https:\/\/naturalbikes.cl\/index.php?rest_route=%2Fwp%2Fv2%2Fproduct_tag&post=22350"}],"curies":[{"name":"wp","href":"https:\/\/api.w.org\/{rel}","templated":true}]}}