{"id":21993,"date":"2025-03-06T17:47:17","date_gmt":"2025-03-06T20:47:17","guid":{"rendered":"https:\/\/naturalbikes.cl\/?post_type=product&#038;p=21993"},"modified":"2026-01-06T17:12:13","modified_gmt":"2026-01-06T20:12:13","slug":"bicicleta-cannondale-29-scalpel-carbon-1-lefty","status":"publish","type":"product","link":"https:\/\/naturalbikes.cl\/?product=bicicleta-cannondale-29-scalpel-carbon-1-lefty","title":{"rendered":"Bicicleta Cannondale 29 Scalpel Carbon 1 Lefty"},"content":{"rendered":"<div class=\"card__section \">\n<div class=\"rte text--pull\">\n<div><img fetchpriority=\"high\" decoding=\"async\" class=\"aligncenter\" src=\"https:\/\/cdn.shopify.com\/s\/files\/1\/0084\/1151\/2896\/files\/logocannondale_240x240.png?v=1644341597\" alt=\"\" width=\"423\" height=\"148\" \/><\/div>\n<div>\n<div>\n<p><strong><img decoding=\"async\" src=\"https:\/\/www.oxfordstore.cl\/media\/catalog\/product\/cache\/75c9db3c05d14ed94423d3d06c7130d6\/c\/2\/c24_c24203u_scalpel_crb_1_raw_3q_1_1.jpg\" width=\"1079\" height=\"917\" \/><\/strong><\/p>\n<h2 class=\"card__title heading h3\">Descripci\u00f3n<\/h2>\n<p><strong>Hold on Tight<\/strong><\/p>\n<div>Con la suspensi\u00f3n y geometr\u00eda XC m\u00e1s avanzadas, adem\u00e1s de una configuraci\u00f3n lista para la acci\u00f3n, la nueva Scalpel redefine, una vez m\u00e1s, la velocidad en el cross-country.<\/div>\n<div><\/div>\n<div><img decoding=\"async\" src=\"https:\/\/www.oxfordstore.cl\/media\/catalog\/product\/cache\/75c9db3c05d14ed94423d3d06c7130d6\/c\/2\/c24_c24203u_scalpel_crb_1_raw_d6_1_1.jpg\" width=\"2550\" height=\"1700\" \/><\/div>\n<div><\/div>\n<div>\n<p><strong>Highlights<\/strong><\/p>\n<ul>\n<li>Cuadro de carbono premium Serie 1 superligero con FlexPivot, 120 mm de recorrido y suspensi\u00f3n y geometr\u00eda ajustadas con Proportional Response.<\/li>\n<li>Lefty Ocho Carbon: la horquilla XC m\u00e1s suave, avanzada y precisa del mundo.<\/li>\n<li>Tubo superior de carbono, 120 mm de recorrido y bloqueo remoto TwistLoc Ultimate.<\/li>\n<li>Manillar integrado SystemBar XC-One de carbono para un dise\u00f1o elegante y aerodin\u00e1mico.<\/li>\n<li>Juego de ruedas DT Swiss XCR 1501 Spline de carbono, ultrarr\u00e1pidas para cross-country.<\/li>\n<li>Grupo electr\u00f3nico inal\u00e1mbrico SRAM XO Eagle AXS de 12 velocidades: ligero, preciso y resistente, con frenos Level Silver Stealth.<\/li>\n<li>Tija telesc\u00f3pica Fox Transfer SL.<\/li>\n<\/ul>\n<p>&nbsp;<\/p>\n<p><img loading=\"lazy\" decoding=\"async\" src=\"https:\/\/www.oxfordstore.cl\/media\/wysiwyg\/C24_ScalpelLefty_PDP_Desktop_1.jpg\" width=\"1920\" height=\"1920\" \/><\/p>\n<p><strong>Travel Advisory<\/strong><\/p>\n<div>No solo m\u00e1s recorrido, sino mejor recorrido. Gracias a la magia de nuestra cinem\u00e1tica FlexPivot y la suspensi\u00f3n Proportional Response, los 120 mm de recorrido de la Scalpel ofrecen una tracci\u00f3n incre\u00edble, m\u00e1s control y mucha m\u00e1s diversi\u00f3n, con toda la eficiencia y capacidad de respuesta que esperar\u00edas de un veh\u00edculo de carreras de la Copa del Mundo.<\/div>\n<div><\/div>\n<div><img loading=\"lazy\" decoding=\"async\" src=\"https:\/\/www.oxfordstore.cl\/media\/wysiwyg\/C24_ScalpelLefty_PDP_Desktop_2.jpg\" width=\"1920\" height=\"2254\" \/><\/div>\n<div>\n<p><strong>It\u2019s OK to Stare<\/strong><\/p>\n<div>Ninguna otra horquilla se parece a Lefty y ninguna otra hace lo que Lefty hace. Su dise\u00f1o exclusivo y sus cojinetes de agujas internos que reducen la fricci\u00f3n brindan suavidad, capacidad de respuesta y precisi\u00f3n de direcci\u00f3n que ninguna otra horquilla puede igualar. Hay una raz\u00f3n por la que ha estado en lo m\u00e1s alto de los podios durante m\u00e1s de 20 a\u00f1os.<\/div>\n<\/div>\n<div><\/div>\n<div><img loading=\"lazy\" decoding=\"async\" src=\"https:\/\/www.oxfordstore.cl\/media\/catalog\/product\/cache\/75c9db3c05d14ed94423d3d06c7130d6\/c\/2\/c24_c24203u_scalpel_crb_1_raw_d1_1_1.jpg\" width=\"1375\" height=\"917\" \/><\/div>\n<div><\/div>\n<div>\n<p><strong>The Beauty of Speed<\/strong><\/p>\n<div>No se trata de una declaraci\u00f3n de moda, sino de un dise\u00f1o puro y con un prop\u00f3sito. Cada elemento de la forma del Scalpel est\u00e1 impulsado por la funci\u00f3n por encima de todo: cinem\u00e1tica, peso, rigidez y capacidad. Las caracter\u00edsticas determinan la forma, en lugar de que la forma limite las caracter\u00edsticas. Y la velocidad tiene un buen aspecto.<\/div>\n<div>\u00a0<img loading=\"lazy\" decoding=\"async\" src=\"https:\/\/www.oxfordstore.cl\/media\/catalog\/product\/cache\/75c9db3c05d14ed94423d3d06c7130d6\/c\/2\/c24_c24203u_scalpel_crb_1_raw_d3_1_1.jpg\" width=\"1375\" height=\"917\" \/><\/div>\n<div><\/div>\n<div><strong>ESPECIFICACIONES<\/strong><\/div>\n<div><\/div>\n<div>\n<p data-end=\"47\" data-start=\"33\"><strong data-end=\"40\" data-start=\"33\">Aro<\/strong><br data-end=\"43\" data-start=\"40\" \/>29<\/p>\n<p data-end=\"68\" data-start=\"49\"><strong data-end=\"58\" data-start=\"49\">Color<\/strong><br data-end=\"61\" data-start=\"58\" \/>Negro<\/p>\n<p data-end=\"91\" data-start=\"70\"><strong data-end=\"80\" data-start=\"70\">G\u00e9nero<\/strong><br data-end=\"83\" data-start=\"80\" \/>Unisex<\/p>\n<p data-end=\"363\" data-start=\"93\"><strong data-end=\"102\" data-start=\"93\">Marco<\/strong><br data-end=\"105\" data-start=\"102\" \/>Scalpel, Series 1 Carbon construction, 120mm travel, Proportional Response Suspension and Geometry, FlexPivot Chainstay, full internal cable routing, 73mm BSA, 1.5&#8243; headtube with 1-1\/8&#8243; upper reducer\/internal cable guide, 148x12mm thru axle, 55mm chainline<\/p>\n<p data-end=\"397\" data-start=\"365\"><strong data-end=\"387\" data-start=\"365\">Tallas Disponibles<\/strong><br data-end=\"390\" data-start=\"387\" \/>M &#8211; L<\/p>\n<p data-end=\"433\" data-start=\"399\"><strong data-end=\"413\" data-start=\"399\">Suspensi\u00f3n<\/strong><br data-end=\"416\" data-start=\"413\" \/>Full suspension<\/p>\n<p data-end=\"595\" data-start=\"435\"><strong data-end=\"457\" data-start=\"435\">Detalle Suspensi\u00f3n<\/strong><br data-end=\"460\" data-start=\"457\" \/>Lefty Ocho 120 Carbon, 120mm, Chamber Damper, OppO Spring System, tapered steerer, 50mm offset, TwistLoc Ultimate remote dual lockout<\/p>\n<p data-end=\"635\" data-start=\"597\"><strong data-end=\"625\" data-start=\"597\">Recorrido Suspensi\u00f3n DEL<\/strong><br data-end=\"628\" data-start=\"625\" \/>120mm<\/p>\n<p data-end=\"769\" data-start=\"637\"><strong data-end=\"654\" data-start=\"637\">Shock Trasero<\/strong><br data-end=\"657\" data-start=\"654\" \/>RockShox SIDLuxe Select+, 2-Pos mode adjust, adjustable rebound, 190&#215;45, TwistLoc Ultimate remote dual lockout<\/p>\n<p data-end=\"833\" data-start=\"771\"><strong data-end=\"788\" data-start=\"771\">N\u00b0 de Cambios<\/strong><br data-end=\"791\" data-start=\"788\" \/>SRAM AXS T-Type Pod Controller, 12-speed<\/p>\n<p data-end=\"863\" data-start=\"835\"><strong data-end=\"855\" data-start=\"835\">Cambio Delantero<\/strong><br data-end=\"858\" data-start=\"855\" \/>N\/A<\/p>\n<p data-end=\"913\" data-start=\"865\"><strong data-end=\"883\" data-start=\"865\">Cambio Trasero<\/strong><br data-end=\"886\" data-start=\"883\" \/>SRAM XO Eagle AXS, T-Type<\/p>\n<p data-end=\"959\" data-start=\"915\"><strong data-end=\"934\" data-start=\"915\">Volante \/ Biela<\/strong><br data-end=\"937\" data-start=\"934\" \/>SRAM XO, T-Type, 34T<\/p>\n<p data-end=\"1013\" data-start=\"961\"><strong data-end=\"970\" data-start=\"961\">Pi\u00f1\u00f3n<\/strong><br data-end=\"973\" data-start=\"970\" \/>SRAM XO Eagle, 10-52, T-Type, 12-speed<\/p>\n<p data-end=\"1107\" data-start=\"1015\"><strong data-end=\"1025\" data-start=\"1015\">Frenos<\/strong><br data-end=\"1028\" data-start=\"1025\" \/>SRAM Level Silver Stealth, 4-piston hydraulic disc, SRAM HS2 180\/160mm rotors<\/p>\n<p data-end=\"1155\" data-start=\"1109\"><strong data-end=\"1118\" data-start=\"1109\">Rotor<\/strong><br data-end=\"1121\" data-start=\"1118\" \/>SRAM HS2 180\/160mm 6-bolt rotors<\/p>\n<p data-end=\"1304\" data-start=\"1157\"><strong data-end=\"1171\" data-start=\"1157\">Neum\u00e1ticos<\/strong><br data-end=\"1174\" data-start=\"1171\" \/>(F) Maxxis Rekon Race WT, 29&#215;2.4&#8243;, EXO Protection, tubeless ready<br data-end=\"1242\" data-start=\"1239\" \/>(R) Maxxis Aspen WT, 29&#215;2.4&#8243;, EXO Protection, tubeless ready<\/p>\n<p data-end=\"1406\" data-start=\"1306\"><strong data-end=\"1317\" data-start=\"1306\">Llantas<\/strong><br data-end=\"1320\" data-start=\"1317\" \/>DT Swiss XCR 1501 Spline One, carbon, 30mm inner width, hookless, TSS tubeless ready<\/p>\n<p data-end=\"1453\" data-start=\"1408\"><strong data-end=\"1426\" data-start=\"1408\">Maza Delantera<\/strong><br data-end=\"1429\" data-start=\"1426\" \/>DT Swiss Lefty, 6-bolt<\/p>\n<p data-end=\"1522\" data-start=\"1455\"><strong data-end=\"1471\" data-start=\"1455\">Maza Trasera<\/strong><br data-end=\"1474\" data-start=\"1471\" \/>DT Swiss 240 Ratchet EXP 36, 6-bolt, XD driver<\/p>\n<p data-end=\"1583\" data-start=\"1524\"><strong data-end=\"1544\" data-start=\"1524\">Rayos (Material)<\/strong><br data-end=\"1547\" data-start=\"1544\" \/>DT Competition Race, straight pull<\/p>\n<p data-end=\"1739\" data-start=\"1585\"><strong data-end=\"1597\" data-start=\"1585\">Manubrio<\/strong><br data-end=\"1600\" data-start=\"1597\" \/>SystemBar XC-One Flat, carbon, integrated bar\/stem, internal cable routing, 5\u00b0 upsweep, 8\u00b0 backsweep, 760mm width, -6\u00b0 stem, 1-1\/8&#8243; clamp<\/p>\n<p data-end=\"1802\" data-start=\"1741\"><strong data-end=\"1748\" data-start=\"1741\">Tee<\/strong><br data-end=\"1751\" data-start=\"1748\" \/>SystemBar XC-One Flat, carbon integrated bar\/stem<\/p>\n<p data-end=\"1842\" data-start=\"1804\"><strong data-end=\"1813\" data-start=\"1804\">Pu\u00f1os<\/strong><br data-end=\"1816\" data-start=\"1813\" \/>RockShox Smooth Silicone<\/p>\n<p data-end=\"1894\" data-start=\"1844\"><strong data-end=\"1855\" data-start=\"1844\">Asiento<\/strong><br data-end=\"1858\" data-start=\"1855\" \/>Prologo Dimension NDR, Tirox rails<\/p>\n<p data-end=\"1980\" data-start=\"1896\"><strong data-end=\"1911\" data-start=\"1896\">Tubo Sill\u00edn<\/strong><br data-end=\"1914\" data-start=\"1911\" \/>Fox Transfer SL Performance Elite, 31.6, 125mm (S), 150mm (M-XL)<\/p>\n<p data-end=\"2008\" data-start=\"1982\"><strong data-end=\"1991\" data-start=\"1982\">Pedal<\/strong><br data-end=\"1994\" data-start=\"1991\" \/>Not Included<\/p>\n<p data-is-only-node=\"\" data-is-last-node=\"\" data-end=\"2048\" data-start=\"2010\"><strong data-end=\"2020\" data-start=\"2010\">Cadena<\/strong><br data-end=\"2023\" data-start=\"2020\" \/>SRAM XO, T-Type, 12-speed<\/p>\n<\/div>\n<\/div>\n<\/div>\n<\/div>\n<\/div>\n<\/div>\n<\/div>\n","protected":false},"excerpt":{"rendered":"<p><a href=\"https:\/\/naturalbikes.cl\/wp-content\/uploads\/2025\/03\/logocannondale_240x240.webp\"><img loading=\"lazy\" decoding=\"async\" class=\"size-full wp-image-21973 alignleft\" src=\"https:\/\/naturalbikes.cl\/wp-content\/uploads\/2025\/03\/logocannondale_240x240.webp\" alt=\"\" width=\"240\" height=\"84\" \/><\/a><\/p>\n<p>Con la suspensi\u00f3n y geometr\u00eda XC m\u00e1s avanzadas, adem\u00e1s de una configuraci\u00f3n lista para la acci\u00f3n, la nueva Scalpel redefine, una vez m\u00e1s, la velocidad en el cross-country.<\/p>\n","protected":false},"featured_media":22001,"comment_status":"open","ping_status":"closed","template":"","meta":[],"product_cat":[206,195,1044],"product_tag":[1210,1313,1040,1444],"class_list":{"0":"post-21993","1":"product","2":"type-product","3":"status-publish","4":"has-post-thumbnail","6":"product_brand-cannondale","7":"product_cat-bicicleta-xc","8":"product_cat-bicicletas","9":"product_cat-cannondale-bicicleta-xc","10":"product_tag-bicicleta-carbono","11":"product_tag-bicicleta-xc","12":"product_tag-cannondale","13":"product_tag-cannondale-scalpel","15":"first","16":"instock","17":"sale","18":"taxable","19":"shipping-taxable","20":"purchasable","21":"product-type-variable","22":"rtwpvg-product"},"yoast_head":"<!-- This site is optimized with the Yoast SEO Premium plugin v24.8 (Yoast SEO v25.6) - https:\/\/yoast.com\/wordpress\/plugins\/seo\/ -->\n<title>Bicicleta Cannondale 29 Scalpel Carbon 1 Lefty - NaturalBikes<\/title>\n<meta name=\"description\" content=\"Con la suspensi\u00f3n y geometr\u00eda XC m\u00e1s avanzadas, adem\u00e1s de una configuraci\u00f3n lista para la acci\u00f3n, la nueva Scalpel redefine, una vez m\u00e1s, la velocidad en el cross-country.\" \/>\n<meta name=\"robots\" content=\"index, follow, max-snippet:-1, max-image-preview:large, max-video-preview:-1\" \/>\n<link rel=\"canonical\" href=\"https:\/\/naturalbikes.cl\/?product=bicicleta-cannondale-29-scalpel-carbon-1-lefty\" \/>\n<meta property=\"og:locale\" content=\"es_ES\" \/>\n<meta property=\"og:type\" content=\"article\" \/>\n<meta property=\"og:title\" content=\"Bicicleta Cannondale 29 Scalpel Carbon 1 Lefty\" \/>\n<meta property=\"og:description\" content=\"Ofrecer a nuestros clientes apasionados por el ciclismo de monta\u00f1a la mejor experiencia en productos, conocimientos especializados y servicios excepcionales. Nos comprometemos a proporcionar una amplia gama de bicicletas, accesorios y equipo de alta calidad, junto con asesoramiento experto y atenci\u00f3n personalizada para cada ciclista, para que puedan explorar, disfrutar y maximizar su aventura en el mundo del MTB\" \/>\n<meta property=\"og:url\" content=\"https:\/\/naturalbikes.cl\/?product=bicicleta-cannondale-29-scalpel-carbon-1-lefty\" \/>\n<meta property=\"og:site_name\" content=\"NaturalBikes\" \/>\n<meta property=\"article:publisher\" content=\"https:\/\/www.facebook.com\/naturalbikescl\" \/>\n<meta property=\"article:modified_time\" content=\"2026-01-06T20:12:13+00:00\" \/>\n<meta property=\"og:image\" content=\"https:\/\/naturalbikes.cl\/wp-content\/uploads\/2025\/03\/c24_c24203u_scalpel_crb_1_raw_pd_1_1_800x.webp\" \/>\n\t<meta property=\"og:image:width\" content=\"800\" \/>\n\t<meta property=\"og:image:height\" content=\"437\" \/>\n\t<meta property=\"og:image:type\" content=\"image\/webp\" \/>\n<meta name=\"twitter:card\" content=\"summary_large_image\" \/>\n<meta name=\"twitter:label1\" content=\"Tiempo de lectura\" \/>\n\t<meta name=\"twitter:data1\" content=\"5 minutos\" \/>\n<script type=\"application\/ld+json\" class=\"yoast-schema-graph\">{\"@context\":\"https:\/\/schema.org\",\"@graph\":[{\"@type\":\"WebPage\",\"@id\":\"https:\/\/naturalbikes.cl\/?product=bicicleta-cannondale-29-scalpel-carbon-1-lefty\",\"url\":\"https:\/\/naturalbikes.cl\/?product=bicicleta-cannondale-29-scalpel-carbon-1-lefty\",\"name\":\"Bicicleta Cannondale 29 Scalpel Carbon 1 Lefty - NaturalBikes\",\"isPartOf\":{\"@id\":\"https:\/\/naturalbikes.cl\/#website\"},\"primaryImageOfPage\":{\"@id\":\"https:\/\/naturalbikes.cl\/?product=bicicleta-cannondale-29-scalpel-carbon-1-lefty#primaryimage\"},\"image\":{\"@id\":\"https:\/\/naturalbikes.cl\/?product=bicicleta-cannondale-29-scalpel-carbon-1-lefty#primaryimage\"},\"thumbnailUrl\":\"https:\/\/naturalbikes.cl\/wp-content\/uploads\/2025\/03\/c24_c24203u_scalpel_crb_1_raw_pd_1_1_800x.webp\",\"datePublished\":\"2025-03-06T20:47:17+00:00\",\"dateModified\":\"2026-01-06T20:12:13+00:00\",\"description\":\"Con la suspensi\u00f3n y geometr\u00eda XC m\u00e1s avanzadas, adem\u00e1s de una configuraci\u00f3n lista para la acci\u00f3n, la nueva Scalpel redefine, una vez m\u00e1s, la velocidad en el cross-country.\",\"breadcrumb\":{\"@id\":\"https:\/\/naturalbikes.cl\/?product=bicicleta-cannondale-29-scalpel-carbon-1-lefty#breadcrumb\"},\"inLanguage\":\"es\",\"potentialAction\":[{\"@type\":\"ReadAction\",\"target\":[\"https:\/\/naturalbikes.cl\/?product=bicicleta-cannondale-29-scalpel-carbon-1-lefty\"]}]},{\"@type\":\"ImageObject\",\"inLanguage\":\"es\",\"@id\":\"https:\/\/naturalbikes.cl\/?product=bicicleta-cannondale-29-scalpel-carbon-1-lefty#primaryimage\",\"url\":\"https:\/\/naturalbikes.cl\/wp-content\/uploads\/2025\/03\/c24_c24203u_scalpel_crb_1_raw_pd_1_1_800x.webp\",\"contentUrl\":\"https:\/\/naturalbikes.cl\/wp-content\/uploads\/2025\/03\/c24_c24203u_scalpel_crb_1_raw_pd_1_1_800x.webp\",\"width\":800,\"height\":437},{\"@type\":\"BreadcrumbList\",\"@id\":\"https:\/\/naturalbikes.cl\/?product=bicicleta-cannondale-29-scalpel-carbon-1-lefty#breadcrumb\",\"itemListElement\":[{\"@type\":\"ListItem\",\"position\":1,\"name\":\"Portada\",\"item\":\"https:\/\/naturalbikes.cl\/\"},{\"@type\":\"ListItem\",\"position\":2,\"name\":\"Tienda NB\",\"item\":\"https:\/\/naturalbikes.cl\/?page_id=7843\"},{\"@type\":\"ListItem\",\"position\":3,\"name\":\"Cannondale\",\"item\":\"https:\/\/naturalbikes.cl\/?product_brand=cannondale\"},{\"@type\":\"ListItem\",\"position\":4,\"name\":\"Bicicleta Cannondale 29 Scalpel Carbon 1 Lefty\"}]},{\"@type\":\"WebSite\",\"@id\":\"https:\/\/naturalbikes.cl\/#website\",\"url\":\"https:\/\/naturalbikes.cl\/\",\"name\":\"Natural Bikes\",\"description\":\"Tienda de bicicletas repuestos accesorios taller mantenimiento clases salidas\",\"publisher\":{\"@id\":\"https:\/\/naturalbikes.cl\/#organization\"},\"alternateName\":\"Natural Bikes\",\"potentialAction\":[{\"@type\":\"SearchAction\",\"target\":{\"@type\":\"EntryPoint\",\"urlTemplate\":\"https:\/\/naturalbikes.cl\/?s={search_term_string}\"},\"query-input\":{\"@type\":\"PropertyValueSpecification\",\"valueRequired\":true,\"valueName\":\"search_term_string\"}}],\"inLanguage\":\"es\"},{\"@type\":\"Organization\",\"@id\":\"https:\/\/naturalbikes.cl\/#organization\",\"name\":\"Natural Bikes\",\"alternateName\":\"Natural Bikes\",\"url\":\"https:\/\/naturalbikes.cl\/\",\"logo\":{\"@type\":\"ImageObject\",\"inLanguage\":\"es\",\"@id\":\"https:\/\/naturalbikes.cl\/#\/schema\/logo\/image\/\",\"url\":\"https:\/\/naturalbikes.cl\/wp-content\/uploads\/2024\/05\/2023-10-10-10.44.12.jpg\",\"contentUrl\":\"https:\/\/naturalbikes.cl\/wp-content\/uploads\/2024\/05\/2023-10-10-10.44.12.jpg\",\"width\":650,\"height\":650,\"caption\":\"Natural Bikes\"},\"image\":{\"@id\":\"https:\/\/naturalbikes.cl\/#\/schema\/logo\/image\/\"},\"sameAs\":[\"https:\/\/www.facebook.com\/naturalbikescl\",\"https:\/\/www.instagram.com\/natural.bikes\",\"https:\/\/www.tiktok.com\/@natural.bikes\"],\"description\":\"Ofrecer a nuestros clientes apasionados por el ciclismo de monta\u00f1a la mejor experiencia en productos, conocimientos especializados y servicios excepcionales. Nos comprometemos a proporcionar una amplia gama de bicicletas, accesorios y equipo de alta calidad, junto con asesoramiento experto y atenci\u00f3n personalizada para cada ciclista, para que puedan explorar, disfrutar y maximizar su aventura en el mundo del MTB\",\"email\":\"naturalbikes1@gmail.com\",\"telephone\":\"56977043878\",\"legalName\":\"Natural Bikes Limitada\",\"foundingDate\":\"2024-01-01\",\"vatID\":\"76699553-5\",\"taxID\":\"76699553-5\",\"numberOfEmployees\":{\"@type\":\"QuantitativeValue\",\"minValue\":\"1\",\"maxValue\":\"10\"},\"publishingPrinciples\":\"https:\/\/naturalbikes.cl\/?page_id=7843\",\"ownershipFundingInfo\":\"https:\/\/naturalbikes.cl\/?page_id=7843\",\"actionableFeedbackPolicy\":\"https:\/\/naturalbikes.cl\/?page_id=14797\",\"correctionsPolicy\":\"https:\/\/naturalbikes.cl\/?page_id=3\",\"ethicsPolicy\":\"https:\/\/naturalbikes.cl\/?page_id=7843\",\"diversityPolicy\":\"https:\/\/naturalbikes.cl\/?page_id=11734\",\"diversityStaffingReport\":\"https:\/\/naturalbikes.cl\/?page_id=12161\"}]}<\/script>\n<!-- \/ Yoast SEO Premium plugin. -->","yoast_head_json":{"title":"Bicicleta Cannondale 29 Scalpel Carbon 1 Lefty - NaturalBikes","description":"Con la suspensi\u00f3n y geometr\u00eda XC m\u00e1s avanzadas, adem\u00e1s de una configuraci\u00f3n lista para la acci\u00f3n, la nueva Scalpel redefine, una vez m\u00e1s, la velocidad en el cross-country.","robots":{"index":"index","follow":"follow","max-snippet":"max-snippet:-1","max-image-preview":"max-image-preview:large","max-video-preview":"max-video-preview:-1"},"canonical":"https:\/\/naturalbikes.cl\/?product=bicicleta-cannondale-29-scalpel-carbon-1-lefty","og_locale":"es_ES","og_type":"article","og_title":"Bicicleta Cannondale 29 Scalpel Carbon 1 Lefty","og_description":"Ofrecer a nuestros clientes apasionados por el ciclismo de monta\u00f1a la mejor experiencia en productos, conocimientos especializados y servicios excepcionales. Nos comprometemos a proporcionar una amplia gama de bicicletas, accesorios y equipo de alta calidad, junto con asesoramiento experto y atenci\u00f3n personalizada para cada ciclista, para que puedan explorar, disfrutar y maximizar su aventura en el mundo del MTB","og_url":"https:\/\/naturalbikes.cl\/?product=bicicleta-cannondale-29-scalpel-carbon-1-lefty","og_site_name":"NaturalBikes","article_publisher":"https:\/\/www.facebook.com\/naturalbikescl","article_modified_time":"2026-01-06T20:12:13+00:00","og_image":[{"width":800,"height":437,"url":"https:\/\/naturalbikes.cl\/wp-content\/uploads\/2025\/03\/c24_c24203u_scalpel_crb_1_raw_pd_1_1_800x.webp","type":"image\/webp"}],"twitter_card":"summary_large_image","twitter_misc":{"Tiempo de lectura":"5 minutos"},"schema":{"@context":"https:\/\/schema.org","@graph":[{"@type":"WebPage","@id":"https:\/\/naturalbikes.cl\/?product=bicicleta-cannondale-29-scalpel-carbon-1-lefty","url":"https:\/\/naturalbikes.cl\/?product=bicicleta-cannondale-29-scalpel-carbon-1-lefty","name":"Bicicleta Cannondale 29 Scalpel Carbon 1 Lefty - NaturalBikes","isPartOf":{"@id":"https:\/\/naturalbikes.cl\/#website"},"primaryImageOfPage":{"@id":"https:\/\/naturalbikes.cl\/?product=bicicleta-cannondale-29-scalpel-carbon-1-lefty#primaryimage"},"image":{"@id":"https:\/\/naturalbikes.cl\/?product=bicicleta-cannondale-29-scalpel-carbon-1-lefty#primaryimage"},"thumbnailUrl":"https:\/\/naturalbikes.cl\/wp-content\/uploads\/2025\/03\/c24_c24203u_scalpel_crb_1_raw_pd_1_1_800x.webp","datePublished":"2025-03-06T20:47:17+00:00","dateModified":"2026-01-06T20:12:13+00:00","description":"Con la suspensi\u00f3n y geometr\u00eda XC m\u00e1s avanzadas, adem\u00e1s de una configuraci\u00f3n lista para la acci\u00f3n, la nueva Scalpel redefine, una vez m\u00e1s, la velocidad en el cross-country.","breadcrumb":{"@id":"https:\/\/naturalbikes.cl\/?product=bicicleta-cannondale-29-scalpel-carbon-1-lefty#breadcrumb"},"inLanguage":"es","potentialAction":[{"@type":"ReadAction","target":["https:\/\/naturalbikes.cl\/?product=bicicleta-cannondale-29-scalpel-carbon-1-lefty"]}]},{"@type":"ImageObject","inLanguage":"es","@id":"https:\/\/naturalbikes.cl\/?product=bicicleta-cannondale-29-scalpel-carbon-1-lefty#primaryimage","url":"https:\/\/naturalbikes.cl\/wp-content\/uploads\/2025\/03\/c24_c24203u_scalpel_crb_1_raw_pd_1_1_800x.webp","contentUrl":"https:\/\/naturalbikes.cl\/wp-content\/uploads\/2025\/03\/c24_c24203u_scalpel_crb_1_raw_pd_1_1_800x.webp","width":800,"height":437},{"@type":"BreadcrumbList","@id":"https:\/\/naturalbikes.cl\/?product=bicicleta-cannondale-29-scalpel-carbon-1-lefty#breadcrumb","itemListElement":[{"@type":"ListItem","position":1,"name":"Portada","item":"https:\/\/naturalbikes.cl\/"},{"@type":"ListItem","position":2,"name":"Tienda NB","item":"https:\/\/naturalbikes.cl\/?page_id=7843"},{"@type":"ListItem","position":3,"name":"Cannondale","item":"https:\/\/naturalbikes.cl\/?product_brand=cannondale"},{"@type":"ListItem","position":4,"name":"Bicicleta Cannondale 29 Scalpel Carbon 1 Lefty"}]},{"@type":"WebSite","@id":"https:\/\/naturalbikes.cl\/#website","url":"https:\/\/naturalbikes.cl\/","name":"Natural Bikes","description":"Tienda de bicicletas repuestos accesorios taller mantenimiento clases salidas","publisher":{"@id":"https:\/\/naturalbikes.cl\/#organization"},"alternateName":"Natural Bikes","potentialAction":[{"@type":"SearchAction","target":{"@type":"EntryPoint","urlTemplate":"https:\/\/naturalbikes.cl\/?s={search_term_string}"},"query-input":{"@type":"PropertyValueSpecification","valueRequired":true,"valueName":"search_term_string"}}],"inLanguage":"es"},{"@type":"Organization","@id":"https:\/\/naturalbikes.cl\/#organization","name":"Natural Bikes","alternateName":"Natural Bikes","url":"https:\/\/naturalbikes.cl\/","logo":{"@type":"ImageObject","inLanguage":"es","@id":"https:\/\/naturalbikes.cl\/#\/schema\/logo\/image\/","url":"https:\/\/naturalbikes.cl\/wp-content\/uploads\/2024\/05\/2023-10-10-10.44.12.jpg","contentUrl":"https:\/\/naturalbikes.cl\/wp-content\/uploads\/2024\/05\/2023-10-10-10.44.12.jpg","width":650,"height":650,"caption":"Natural Bikes"},"image":{"@id":"https:\/\/naturalbikes.cl\/#\/schema\/logo\/image\/"},"sameAs":["https:\/\/www.facebook.com\/naturalbikescl","https:\/\/www.instagram.com\/natural.bikes","https:\/\/www.tiktok.com\/@natural.bikes"],"description":"Ofrecer a nuestros clientes apasionados por el ciclismo de monta\u00f1a la mejor experiencia en productos, conocimientos especializados y servicios excepcionales. Nos comprometemos a proporcionar una amplia gama de bicicletas, accesorios y equipo de alta calidad, junto con asesoramiento experto y atenci\u00f3n personalizada para cada ciclista, para que puedan explorar, disfrutar y maximizar su aventura en el mundo del MTB","email":"naturalbikes1@gmail.com","telephone":"56977043878","legalName":"Natural Bikes Limitada","foundingDate":"2024-01-01","vatID":"76699553-5","taxID":"76699553-5","numberOfEmployees":{"@type":"QuantitativeValue","minValue":"1","maxValue":"10"},"publishingPrinciples":"https:\/\/naturalbikes.cl\/?page_id=7843","ownershipFundingInfo":"https:\/\/naturalbikes.cl\/?page_id=7843","actionableFeedbackPolicy":"https:\/\/naturalbikes.cl\/?page_id=14797","correctionsPolicy":"https:\/\/naturalbikes.cl\/?page_id=3","ethicsPolicy":"https:\/\/naturalbikes.cl\/?page_id=7843","diversityPolicy":"https:\/\/naturalbikes.cl\/?page_id=11734","diversityStaffingReport":"https:\/\/naturalbikes.cl\/?page_id=12161"}]}},"_links":{"self":[{"href":"https:\/\/naturalbikes.cl\/index.php?rest_route=\/wp\/v2\/product\/21993"}],"collection":[{"href":"https:\/\/naturalbikes.cl\/index.php?rest_route=\/wp\/v2\/product"}],"about":[{"href":"https:\/\/naturalbikes.cl\/index.php?rest_route=\/wp\/v2\/types\/product"}],"replies":[{"embeddable":true,"href":"https:\/\/naturalbikes.cl\/index.php?rest_route=%2Fwp%2Fv2%2Fcomments&post=21993"}],"wp:featuredmedia":[{"embeddable":true,"href":"https:\/\/naturalbikes.cl\/index.php?rest_route=\/wp\/v2\/media\/22001"}],"wp:attachment":[{"href":"https:\/\/naturalbikes.cl\/index.php?rest_route=%2Fwp%2Fv2%2Fmedia&parent=21993"}],"wp:term":[{"taxonomy":"product_cat","embeddable":true,"href":"https:\/\/naturalbikes.cl\/index.php?rest_route=%2Fwp%2Fv2%2Fproduct_cat&post=21993"},{"taxonomy":"product_tag","embeddable":true,"href":"https:\/\/naturalbikes.cl\/index.php?rest_route=%2Fwp%2Fv2%2Fproduct_tag&post=21993"}],"curies":[{"name":"wp","href":"https:\/\/api.w.org\/{rel}","templated":true}]}}