{"id":21221,"date":"2024-09-24T13:11:10","date_gmt":"2024-09-24T16:11:10","guid":{"rendered":"https:\/\/naturalbikes.cl\/?post_type=product&#038;p=21221"},"modified":"2026-01-06T17:12:05","modified_gmt":"2026-01-06T20:12:05","slug":"cadena-shimano-cn-hg701-11v-126-links","status":"publish","type":"product","link":"https:\/\/naturalbikes.cl\/?product=cadena-shimano-cn-hg701-11v-126-links","title":{"rendered":"Cadena Shimano cn hg701 11v. 126 links"},"content":{"rendered":"<h2 class=\"content--title\">Shimano\u00a0CN-HG701 Cadena de 11 velocidades con Quick-Link<\/h2>\n<div><\/div>\n<div class=\"product--description\">\n<p>La cadena tipo HG701-11 de Shimano es direccional y tiene una mayor durabilidad gracias al tratamiento SIL-TEC en las placas exteriores e interiores. La cadena HG-X11 de alta calidad puede utilizarse con bicicletas de carretera de 11 velocidades, MTB y, gracias a su construcci\u00f3n reforzada, tambi\u00e9n con E-BIKES.<\/p>\n<h2><\/h2>\n<h2>Conducci\u00f3n sedosa y cambios precisos: Cadena Shimano CN-HG701 de 11 velocidades con conector Quick-Link<\/h2>\n<p>Con un dise\u00f1o de plato asim\u00e9trico especial HG-X11 y el nuevo tratamiento de superficie SIL-TEC de Shimano, le espera una conducci\u00f3n m\u00e1s silenciosa, una mayor vida \u00fatil de la cadena y un mejor rendimiento.<\/p>\n<hr \/>\n<h3>Caracter\u00edsticas &#8211; Shimano CN-HG701-11 con Quick-Link<\/h3>\n<ul>\n<li>Conector\u00a0Quick-Link\u00a0Para el montaje y desmontaje de cadenas de 11 velocidades sin herramientas<\/li>\n<li>Rendimiento de cambio suave y fiable<\/li>\n<li>Cadena de 11 velocidades direccional<\/li>\n<li>M\u00e1s eficiente y silenciosa, menos mantenimiento<\/li>\n<li>Tratamiento superficial SIL-TEC<\/li>\n<li>Compatible con MTB, carretera y E-BIKE de 11 velocidades<\/li>\n<li>Cadena reforzada para el uso de E-BIKE<\/li>\n<li>Nueva dimensi\u00f3n del plato de la cadena<\/li>\n<\/ul>\n<h3>Caracter\u00edsticas del producto<\/h3>\n<ul>\n<li>Uso:\u00a0Carretera, MTB, E-Bike<\/li>\n<li>Modelo:\u00a0CS-HG701-11<\/li>\n<li>Grupo:\u00a0Ultegra, XT, STEPS E8000, STEPS E6000<\/li>\n<li>Marcha:\u00a011 velocidades<\/li>\n<li>Tipo:\u00a0HG-X11<\/li>\n<li>Dise\u00f1o direccional:\u00a0S\u00ed<\/li>\n<li>Tratamiento de cromado\u00a0Pin Link: S\u00ed<\/li>\n<li>Placa de enlace del pasador:\u00a0SIL-TEC<\/li>\n<li>Placa de enlace de rodillos:\u00a0SIL-TEC<\/li>\n<li>Conector:\u00a0Quick-Link SM-CN900-11<\/li>\n<\/ul>\n<h3>Eslabones<\/h3>\n<ul>\n<li>126<\/li>\n<\/ul>\n<h3>Compatibilidad<\/h3>\n<ul>\n<li>Dura Ace R9100<\/li>\n<li>Dura Ace 9000<\/li>\n<li>Ultegra 6800<\/li>\n<li>105 5800<\/li>\n<li>XTR M9000\/9020<\/li>\n<li>XT M8000\/8020<\/li>\n<li>SLX M7000-11<\/li>\n<li>e-Bike de 11 velocidades (STEPS E6000\/8000)<\/li>\n<\/ul>\n<h3>Material<\/h3>\n<ul>\n<li>Acero<\/li>\n<\/ul>\n<h3>Color<\/h3>\n<ul>\n<li>plata<\/li>\n<\/ul>\n<h3>Peso<\/h3>\n<ul>\n<li>aprox. 260g (116)<\/li>\n<\/ul>\n<\/div>\n","protected":false},"excerpt":{"rendered":"<p><strong><a href=\"https:\/\/naturalbikes.cl\/wp-content\/uploads\/2024\/09\/shimano.svg\"><img decoding=\"async\" class=\"wp-image-21224 alignleft\" src=\"https:\/\/naturalbikes.cl\/wp-content\/uploads\/2024\/09\/shimano.svg\" alt=\"\" width=\"100\" height=\"100\" \/><\/a><\/strong><\/p>\n<p>&nbsp;<\/p>\n<p><strong>An\u00e1lisis en profundidad de la cadena Shimano CN-HG701:<\/strong> Descubre por qu\u00e9 esta cadena es la favorita de muchos ciclistas. Te contamos todo sobre sus caracter\u00edsticas, rendimiento y compatibilidad.<\/p>\n","protected":false},"featured_media":21222,"comment_status":"open","ping_status":"closed","template":"","meta":[],"product_cat":[381,198,1402],"product_tag":[1136,1348],"class_list":{"0":"post-21221","1":"product","2":"type-product","3":"status-publish","4":"has-post-thumbnail","6":"product_brand-shimano","7":"product_cat-cadenas","8":"product_cat-componentes","9":"product_cat-shimano-cadenas","10":"product_tag-cadena","11":"product_tag-shimano","13":"first","14":"instock","15":"sale","16":"taxable","17":"shipping-taxable","18":"purchasable","19":"product-type-variable","20":"rtwpvg-product"},"yoast_head":"<!-- This site is optimized with the Yoast SEO Premium plugin v24.8 (Yoast SEO v25.6) - https:\/\/yoast.com\/wordpress\/plugins\/seo\/ -->\n<title>Cadena Shimano CN-HG701 11v: Rendimiento y Durabilidad<\/title>\n<meta name=\"description\" content=\"An\u00e1lisis en profundidad de la cadena Shimano CN-HG701: Descubre por qu\u00e9 esta cadena es la favorita de muchos ciclistas. Te contamos todo sobre sus caracter\u00edsticas, rendimiento y compatibilidad.\" \/>\n<meta name=\"robots\" content=\"index, follow, max-snippet:-1, max-image-preview:large, max-video-preview:-1\" \/>\n<link rel=\"canonical\" href=\"https:\/\/naturalbikes.cl\/?product=cadena-shimano-cn-hg701-11v-126-links\" \/>\n<meta property=\"og:locale\" content=\"es_ES\" \/>\n<meta property=\"og:type\" content=\"article\" \/>\n<meta property=\"og:title\" content=\"Cadena Shimano cn hg701 11v. 126 links\" \/>\n<meta property=\"og:description\" content=\"Ofrecer a nuestros clientes apasionados por el ciclismo de monta\u00f1a la mejor experiencia en productos, conocimientos especializados y servicios excepcionales. Nos comprometemos a proporcionar una amplia gama de bicicletas, accesorios y equipo de alta calidad, junto con asesoramiento experto y atenci\u00f3n personalizada para cada ciclista, para que puedan explorar, disfrutar y maximizar su aventura en el mundo del MTB\" \/>\n<meta property=\"og:url\" content=\"https:\/\/naturalbikes.cl\/?product=cadena-shimano-cn-hg701-11v-126-links\" \/>\n<meta property=\"og:site_name\" content=\"NaturalBikes\" \/>\n<meta property=\"article:publisher\" content=\"https:\/\/www.facebook.com\/naturalbikescl\" \/>\n<meta property=\"article:modified_time\" content=\"2026-01-06T20:12:05+00:00\" \/>\n<meta property=\"og:image\" content=\"https:\/\/naturalbikes.cl\/wp-content\/uploads\/2024\/09\/cadena-shimano-cn-hg701-11v-126-links.jpg.webp\" \/>\n\t<meta property=\"og:image:width\" content=\"870\" \/>\n\t<meta property=\"og:image:height\" content=\"1131\" \/>\n\t<meta property=\"og:image:type\" content=\"image\/webp\" \/>\n<meta name=\"twitter:card\" content=\"summary_large_image\" \/>\n<meta name=\"twitter:label1\" content=\"Tiempo de lectura\" \/>\n\t<meta name=\"twitter:data1\" content=\"2 minutos\" \/>\n<script type=\"application\/ld+json\" class=\"yoast-schema-graph\">{\"@context\":\"https:\/\/schema.org\",\"@graph\":[{\"@type\":\"WebPage\",\"@id\":\"https:\/\/naturalbikes.cl\/?product=cadena-shimano-cn-hg701-11v-126-links\",\"url\":\"https:\/\/naturalbikes.cl\/?product=cadena-shimano-cn-hg701-11v-126-links\",\"name\":\"Cadena Shimano CN-HG701 11v: Rendimiento y Durabilidad\",\"isPartOf\":{\"@id\":\"https:\/\/naturalbikes.cl\/#website\"},\"primaryImageOfPage\":{\"@id\":\"https:\/\/naturalbikes.cl\/?product=cadena-shimano-cn-hg701-11v-126-links#primaryimage\"},\"image\":{\"@id\":\"https:\/\/naturalbikes.cl\/?product=cadena-shimano-cn-hg701-11v-126-links#primaryimage\"},\"thumbnailUrl\":\"https:\/\/naturalbikes.cl\/wp-content\/uploads\/2024\/09\/cadena-shimano-cn-hg701-11v-126-links.jpg.webp\",\"datePublished\":\"2024-09-24T16:11:10+00:00\",\"dateModified\":\"2026-01-06T20:12:05+00:00\",\"description\":\"An\u00e1lisis en profundidad de la cadena Shimano CN-HG701: Descubre por qu\u00e9 esta cadena es la favorita de muchos ciclistas. Te contamos todo sobre sus caracter\u00edsticas, rendimiento y compatibilidad.\",\"breadcrumb\":{\"@id\":\"https:\/\/naturalbikes.cl\/?product=cadena-shimano-cn-hg701-11v-126-links#breadcrumb\"},\"inLanguage\":\"es\",\"potentialAction\":[{\"@type\":\"ReadAction\",\"target\":[\"https:\/\/naturalbikes.cl\/?product=cadena-shimano-cn-hg701-11v-126-links\"]}]},{\"@type\":\"ImageObject\",\"inLanguage\":\"es\",\"@id\":\"https:\/\/naturalbikes.cl\/?product=cadena-shimano-cn-hg701-11v-126-links#primaryimage\",\"url\":\"https:\/\/naturalbikes.cl\/wp-content\/uploads\/2024\/09\/cadena-shimano-cn-hg701-11v-126-links.jpg.webp\",\"contentUrl\":\"https:\/\/naturalbikes.cl\/wp-content\/uploads\/2024\/09\/cadena-shimano-cn-hg701-11v-126-links.jpg.webp\",\"width\":870,\"height\":1131},{\"@type\":\"BreadcrumbList\",\"@id\":\"https:\/\/naturalbikes.cl\/?product=cadena-shimano-cn-hg701-11v-126-links#breadcrumb\",\"itemListElement\":[{\"@type\":\"ListItem\",\"position\":1,\"name\":\"Portada\",\"item\":\"https:\/\/naturalbikes.cl\/\"},{\"@type\":\"ListItem\",\"position\":2,\"name\":\"Tienda NB\",\"item\":\"https:\/\/naturalbikes.cl\/?page_id=7843\"},{\"@type\":\"ListItem\",\"position\":3,\"name\":\"Shimano\",\"item\":\"https:\/\/naturalbikes.cl\/?product_brand=shimano\"},{\"@type\":\"ListItem\",\"position\":4,\"name\":\"Cadena Shimano cn hg701 11v. 126 links\"}]},{\"@type\":\"WebSite\",\"@id\":\"https:\/\/naturalbikes.cl\/#website\",\"url\":\"https:\/\/naturalbikes.cl\/\",\"name\":\"Natural Bikes\",\"description\":\"Tienda de bicicletas repuestos accesorios taller mantenimiento clases salidas\",\"publisher\":{\"@id\":\"https:\/\/naturalbikes.cl\/#organization\"},\"alternateName\":\"Natural Bikes\",\"potentialAction\":[{\"@type\":\"SearchAction\",\"target\":{\"@type\":\"EntryPoint\",\"urlTemplate\":\"https:\/\/naturalbikes.cl\/?s={search_term_string}\"},\"query-input\":{\"@type\":\"PropertyValueSpecification\",\"valueRequired\":true,\"valueName\":\"search_term_string\"}}],\"inLanguage\":\"es\"},{\"@type\":\"Organization\",\"@id\":\"https:\/\/naturalbikes.cl\/#organization\",\"name\":\"Natural Bikes\",\"alternateName\":\"Natural Bikes\",\"url\":\"https:\/\/naturalbikes.cl\/\",\"logo\":{\"@type\":\"ImageObject\",\"inLanguage\":\"es\",\"@id\":\"https:\/\/naturalbikes.cl\/#\/schema\/logo\/image\/\",\"url\":\"https:\/\/naturalbikes.cl\/wp-content\/uploads\/2024\/05\/2023-10-10-10.44.12.jpg\",\"contentUrl\":\"https:\/\/naturalbikes.cl\/wp-content\/uploads\/2024\/05\/2023-10-10-10.44.12.jpg\",\"width\":650,\"height\":650,\"caption\":\"Natural Bikes\"},\"image\":{\"@id\":\"https:\/\/naturalbikes.cl\/#\/schema\/logo\/image\/\"},\"sameAs\":[\"https:\/\/www.facebook.com\/naturalbikescl\",\"https:\/\/www.instagram.com\/natural.bikes\",\"https:\/\/www.tiktok.com\/@natural.bikes\"],\"description\":\"Ofrecer a nuestros clientes apasionados por el ciclismo de monta\u00f1a la mejor experiencia en productos, conocimientos especializados y servicios excepcionales. Nos comprometemos a proporcionar una amplia gama de bicicletas, accesorios y equipo de alta calidad, junto con asesoramiento experto y atenci\u00f3n personalizada para cada ciclista, para que puedan explorar, disfrutar y maximizar su aventura en el mundo del MTB\",\"email\":\"naturalbikes1@gmail.com\",\"telephone\":\"56977043878\",\"legalName\":\"Natural Bikes Limitada\",\"foundingDate\":\"2024-01-01\",\"vatID\":\"76699553-5\",\"taxID\":\"76699553-5\",\"numberOfEmployees\":{\"@type\":\"QuantitativeValue\",\"minValue\":\"1\",\"maxValue\":\"10\"},\"publishingPrinciples\":\"https:\/\/naturalbikes.cl\/?page_id=7843\",\"ownershipFundingInfo\":\"https:\/\/naturalbikes.cl\/?page_id=7843\",\"actionableFeedbackPolicy\":\"https:\/\/naturalbikes.cl\/?page_id=14797\",\"correctionsPolicy\":\"https:\/\/naturalbikes.cl\/?page_id=3\",\"ethicsPolicy\":\"https:\/\/naturalbikes.cl\/?page_id=7843\",\"diversityPolicy\":\"https:\/\/naturalbikes.cl\/?page_id=11734\",\"diversityStaffingReport\":\"https:\/\/naturalbikes.cl\/?page_id=12161\"}]}<\/script>\n<!-- \/ Yoast SEO Premium plugin. -->","yoast_head_json":{"title":"Cadena Shimano CN-HG701 11v: Rendimiento y Durabilidad","description":"An\u00e1lisis en profundidad de la cadena Shimano CN-HG701: Descubre por qu\u00e9 esta cadena es la favorita de muchos ciclistas. Te contamos todo sobre sus caracter\u00edsticas, rendimiento y compatibilidad.","robots":{"index":"index","follow":"follow","max-snippet":"max-snippet:-1","max-image-preview":"max-image-preview:large","max-video-preview":"max-video-preview:-1"},"canonical":"https:\/\/naturalbikes.cl\/?product=cadena-shimano-cn-hg701-11v-126-links","og_locale":"es_ES","og_type":"article","og_title":"Cadena Shimano cn hg701 11v. 126 links","og_description":"Ofrecer a nuestros clientes apasionados por el ciclismo de monta\u00f1a la mejor experiencia en productos, conocimientos especializados y servicios excepcionales. Nos comprometemos a proporcionar una amplia gama de bicicletas, accesorios y equipo de alta calidad, junto con asesoramiento experto y atenci\u00f3n personalizada para cada ciclista, para que puedan explorar, disfrutar y maximizar su aventura en el mundo del MTB","og_url":"https:\/\/naturalbikes.cl\/?product=cadena-shimano-cn-hg701-11v-126-links","og_site_name":"NaturalBikes","article_publisher":"https:\/\/www.facebook.com\/naturalbikescl","article_modified_time":"2026-01-06T20:12:05+00:00","og_image":[{"width":870,"height":1131,"url":"https:\/\/naturalbikes.cl\/wp-content\/uploads\/2024\/09\/cadena-shimano-cn-hg701-11v-126-links.jpg.webp","type":"image\/webp"}],"twitter_card":"summary_large_image","twitter_misc":{"Tiempo de lectura":"2 minutos"},"schema":{"@context":"https:\/\/schema.org","@graph":[{"@type":"WebPage","@id":"https:\/\/naturalbikes.cl\/?product=cadena-shimano-cn-hg701-11v-126-links","url":"https:\/\/naturalbikes.cl\/?product=cadena-shimano-cn-hg701-11v-126-links","name":"Cadena Shimano CN-HG701 11v: Rendimiento y Durabilidad","isPartOf":{"@id":"https:\/\/naturalbikes.cl\/#website"},"primaryImageOfPage":{"@id":"https:\/\/naturalbikes.cl\/?product=cadena-shimano-cn-hg701-11v-126-links#primaryimage"},"image":{"@id":"https:\/\/naturalbikes.cl\/?product=cadena-shimano-cn-hg701-11v-126-links#primaryimage"},"thumbnailUrl":"https:\/\/naturalbikes.cl\/wp-content\/uploads\/2024\/09\/cadena-shimano-cn-hg701-11v-126-links.jpg.webp","datePublished":"2024-09-24T16:11:10+00:00","dateModified":"2026-01-06T20:12:05+00:00","description":"An\u00e1lisis en profundidad de la cadena Shimano CN-HG701: Descubre por qu\u00e9 esta cadena es la favorita de muchos ciclistas. Te contamos todo sobre sus caracter\u00edsticas, rendimiento y compatibilidad.","breadcrumb":{"@id":"https:\/\/naturalbikes.cl\/?product=cadena-shimano-cn-hg701-11v-126-links#breadcrumb"},"inLanguage":"es","potentialAction":[{"@type":"ReadAction","target":["https:\/\/naturalbikes.cl\/?product=cadena-shimano-cn-hg701-11v-126-links"]}]},{"@type":"ImageObject","inLanguage":"es","@id":"https:\/\/naturalbikes.cl\/?product=cadena-shimano-cn-hg701-11v-126-links#primaryimage","url":"https:\/\/naturalbikes.cl\/wp-content\/uploads\/2024\/09\/cadena-shimano-cn-hg701-11v-126-links.jpg.webp","contentUrl":"https:\/\/naturalbikes.cl\/wp-content\/uploads\/2024\/09\/cadena-shimano-cn-hg701-11v-126-links.jpg.webp","width":870,"height":1131},{"@type":"BreadcrumbList","@id":"https:\/\/naturalbikes.cl\/?product=cadena-shimano-cn-hg701-11v-126-links#breadcrumb","itemListElement":[{"@type":"ListItem","position":1,"name":"Portada","item":"https:\/\/naturalbikes.cl\/"},{"@type":"ListItem","position":2,"name":"Tienda NB","item":"https:\/\/naturalbikes.cl\/?page_id=7843"},{"@type":"ListItem","position":3,"name":"Shimano","item":"https:\/\/naturalbikes.cl\/?product_brand=shimano"},{"@type":"ListItem","position":4,"name":"Cadena Shimano cn hg701 11v. 126 links"}]},{"@type":"WebSite","@id":"https:\/\/naturalbikes.cl\/#website","url":"https:\/\/naturalbikes.cl\/","name":"Natural Bikes","description":"Tienda de bicicletas repuestos accesorios taller mantenimiento clases salidas","publisher":{"@id":"https:\/\/naturalbikes.cl\/#organization"},"alternateName":"Natural Bikes","potentialAction":[{"@type":"SearchAction","target":{"@type":"EntryPoint","urlTemplate":"https:\/\/naturalbikes.cl\/?s={search_term_string}"},"query-input":{"@type":"PropertyValueSpecification","valueRequired":true,"valueName":"search_term_string"}}],"inLanguage":"es"},{"@type":"Organization","@id":"https:\/\/naturalbikes.cl\/#organization","name":"Natural Bikes","alternateName":"Natural Bikes","url":"https:\/\/naturalbikes.cl\/","logo":{"@type":"ImageObject","inLanguage":"es","@id":"https:\/\/naturalbikes.cl\/#\/schema\/logo\/image\/","url":"https:\/\/naturalbikes.cl\/wp-content\/uploads\/2024\/05\/2023-10-10-10.44.12.jpg","contentUrl":"https:\/\/naturalbikes.cl\/wp-content\/uploads\/2024\/05\/2023-10-10-10.44.12.jpg","width":650,"height":650,"caption":"Natural Bikes"},"image":{"@id":"https:\/\/naturalbikes.cl\/#\/schema\/logo\/image\/"},"sameAs":["https:\/\/www.facebook.com\/naturalbikescl","https:\/\/www.instagram.com\/natural.bikes","https:\/\/www.tiktok.com\/@natural.bikes"],"description":"Ofrecer a nuestros clientes apasionados por el ciclismo de monta\u00f1a la mejor experiencia en productos, conocimientos especializados y servicios excepcionales. Nos comprometemos a proporcionar una amplia gama de bicicletas, accesorios y equipo de alta calidad, junto con asesoramiento experto y atenci\u00f3n personalizada para cada ciclista, para que puedan explorar, disfrutar y maximizar su aventura en el mundo del MTB","email":"naturalbikes1@gmail.com","telephone":"56977043878","legalName":"Natural Bikes Limitada","foundingDate":"2024-01-01","vatID":"76699553-5","taxID":"76699553-5","numberOfEmployees":{"@type":"QuantitativeValue","minValue":"1","maxValue":"10"},"publishingPrinciples":"https:\/\/naturalbikes.cl\/?page_id=7843","ownershipFundingInfo":"https:\/\/naturalbikes.cl\/?page_id=7843","actionableFeedbackPolicy":"https:\/\/naturalbikes.cl\/?page_id=14797","correctionsPolicy":"https:\/\/naturalbikes.cl\/?page_id=3","ethicsPolicy":"https:\/\/naturalbikes.cl\/?page_id=7843","diversityPolicy":"https:\/\/naturalbikes.cl\/?page_id=11734","diversityStaffingReport":"https:\/\/naturalbikes.cl\/?page_id=12161"}]}},"_links":{"self":[{"href":"https:\/\/naturalbikes.cl\/index.php?rest_route=\/wp\/v2\/product\/21221"}],"collection":[{"href":"https:\/\/naturalbikes.cl\/index.php?rest_route=\/wp\/v2\/product"}],"about":[{"href":"https:\/\/naturalbikes.cl\/index.php?rest_route=\/wp\/v2\/types\/product"}],"replies":[{"embeddable":true,"href":"https:\/\/naturalbikes.cl\/index.php?rest_route=%2Fwp%2Fv2%2Fcomments&post=21221"}],"wp:featuredmedia":[{"embeddable":true,"href":"https:\/\/naturalbikes.cl\/index.php?rest_route=\/wp\/v2\/media\/21222"}],"wp:attachment":[{"href":"https:\/\/naturalbikes.cl\/index.php?rest_route=%2Fwp%2Fv2%2Fmedia&parent=21221"}],"wp:term":[{"taxonomy":"product_cat","embeddable":true,"href":"https:\/\/naturalbikes.cl\/index.php?rest_route=%2Fwp%2Fv2%2Fproduct_cat&post=21221"},{"taxonomy":"product_tag","embeddable":true,"href":"https:\/\/naturalbikes.cl\/index.php?rest_route=%2Fwp%2Fv2%2Fproduct_tag&post=21221"}],"curies":[{"name":"wp","href":"https:\/\/api.w.org\/{rel}","templated":true}]}}