{"id":20727,"date":"2024-07-31T10:15:08","date_gmt":"2024-07-31T14:15:08","guid":{"rendered":"https:\/\/naturalbikes.cl\/?post_type=product&#038;p=20727"},"modified":"2026-01-06T17:12:00","modified_gmt":"2026-01-06T20:12:00","slug":"shimano-sin-caja-manilla-cambio-shifter-xtr-sl-m9100","status":"publish","type":"product","link":"https:\/\/naturalbikes.cl\/?product=shimano-sin-caja-manilla-cambio-shifter-xtr-sl-m9100","title":{"rendered":"Shimano Sin Caja Manilla Cambio Shifter XTR SL-M9100"},"content":{"rendered":"<p><strong>Shifter 11\/12v Shimano XTR SL-M9100 (I-Spec EV) sin abrazadera<\/strong><\/p>\n<p>La palanca de cambios Shimano XTR SL-M9100-I Rapidfire Plus de 11\/12 velocidades con nueva construcci\u00f3n I-Spec EV presenta un dise\u00f1o liviano, ergon\u00f3mico y compacto. Adem\u00e1s del comportamiento cambiante, el rendimiento tambi\u00e9n aumenta. Con un tiempo de acceso de la palanca un 20% m\u00e1s r\u00e1pido y un 35% menos de fuerza.<\/p>\n<p>Palanca de cambio ligera y s\u00faper ergon\u00f3mica: XTR SL-M9100-I de Shimano<\/p>\n<p>Al mejorar el acceso a la palanca y la velocidad de cambio, las nuevas palancas de cambio RAPIDFIRE PLUS ofrecen una fuerza de operaci\u00f3n ligera y m\u00e1s versatilidad. El nuevo dise\u00f1o de la palanca I-Spec EV de Shimano presenta una mayor flexibilidad en el montaje para una cabina limpia y ergon\u00f3mica. Y para los sistemas de doble plato, la palanca simplifica el cambio frontal con un dise\u00f1o liviano y compacto que se mueve hacia arriba y hacia abajo con una sola palanca.<\/p>\n<p><strong>Caracter\u00edsticas:\u00a0<\/strong><\/p>\n<ul>\n<li>\u00a0Maneta de cambio de 11\/12 velocidades XTR SL-M9100 I-Spec EV derecha<\/li>\n<li>I-Spec EV: fijaci\u00f3n de la palanca de cambios en la palanca del freno<\/li>\n<li>Tiempo de acceso a la palanca un 20% m\u00e1s r\u00e1pido<\/li>\n<li>Dise\u00f1o compacto y ligero<\/li>\n<li>El acceso m\u00e1s r\u00e1pido a la palanca y la fuerza de operaci\u00f3n ligera mantienen la concentraci\u00f3n del ciclista<\/li>\n<li>Mayor flexibilidad y dise\u00f1o de cabina optimizado para la acci\u00f3n<\/li>\n<li>Convertidor de 12\/11 velocidades<\/li>\n<li>LIBERACI\u00d3N DE 2 V\u00cdAS para movimientos instant\u00e1neos de empujar \/ tirar<\/li>\n<li>Caracter\u00edsticas del producto<\/li>\n<li>Uso: MTB<\/li>\n<li>Grupo: XTR M9100<\/li>\n<li>Modelo: RD-M9100-IR<\/li>\n<li>Tipo de cambio: Rapidfire Plus<\/li>\n<li>Montaje: I-Spec EV<\/li>\n<li>Engranaje trasero: 11\/12 velocidades (11 (brida ancha) \/ 12)<\/li>\n<li>Pantalla de engranajes \u00f3pticos: No<\/li>\n<li>Lanzamiento instant\u00e1neo: s\u00ed<\/li>\n<li>Lanzamiento m\u00faltiple: S\u00ed<\/li>\n<li>Liberaci\u00f3n bidireccional: S\u00ed<\/li>\n<li>Ajuste de cable: s\u00ed<\/li>\n<li>Compatibilidad (desviador trasero)<\/li>\n<li>1&#215;11 \/ 12 velocidades RD-M9100-GS<\/li>\n<li>RD-M9100-SGS de 1&#215;12 velocidades<\/li>\n<li>RD-M9120-SGS de 1 \/ 2&#215;12 velocidades<\/li>\n<li>Material: Cuerpo de la palanca principal: Aluminio pintado; Cuerpo de la palanca: Aluminio, GFRP<\/li>\n<li>Peso: 117g (informaci\u00f3n del fabricante)<\/li>\n<\/ul>\n","protected":false},"excerpt":{"rendered":"<p><strong>Shimano Sin Caja Manilla Cambio Shifter XTR SL-M9100.<\/strong> Experimenta cambios instant\u00e1neos y precisos con la m\u00e1xima palanca XTR de Shimano. Dise\u00f1ada para los riders m\u00e1s exigentes, ofrece un rendimiento inigualable en cualquier terreno. #Shimano #XTR #SLM9100 #cambio #MTB #altagama<\/p>\n","protected":false},"featured_media":20725,"comment_status":"open","ping_status":"closed","template":"","meta":[],"product_cat":[195,200],"product_tag":[1196,1348,1350,1345,1351],"class_list":{"0":"post-20727","1":"product","2":"type-product","3":"status-publish","4":"has-post-thumbnail","6":"product_brand-shimano","7":"product_cat-bicicletas","8":"product_cat-bicicletas-usadas","9":"product_tag-shifter","10":"product_tag-shimano","11":"product_tag-sin-caja","12":"product_tag-usado","13":"product_tag-xtr","15":"first","16":"instock","17":"taxable","18":"shipping-taxable","19":"purchasable","20":"product-type-simple"},"yoast_head":"<!-- This site is optimized with the Yoast SEO Premium plugin v24.8 (Yoast SEO v25.6) - https:\/\/yoast.com\/wordpress\/plugins\/seo\/ -->\n<title>Shimano Sin Caja Manilla Cambio Shifter XTR SL-M9100 - NaturalBikes<\/title>\n<meta name=\"description\" content=\"Shimano Sin Caja Manilla Cambio Shifter XTR SL-M9100. Experimenta cambios instant\u00e1neos y precisos con la m\u00e1xima palanca XTR de Shimano. Dise\u00f1ada para los riders m\u00e1s exigentes, ofrece un rendimiento inigualable en cualquier terreno. #Shimano #XTR #SLM9100 #cambio #MTB #altagama\" \/>\n<meta name=\"robots\" content=\"index, follow, max-snippet:-1, max-image-preview:large, max-video-preview:-1\" \/>\n<link rel=\"canonical\" href=\"https:\/\/naturalbikes.cl\/?product=shimano-sin-caja-manilla-cambio-shifter-xtr-sl-m9100\" \/>\n<meta property=\"og:locale\" content=\"es_ES\" \/>\n<meta property=\"og:type\" content=\"article\" \/>\n<meta property=\"og:title\" content=\"Shimano Sin Caja Manilla Cambio Shifter XTR SL-M9100\" \/>\n<meta property=\"og:description\" content=\"Ofrecer a nuestros clientes apasionados por el ciclismo de monta\u00f1a la mejor experiencia en productos, conocimientos especializados y servicios excepcionales. Nos comprometemos a proporcionar una amplia gama de bicicletas, accesorios y equipo de alta calidad, junto con asesoramiento experto y atenci\u00f3n personalizada para cada ciclista, para que puedan explorar, disfrutar y maximizar su aventura en el mundo del MTB\" \/>\n<meta property=\"og:url\" content=\"https:\/\/naturalbikes.cl\/?product=shimano-sin-caja-manilla-cambio-shifter-xtr-sl-m9100\" \/>\n<meta property=\"og:site_name\" content=\"NaturalBikes\" \/>\n<meta property=\"article:publisher\" content=\"https:\/\/www.facebook.com\/naturalbikescl\" \/>\n<meta property=\"article:modified_time\" content=\"2026-01-06T20:12:00+00:00\" \/>\n<meta property=\"og:image\" content=\"https:\/\/naturalbikes.cl\/wp-content\/uploads\/2024\/07\/shimano-xtr-sl-m9100-i-spec-ev-schalthebel-rechts-11-12-fach-1_5000x.jpg.webp\" \/>\n\t<meta property=\"og:image:width\" content=\"613\" \/>\n\t<meta property=\"og:image:height\" content=\"613\" \/>\n\t<meta property=\"og:image:type\" content=\"image\/webp\" \/>\n<meta name=\"twitter:card\" content=\"summary_large_image\" \/>\n<meta name=\"twitter:label1\" content=\"Tiempo de lectura\" \/>\n\t<meta name=\"twitter:data1\" content=\"2 minutos\" \/>\n<script type=\"application\/ld+json\" class=\"yoast-schema-graph\">{\"@context\":\"https:\/\/schema.org\",\"@graph\":[{\"@type\":\"WebPage\",\"@id\":\"https:\/\/naturalbikes.cl\/?product=shimano-sin-caja-manilla-cambio-shifter-xtr-sl-m9100\",\"url\":\"https:\/\/naturalbikes.cl\/?product=shimano-sin-caja-manilla-cambio-shifter-xtr-sl-m9100\",\"name\":\"Shimano Sin Caja Manilla Cambio Shifter XTR SL-M9100 - NaturalBikes\",\"isPartOf\":{\"@id\":\"https:\/\/naturalbikes.cl\/#website\"},\"primaryImageOfPage\":{\"@id\":\"https:\/\/naturalbikes.cl\/?product=shimano-sin-caja-manilla-cambio-shifter-xtr-sl-m9100#primaryimage\"},\"image\":{\"@id\":\"https:\/\/naturalbikes.cl\/?product=shimano-sin-caja-manilla-cambio-shifter-xtr-sl-m9100#primaryimage\"},\"thumbnailUrl\":\"https:\/\/naturalbikes.cl\/wp-content\/uploads\/2024\/07\/shimano-xtr-sl-m9100-i-spec-ev-schalthebel-rechts-11-12-fach-1_5000x.jpg.webp\",\"datePublished\":\"2024-07-31T14:15:08+00:00\",\"dateModified\":\"2026-01-06T20:12:00+00:00\",\"description\":\"Shimano Sin Caja Manilla Cambio Shifter XTR SL-M9100. Experimenta cambios instant\u00e1neos y precisos con la m\u00e1xima palanca XTR de Shimano. Dise\u00f1ada para los riders m\u00e1s exigentes, ofrece un rendimiento inigualable en cualquier terreno. #Shimano #XTR #SLM9100 #cambio #MTB #altagama\",\"breadcrumb\":{\"@id\":\"https:\/\/naturalbikes.cl\/?product=shimano-sin-caja-manilla-cambio-shifter-xtr-sl-m9100#breadcrumb\"},\"inLanguage\":\"es\",\"potentialAction\":[{\"@type\":\"ReadAction\",\"target\":[\"https:\/\/naturalbikes.cl\/?product=shimano-sin-caja-manilla-cambio-shifter-xtr-sl-m9100\"]}]},{\"@type\":\"ImageObject\",\"inLanguage\":\"es\",\"@id\":\"https:\/\/naturalbikes.cl\/?product=shimano-sin-caja-manilla-cambio-shifter-xtr-sl-m9100#primaryimage\",\"url\":\"https:\/\/naturalbikes.cl\/wp-content\/uploads\/2024\/07\/shimano-xtr-sl-m9100-i-spec-ev-schalthebel-rechts-11-12-fach-1_5000x.jpg.webp\",\"contentUrl\":\"https:\/\/naturalbikes.cl\/wp-content\/uploads\/2024\/07\/shimano-xtr-sl-m9100-i-spec-ev-schalthebel-rechts-11-12-fach-1_5000x.jpg.webp\",\"width\":613,\"height\":613},{\"@type\":\"BreadcrumbList\",\"@id\":\"https:\/\/naturalbikes.cl\/?product=shimano-sin-caja-manilla-cambio-shifter-xtr-sl-m9100#breadcrumb\",\"itemListElement\":[{\"@type\":\"ListItem\",\"position\":1,\"name\":\"Portada\",\"item\":\"https:\/\/naturalbikes.cl\/\"},{\"@type\":\"ListItem\",\"position\":2,\"name\":\"Tienda NB\",\"item\":\"https:\/\/naturalbikes.cl\/?page_id=7843\"},{\"@type\":\"ListItem\",\"position\":3,\"name\":\"Shimano\",\"item\":\"https:\/\/naturalbikes.cl\/?product_brand=shimano\"},{\"@type\":\"ListItem\",\"position\":4,\"name\":\"Shimano Sin Caja Manilla Cambio Shifter XTR SL-M9100\"}]},{\"@type\":\"WebSite\",\"@id\":\"https:\/\/naturalbikes.cl\/#website\",\"url\":\"https:\/\/naturalbikes.cl\/\",\"name\":\"Natural Bikes\",\"description\":\"Tienda de bicicletas repuestos accesorios taller mantenimiento clases salidas\",\"publisher\":{\"@id\":\"https:\/\/naturalbikes.cl\/#organization\"},\"alternateName\":\"Natural Bikes\",\"potentialAction\":[{\"@type\":\"SearchAction\",\"target\":{\"@type\":\"EntryPoint\",\"urlTemplate\":\"https:\/\/naturalbikes.cl\/?s={search_term_string}\"},\"query-input\":{\"@type\":\"PropertyValueSpecification\",\"valueRequired\":true,\"valueName\":\"search_term_string\"}}],\"inLanguage\":\"es\"},{\"@type\":\"Organization\",\"@id\":\"https:\/\/naturalbikes.cl\/#organization\",\"name\":\"Natural Bikes\",\"alternateName\":\"Natural Bikes\",\"url\":\"https:\/\/naturalbikes.cl\/\",\"logo\":{\"@type\":\"ImageObject\",\"inLanguage\":\"es\",\"@id\":\"https:\/\/naturalbikes.cl\/#\/schema\/logo\/image\/\",\"url\":\"https:\/\/naturalbikes.cl\/wp-content\/uploads\/2024\/05\/2023-10-10-10.44.12.jpg\",\"contentUrl\":\"https:\/\/naturalbikes.cl\/wp-content\/uploads\/2024\/05\/2023-10-10-10.44.12.jpg\",\"width\":650,\"height\":650,\"caption\":\"Natural Bikes\"},\"image\":{\"@id\":\"https:\/\/naturalbikes.cl\/#\/schema\/logo\/image\/\"},\"sameAs\":[\"https:\/\/www.facebook.com\/naturalbikescl\",\"https:\/\/www.instagram.com\/natural.bikes\",\"https:\/\/www.tiktok.com\/@natural.bikes\"],\"description\":\"Ofrecer a nuestros clientes apasionados por el ciclismo de monta\u00f1a la mejor experiencia en productos, conocimientos especializados y servicios excepcionales. Nos comprometemos a proporcionar una amplia gama de bicicletas, accesorios y equipo de alta calidad, junto con asesoramiento experto y atenci\u00f3n personalizada para cada ciclista, para que puedan explorar, disfrutar y maximizar su aventura en el mundo del MTB\",\"email\":\"naturalbikes1@gmail.com\",\"telephone\":\"56977043878\",\"legalName\":\"Natural Bikes Limitada\",\"foundingDate\":\"2024-01-01\",\"vatID\":\"76699553-5\",\"taxID\":\"76699553-5\",\"numberOfEmployees\":{\"@type\":\"QuantitativeValue\",\"minValue\":\"1\",\"maxValue\":\"10\"},\"publishingPrinciples\":\"https:\/\/naturalbikes.cl\/?page_id=7843\",\"ownershipFundingInfo\":\"https:\/\/naturalbikes.cl\/?page_id=7843\",\"actionableFeedbackPolicy\":\"https:\/\/naturalbikes.cl\/?page_id=14797\",\"correctionsPolicy\":\"https:\/\/naturalbikes.cl\/?page_id=3\",\"ethicsPolicy\":\"https:\/\/naturalbikes.cl\/?page_id=7843\",\"diversityPolicy\":\"https:\/\/naturalbikes.cl\/?page_id=11734\",\"diversityStaffingReport\":\"https:\/\/naturalbikes.cl\/?page_id=12161\"}]}<\/script>\n<!-- \/ Yoast SEO Premium plugin. -->","yoast_head_json":{"title":"Shimano Sin Caja Manilla Cambio Shifter XTR SL-M9100 - NaturalBikes","description":"Shimano Sin Caja Manilla Cambio Shifter XTR SL-M9100. Experimenta cambios instant\u00e1neos y precisos con la m\u00e1xima palanca XTR de Shimano. Dise\u00f1ada para los riders m\u00e1s exigentes, ofrece un rendimiento inigualable en cualquier terreno. #Shimano #XTR #SLM9100 #cambio #MTB #altagama","robots":{"index":"index","follow":"follow","max-snippet":"max-snippet:-1","max-image-preview":"max-image-preview:large","max-video-preview":"max-video-preview:-1"},"canonical":"https:\/\/naturalbikes.cl\/?product=shimano-sin-caja-manilla-cambio-shifter-xtr-sl-m9100","og_locale":"es_ES","og_type":"article","og_title":"Shimano Sin Caja Manilla Cambio Shifter XTR SL-M9100","og_description":"Ofrecer a nuestros clientes apasionados por el ciclismo de monta\u00f1a la mejor experiencia en productos, conocimientos especializados y servicios excepcionales. Nos comprometemos a proporcionar una amplia gama de bicicletas, accesorios y equipo de alta calidad, junto con asesoramiento experto y atenci\u00f3n personalizada para cada ciclista, para que puedan explorar, disfrutar y maximizar su aventura en el mundo del MTB","og_url":"https:\/\/naturalbikes.cl\/?product=shimano-sin-caja-manilla-cambio-shifter-xtr-sl-m9100","og_site_name":"NaturalBikes","article_publisher":"https:\/\/www.facebook.com\/naturalbikescl","article_modified_time":"2026-01-06T20:12:00+00:00","og_image":[{"width":613,"height":613,"url":"https:\/\/naturalbikes.cl\/wp-content\/uploads\/2024\/07\/shimano-xtr-sl-m9100-i-spec-ev-schalthebel-rechts-11-12-fach-1_5000x.jpg.webp","type":"image\/webp"}],"twitter_card":"summary_large_image","twitter_misc":{"Tiempo de lectura":"2 minutos"},"schema":{"@context":"https:\/\/schema.org","@graph":[{"@type":"WebPage","@id":"https:\/\/naturalbikes.cl\/?product=shimano-sin-caja-manilla-cambio-shifter-xtr-sl-m9100","url":"https:\/\/naturalbikes.cl\/?product=shimano-sin-caja-manilla-cambio-shifter-xtr-sl-m9100","name":"Shimano Sin Caja Manilla Cambio Shifter XTR SL-M9100 - NaturalBikes","isPartOf":{"@id":"https:\/\/naturalbikes.cl\/#website"},"primaryImageOfPage":{"@id":"https:\/\/naturalbikes.cl\/?product=shimano-sin-caja-manilla-cambio-shifter-xtr-sl-m9100#primaryimage"},"image":{"@id":"https:\/\/naturalbikes.cl\/?product=shimano-sin-caja-manilla-cambio-shifter-xtr-sl-m9100#primaryimage"},"thumbnailUrl":"https:\/\/naturalbikes.cl\/wp-content\/uploads\/2024\/07\/shimano-xtr-sl-m9100-i-spec-ev-schalthebel-rechts-11-12-fach-1_5000x.jpg.webp","datePublished":"2024-07-31T14:15:08+00:00","dateModified":"2026-01-06T20:12:00+00:00","description":"Shimano Sin Caja Manilla Cambio Shifter XTR SL-M9100. Experimenta cambios instant\u00e1neos y precisos con la m\u00e1xima palanca XTR de Shimano. Dise\u00f1ada para los riders m\u00e1s exigentes, ofrece un rendimiento inigualable en cualquier terreno. #Shimano #XTR #SLM9100 #cambio #MTB #altagama","breadcrumb":{"@id":"https:\/\/naturalbikes.cl\/?product=shimano-sin-caja-manilla-cambio-shifter-xtr-sl-m9100#breadcrumb"},"inLanguage":"es","potentialAction":[{"@type":"ReadAction","target":["https:\/\/naturalbikes.cl\/?product=shimano-sin-caja-manilla-cambio-shifter-xtr-sl-m9100"]}]},{"@type":"ImageObject","inLanguage":"es","@id":"https:\/\/naturalbikes.cl\/?product=shimano-sin-caja-manilla-cambio-shifter-xtr-sl-m9100#primaryimage","url":"https:\/\/naturalbikes.cl\/wp-content\/uploads\/2024\/07\/shimano-xtr-sl-m9100-i-spec-ev-schalthebel-rechts-11-12-fach-1_5000x.jpg.webp","contentUrl":"https:\/\/naturalbikes.cl\/wp-content\/uploads\/2024\/07\/shimano-xtr-sl-m9100-i-spec-ev-schalthebel-rechts-11-12-fach-1_5000x.jpg.webp","width":613,"height":613},{"@type":"BreadcrumbList","@id":"https:\/\/naturalbikes.cl\/?product=shimano-sin-caja-manilla-cambio-shifter-xtr-sl-m9100#breadcrumb","itemListElement":[{"@type":"ListItem","position":1,"name":"Portada","item":"https:\/\/naturalbikes.cl\/"},{"@type":"ListItem","position":2,"name":"Tienda NB","item":"https:\/\/naturalbikes.cl\/?page_id=7843"},{"@type":"ListItem","position":3,"name":"Shimano","item":"https:\/\/naturalbikes.cl\/?product_brand=shimano"},{"@type":"ListItem","position":4,"name":"Shimano Sin Caja Manilla Cambio Shifter XTR SL-M9100"}]},{"@type":"WebSite","@id":"https:\/\/naturalbikes.cl\/#website","url":"https:\/\/naturalbikes.cl\/","name":"Natural Bikes","description":"Tienda de bicicletas repuestos accesorios taller mantenimiento clases salidas","publisher":{"@id":"https:\/\/naturalbikes.cl\/#organization"},"alternateName":"Natural Bikes","potentialAction":[{"@type":"SearchAction","target":{"@type":"EntryPoint","urlTemplate":"https:\/\/naturalbikes.cl\/?s={search_term_string}"},"query-input":{"@type":"PropertyValueSpecification","valueRequired":true,"valueName":"search_term_string"}}],"inLanguage":"es"},{"@type":"Organization","@id":"https:\/\/naturalbikes.cl\/#organization","name":"Natural Bikes","alternateName":"Natural Bikes","url":"https:\/\/naturalbikes.cl\/","logo":{"@type":"ImageObject","inLanguage":"es","@id":"https:\/\/naturalbikes.cl\/#\/schema\/logo\/image\/","url":"https:\/\/naturalbikes.cl\/wp-content\/uploads\/2024\/05\/2023-10-10-10.44.12.jpg","contentUrl":"https:\/\/naturalbikes.cl\/wp-content\/uploads\/2024\/05\/2023-10-10-10.44.12.jpg","width":650,"height":650,"caption":"Natural Bikes"},"image":{"@id":"https:\/\/naturalbikes.cl\/#\/schema\/logo\/image\/"},"sameAs":["https:\/\/www.facebook.com\/naturalbikescl","https:\/\/www.instagram.com\/natural.bikes","https:\/\/www.tiktok.com\/@natural.bikes"],"description":"Ofrecer a nuestros clientes apasionados por el ciclismo de monta\u00f1a la mejor experiencia en productos, conocimientos especializados y servicios excepcionales. Nos comprometemos a proporcionar una amplia gama de bicicletas, accesorios y equipo de alta calidad, junto con asesoramiento experto y atenci\u00f3n personalizada para cada ciclista, para que puedan explorar, disfrutar y maximizar su aventura en el mundo del MTB","email":"naturalbikes1@gmail.com","telephone":"56977043878","legalName":"Natural Bikes Limitada","foundingDate":"2024-01-01","vatID":"76699553-5","taxID":"76699553-5","numberOfEmployees":{"@type":"QuantitativeValue","minValue":"1","maxValue":"10"},"publishingPrinciples":"https:\/\/naturalbikes.cl\/?page_id=7843","ownershipFundingInfo":"https:\/\/naturalbikes.cl\/?page_id=7843","actionableFeedbackPolicy":"https:\/\/naturalbikes.cl\/?page_id=14797","correctionsPolicy":"https:\/\/naturalbikes.cl\/?page_id=3","ethicsPolicy":"https:\/\/naturalbikes.cl\/?page_id=7843","diversityPolicy":"https:\/\/naturalbikes.cl\/?page_id=11734","diversityStaffingReport":"https:\/\/naturalbikes.cl\/?page_id=12161"}]}},"_links":{"self":[{"href":"https:\/\/naturalbikes.cl\/index.php?rest_route=\/wp\/v2\/product\/20727"}],"collection":[{"href":"https:\/\/naturalbikes.cl\/index.php?rest_route=\/wp\/v2\/product"}],"about":[{"href":"https:\/\/naturalbikes.cl\/index.php?rest_route=\/wp\/v2\/types\/product"}],"replies":[{"embeddable":true,"href":"https:\/\/naturalbikes.cl\/index.php?rest_route=%2Fwp%2Fv2%2Fcomments&post=20727"}],"wp:featuredmedia":[{"embeddable":true,"href":"https:\/\/naturalbikes.cl\/index.php?rest_route=\/wp\/v2\/media\/20725"}],"wp:attachment":[{"href":"https:\/\/naturalbikes.cl\/index.php?rest_route=%2Fwp%2Fv2%2Fmedia&parent=20727"}],"wp:term":[{"taxonomy":"product_cat","embeddable":true,"href":"https:\/\/naturalbikes.cl\/index.php?rest_route=%2Fwp%2Fv2%2Fproduct_cat&post=20727"},{"taxonomy":"product_tag","embeddable":true,"href":"https:\/\/naturalbikes.cl\/index.php?rest_route=%2Fwp%2Fv2%2Fproduct_tag&post=20727"}],"curies":[{"name":"wp","href":"https:\/\/api.w.org\/{rel}","templated":true}]}}