{"id":20665,"date":"2024-07-28T16:45:53","date_gmt":"2024-07-28T20:45:53","guid":{"rendered":"https:\/\/naturalbikes.cl\/?post_type=product&#038;p=20665"},"modified":"2026-01-06T17:11:57","modified_gmt":"2026-01-06T20:11:57","slug":"neumatico-maxxis-kevlar-29x2-40wt-minion-dhr-ii-exo-tr","status":"publish","type":"product","link":"https:\/\/naturalbikes.cl\/?product=neumatico-maxxis-kevlar-29x2-40wt-minion-dhr-ii-exo-tr","title":{"rendered":"Neum\u00e1tico Maxxis Kevlar 29X2.40WT Minion DHR II EXO\/TR"},"content":{"rendered":"<p><strong><a href=\"https:\/\/naturalbikes.cl\/wp-content\/uploads\/2024\/07\/logo_maxxis_novena_racing.jpg.webp\"><img fetchpriority=\"high\" decoding=\"async\" class=\"size-full wp-image-20615 aligncenter\" src=\"https:\/\/naturalbikes.cl\/wp-content\/uploads\/2024\/07\/logo_maxxis_novena_racing.jpg.webp\" alt=\"\" width=\"300\" height=\"300\" srcset=\"https:\/\/naturalbikes.cl\/wp-content\/uploads\/2024\/07\/logo_maxxis_novena_racing.jpg.webp 300w, https:\/\/naturalbikes.cl\/wp-content\/uploads\/2024\/07\/logo_maxxis_novena_racing.jpg-150x150.webp 150w, https:\/\/naturalbikes.cl\/wp-content\/uploads\/2024\/07\/logo_maxxis_novena_racing.jpg-100x100.webp 100w, https:\/\/naturalbikes.cl\/wp-content\/uploads\/2024\/07\/logo_maxxis_novena_racing.jpg-50x50.webp 50w\" sizes=\"(max-width: 300px) 100vw, 300px\" \/><\/a><\/strong><\/p>\n<div class=\"content--title\"><strong>Maxxis<\/strong>\u00a0Minion DHR II Rear WT 29 x 2.40&#8243; TR EXO Dual 60 folding tyre<\/div>\n<div class=\"product--description\">Con su dise\u00f1o de banda de rodadura completamente nuevo, el Minion DHR II es el neum\u00e1tico ideal para la conducci\u00f3n agresiva por gravedad.Con los tacos laterales del legendario DHF, que fueron algo ensanchados para un mejor agarre en las curvas, tiene un agarre extremo en las curvas. Los tacos centrales tienen tacos c\u00f3nicos para una mejor aceleraci\u00f3n. Los tacos mejoran las muescas de transici\u00f3n al entrar en las curvas. Una parte del nervio central tiene forma de paleta, se entierran durante las frenadas fuertes y ayudan a mantener la moto bajo control.<\/p>\n<hr \/>\n<h3>Caracter\u00edsticas del producto<\/h3>\n<ul>\n<li><strong>Uso:<\/strong>\u00a0AM, ES<\/li>\n<li><strong>Tama\u00f1o<\/strong>: 29&#215;2.40&#8243;<\/li>\n<li><strong>ETRTO:<\/strong>\u00a061-622<\/li>\n<li><strong>Versi\u00f3n:<\/strong>\u00a0Tubeless Ready + EXO<\/li>\n<li><strong>Mezcla:<\/strong>\u00a0Dual<\/li>\n<li><strong>Carcasa:<\/strong>\u00a060<\/li>\n<\/ul>\n<h3>Peso<\/h3>\n<ul>\n<li>955 g<\/li>\n<\/ul>\n<hr \/>\n<h3>Volumen de suministro<\/h3>\n<ul>\n<li>1 Maxxis Minion DHR II trasera 29 x 2.40&#8243; TR EXO Dual Folding<\/li>\n<\/ul>\n<hr \/>\n<h3>Preparada para Tubeless (TR)<\/h3>\n<ul>\n<li>Las cubiertas sin c\u00e1mara tienen muchas ventajas: Puedes conducir con menos presi\u00f3n de aire. Esto proporciona una mejor tracci\u00f3n y la resistencia a la rodadura disminuye. Y donde no hay manguera, tambi\u00e9n disminuye el riesgo de pinchazos. Los neum\u00e1ticos MAXXIS TR est\u00e1n mejor preparados para el montaje con leche de sellado que otros neum\u00e1ticos \u00abTubeless Ready\u00bb. La protuberancia de nuestro neum\u00e1tico TR est\u00e1 completamente cubierta como un verdadero neum\u00e1tico UST sin c\u00e1mara con una capa de goma. As\u00ed, el Schlauchlosmontage es exitoso para todas las llantas con dimensiones est\u00e1ndar ya en el primer inflado y con poco l\u00edquido.<\/li>\n<\/ul>\n<h3>Protecci\u00f3n EXO<\/h3>\n<ul>\n<li>Este material extremadamente resistente a los cortes y a la abrasi\u00f3n protege el flanco de varias cubiertas de MTB. Est\u00e1 muy bien tejido, es ligero y muy flexible. Como resultado, el rendimiento del neum\u00e1tico sigue siendo convincentemente bueno.<\/li>\n<\/ul>\n<\/div>\n<p><strong>\u00a0<\/strong><\/p>\n","protected":false},"excerpt":{"rendered":"<p><a href=\"https:\/\/naturalbikes.cl\/wp-content\/uploads\/2024\/07\/logo_maxxis_novena_racing.jpg.webp\"><img decoding=\"async\" class=\"wp-image-20615 alignleft\" src=\"https:\/\/naturalbikes.cl\/wp-content\/uploads\/2024\/07\/logo_maxxis_novena_racing.jpg.webp\" alt=\"\" width=\"100\" height=\"100\" srcset=\"https:\/\/naturalbikes.cl\/wp-content\/uploads\/2024\/07\/logo_maxxis_novena_racing.jpg.webp 300w, https:\/\/naturalbikes.cl\/wp-content\/uploads\/2024\/07\/logo_maxxis_novena_racing.jpg-150x150.webp 150w, https:\/\/naturalbikes.cl\/wp-content\/uploads\/2024\/07\/logo_maxxis_novena_racing.jpg-100x100.webp 100w, https:\/\/naturalbikes.cl\/wp-content\/uploads\/2024\/07\/logo_maxxis_novena_racing.jpg-50x50.webp 50w\" sizes=\"(max-width: 100px) 100vw, 100px\" \/><\/a><strong>Neum\u00e1tico Maxxis Minion DHR II 29&#215;2.40 WT EXO\/TR Kevlar.<\/strong> Domin\u00e1 los descensos m\u00e1s agresivos con este neum\u00e1tico de monta\u00f1a dise\u00f1ado para m\u00e1xima tracci\u00f3n y durabilidad. Su compuesto EXO protege los flancos de cortes,mientras que la tecnolog\u00eda Tubeless Ready (TR) optimiza el rendimiento. Ideal para All Mountain y Enduro.<\/p>\n","protected":false},"featured_media":20666,"comment_status":"open","ping_status":"closed","template":"","meta":[],"product_cat":[198,305,237],"product_tag":[1158,1322,149,1157],"class_list":{"0":"post-20665","1":"product","2":"type-product","3":"status-publish","4":"has-post-thumbnail","6":"product_brand-maxxis","7":"product_cat-componentes","8":"product_cat-maxxis","9":"product_cat-neumaticos","10":"product_tag-maxxis","11":"product_tag-minion-dhr-ii","12":"product_tag-neumaticos","13":"product_tag-tires","15":"first","16":"instock","17":"taxable","18":"shipping-taxable","19":"purchasable","20":"product-type-simple"},"yoast_head":"<!-- This site is optimized with the Yoast SEO Premium plugin v24.8 (Yoast SEO v25.6) - https:\/\/yoast.com\/wordpress\/plugins\/seo\/ -->\n<title>Neum\u00e1tico Maxxis Kevlar 29X2.40WT Minion DHR II EXO\/TR - NaturalBikes<\/title>\n<meta name=\"description\" content=\"Neum\u00e1tico Maxxis Minion DHR II 29x2.40 WT EXO\/TR Kevlar. Domin\u00e1 los descensos m\u00e1s agresivos con este neum\u00e1tico de monta\u00f1a dise\u00f1ado para m\u00e1xima tracci\u00f3n y durabilidad. Su compuesto EXO protege los flancos de cortes, mientras que la tecnolog\u00eda Tubeless Ready (TR) optimiza el rendimiento. Ideal para All Mountain y Enduro.\" \/>\n<meta name=\"robots\" content=\"index, follow, max-snippet:-1, max-image-preview:large, max-video-preview:-1\" \/>\n<link rel=\"canonical\" href=\"https:\/\/naturalbikes.cl\/?product=neumatico-maxxis-kevlar-29x2-40wt-minion-dhr-ii-exo-tr\" \/>\n<meta property=\"og:locale\" content=\"es_ES\" \/>\n<meta property=\"og:type\" content=\"article\" \/>\n<meta property=\"og:title\" content=\"Neum\u00e1tico Maxxis Kevlar 29X2.40WT Minion DHR II EXO\/TR\" \/>\n<meta property=\"og:description\" content=\"Ofrecer a nuestros clientes apasionados por el ciclismo de monta\u00f1a la mejor experiencia en productos, conocimientos especializados y servicios excepcionales. Nos comprometemos a proporcionar una amplia gama de bicicletas, accesorios y equipo de alta calidad, junto con asesoramiento experto y atenci\u00f3n personalizada para cada ciclista, para que puedan explorar, disfrutar y maximizar su aventura en el mundo del MTB\" \/>\n<meta property=\"og:url\" content=\"https:\/\/naturalbikes.cl\/?product=neumatico-maxxis-kevlar-29x2-40wt-minion-dhr-ii-exo-tr\" \/>\n<meta property=\"og:site_name\" content=\"NaturalBikes\" \/>\n<meta property=\"article:publisher\" content=\"https:\/\/www.facebook.com\/naturalbikescl\" \/>\n<meta property=\"article:modified_time\" content=\"2026-01-06T20:11:57+00:00\" \/>\n<meta property=\"og:image\" content=\"https:\/\/naturalbikes.cl\/wp-content\/uploads\/2024\/07\/maxxis-7450-e1632543519910.jpg\" \/>\n\t<meta property=\"og:image:width\" content=\"250\" \/>\n\t<meta property=\"og:image:height\" content=\"251\" \/>\n\t<meta property=\"og:image:type\" content=\"image\/jpeg\" \/>\n<meta name=\"twitter:card\" content=\"summary_large_image\" \/>\n<meta name=\"twitter:label1\" content=\"Tiempo de lectura\" \/>\n\t<meta name=\"twitter:data1\" content=\"2 minutos\" \/>\n<script type=\"application\/ld+json\" class=\"yoast-schema-graph\">{\"@context\":\"https:\/\/schema.org\",\"@graph\":[{\"@type\":\"WebPage\",\"@id\":\"https:\/\/naturalbikes.cl\/?product=neumatico-maxxis-kevlar-29x2-40wt-minion-dhr-ii-exo-tr\",\"url\":\"https:\/\/naturalbikes.cl\/?product=neumatico-maxxis-kevlar-29x2-40wt-minion-dhr-ii-exo-tr\",\"name\":\"Neum\u00e1tico Maxxis Kevlar 29X2.40WT Minion DHR II EXO\/TR - NaturalBikes\",\"isPartOf\":{\"@id\":\"https:\/\/naturalbikes.cl\/#website\"},\"primaryImageOfPage\":{\"@id\":\"https:\/\/naturalbikes.cl\/?product=neumatico-maxxis-kevlar-29x2-40wt-minion-dhr-ii-exo-tr#primaryimage\"},\"image\":{\"@id\":\"https:\/\/naturalbikes.cl\/?product=neumatico-maxxis-kevlar-29x2-40wt-minion-dhr-ii-exo-tr#primaryimage\"},\"thumbnailUrl\":\"https:\/\/naturalbikes.cl\/wp-content\/uploads\/2024\/07\/maxxis-7450-e1632543519910.jpg\",\"datePublished\":\"2024-07-28T20:45:53+00:00\",\"dateModified\":\"2026-01-06T20:11:57+00:00\",\"description\":\"Neum\u00e1tico Maxxis Minion DHR II 29x2.40 WT EXO\/TR Kevlar. Domin\u00e1 los descensos m\u00e1s agresivos con este neum\u00e1tico de monta\u00f1a dise\u00f1ado para m\u00e1xima tracci\u00f3n y durabilidad. Su compuesto EXO protege los flancos de cortes, mientras que la tecnolog\u00eda Tubeless Ready (TR) optimiza el rendimiento. Ideal para All Mountain y Enduro.\",\"breadcrumb\":{\"@id\":\"https:\/\/naturalbikes.cl\/?product=neumatico-maxxis-kevlar-29x2-40wt-minion-dhr-ii-exo-tr#breadcrumb\"},\"inLanguage\":\"es\",\"potentialAction\":[{\"@type\":\"ReadAction\",\"target\":[\"https:\/\/naturalbikes.cl\/?product=neumatico-maxxis-kevlar-29x2-40wt-minion-dhr-ii-exo-tr\"]}]},{\"@type\":\"ImageObject\",\"inLanguage\":\"es\",\"@id\":\"https:\/\/naturalbikes.cl\/?product=neumatico-maxxis-kevlar-29x2-40wt-minion-dhr-ii-exo-tr#primaryimage\",\"url\":\"https:\/\/naturalbikes.cl\/wp-content\/uploads\/2024\/07\/maxxis-7450-e1632543519910.jpg\",\"contentUrl\":\"https:\/\/naturalbikes.cl\/wp-content\/uploads\/2024\/07\/maxxis-7450-e1632543519910.jpg\",\"width\":250,\"height\":251},{\"@type\":\"BreadcrumbList\",\"@id\":\"https:\/\/naturalbikes.cl\/?product=neumatico-maxxis-kevlar-29x2-40wt-minion-dhr-ii-exo-tr#breadcrumb\",\"itemListElement\":[{\"@type\":\"ListItem\",\"position\":1,\"name\":\"Portada\",\"item\":\"https:\/\/naturalbikes.cl\/\"},{\"@type\":\"ListItem\",\"position\":2,\"name\":\"Tienda NB\",\"item\":\"https:\/\/naturalbikes.cl\/?page_id=7843\"},{\"@type\":\"ListItem\",\"position\":3,\"name\":\"Maxxis\",\"item\":\"https:\/\/naturalbikes.cl\/?product_brand=maxxis\"},{\"@type\":\"ListItem\",\"position\":4,\"name\":\"Neum\u00e1tico Maxxis Kevlar 29X2.40WT Minion DHR II EXO\/TR\"}]},{\"@type\":\"WebSite\",\"@id\":\"https:\/\/naturalbikes.cl\/#website\",\"url\":\"https:\/\/naturalbikes.cl\/\",\"name\":\"Natural Bikes\",\"description\":\"Tienda de bicicletas repuestos accesorios taller mantenimiento clases salidas\",\"publisher\":{\"@id\":\"https:\/\/naturalbikes.cl\/#organization\"},\"alternateName\":\"Natural Bikes\",\"potentialAction\":[{\"@type\":\"SearchAction\",\"target\":{\"@type\":\"EntryPoint\",\"urlTemplate\":\"https:\/\/naturalbikes.cl\/?s={search_term_string}\"},\"query-input\":{\"@type\":\"PropertyValueSpecification\",\"valueRequired\":true,\"valueName\":\"search_term_string\"}}],\"inLanguage\":\"es\"},{\"@type\":\"Organization\",\"@id\":\"https:\/\/naturalbikes.cl\/#organization\",\"name\":\"Natural Bikes\",\"alternateName\":\"Natural Bikes\",\"url\":\"https:\/\/naturalbikes.cl\/\",\"logo\":{\"@type\":\"ImageObject\",\"inLanguage\":\"es\",\"@id\":\"https:\/\/naturalbikes.cl\/#\/schema\/logo\/image\/\",\"url\":\"https:\/\/naturalbikes.cl\/wp-content\/uploads\/2024\/05\/2023-10-10-10.44.12.jpg\",\"contentUrl\":\"https:\/\/naturalbikes.cl\/wp-content\/uploads\/2024\/05\/2023-10-10-10.44.12.jpg\",\"width\":650,\"height\":650,\"caption\":\"Natural Bikes\"},\"image\":{\"@id\":\"https:\/\/naturalbikes.cl\/#\/schema\/logo\/image\/\"},\"sameAs\":[\"https:\/\/www.facebook.com\/naturalbikescl\",\"https:\/\/www.instagram.com\/natural.bikes\",\"https:\/\/www.tiktok.com\/@natural.bikes\"],\"description\":\"Ofrecer a nuestros clientes apasionados por el ciclismo de monta\u00f1a la mejor experiencia en productos, conocimientos especializados y servicios excepcionales. Nos comprometemos a proporcionar una amplia gama de bicicletas, accesorios y equipo de alta calidad, junto con asesoramiento experto y atenci\u00f3n personalizada para cada ciclista, para que puedan explorar, disfrutar y maximizar su aventura en el mundo del MTB\",\"email\":\"naturalbikes1@gmail.com\",\"telephone\":\"56977043878\",\"legalName\":\"Natural Bikes Limitada\",\"foundingDate\":\"2024-01-01\",\"vatID\":\"76699553-5\",\"taxID\":\"76699553-5\",\"numberOfEmployees\":{\"@type\":\"QuantitativeValue\",\"minValue\":\"1\",\"maxValue\":\"10\"},\"publishingPrinciples\":\"https:\/\/naturalbikes.cl\/?page_id=7843\",\"ownershipFundingInfo\":\"https:\/\/naturalbikes.cl\/?page_id=7843\",\"actionableFeedbackPolicy\":\"https:\/\/naturalbikes.cl\/?page_id=14797\",\"correctionsPolicy\":\"https:\/\/naturalbikes.cl\/?page_id=3\",\"ethicsPolicy\":\"https:\/\/naturalbikes.cl\/?page_id=7843\",\"diversityPolicy\":\"https:\/\/naturalbikes.cl\/?page_id=11734\",\"diversityStaffingReport\":\"https:\/\/naturalbikes.cl\/?page_id=12161\"}]}<\/script>\n<!-- \/ Yoast SEO Premium plugin. -->","yoast_head_json":{"title":"Neum\u00e1tico Maxxis Kevlar 29X2.40WT Minion DHR II EXO\/TR - NaturalBikes","description":"Neum\u00e1tico Maxxis Minion DHR II 29x2.40 WT EXO\/TR Kevlar. Domin\u00e1 los descensos m\u00e1s agresivos con este neum\u00e1tico de monta\u00f1a dise\u00f1ado para m\u00e1xima tracci\u00f3n y durabilidad. Su compuesto EXO protege los flancos de cortes, mientras que la tecnolog\u00eda Tubeless Ready (TR) optimiza el rendimiento. Ideal para All Mountain y Enduro.","robots":{"index":"index","follow":"follow","max-snippet":"max-snippet:-1","max-image-preview":"max-image-preview:large","max-video-preview":"max-video-preview:-1"},"canonical":"https:\/\/naturalbikes.cl\/?product=neumatico-maxxis-kevlar-29x2-40wt-minion-dhr-ii-exo-tr","og_locale":"es_ES","og_type":"article","og_title":"Neum\u00e1tico Maxxis Kevlar 29X2.40WT Minion DHR II EXO\/TR","og_description":"Ofrecer a nuestros clientes apasionados por el ciclismo de monta\u00f1a la mejor experiencia en productos, conocimientos especializados y servicios excepcionales. Nos comprometemos a proporcionar una amplia gama de bicicletas, accesorios y equipo de alta calidad, junto con asesoramiento experto y atenci\u00f3n personalizada para cada ciclista, para que puedan explorar, disfrutar y maximizar su aventura en el mundo del MTB","og_url":"https:\/\/naturalbikes.cl\/?product=neumatico-maxxis-kevlar-29x2-40wt-minion-dhr-ii-exo-tr","og_site_name":"NaturalBikes","article_publisher":"https:\/\/www.facebook.com\/naturalbikescl","article_modified_time":"2026-01-06T20:11:57+00:00","og_image":[{"width":250,"height":251,"url":"https:\/\/naturalbikes.cl\/wp-content\/uploads\/2024\/07\/maxxis-7450-e1632543519910.jpg","type":"image\/jpeg"}],"twitter_card":"summary_large_image","twitter_misc":{"Tiempo de lectura":"2 minutos"},"schema":{"@context":"https:\/\/schema.org","@graph":[{"@type":"WebPage","@id":"https:\/\/naturalbikes.cl\/?product=neumatico-maxxis-kevlar-29x2-40wt-minion-dhr-ii-exo-tr","url":"https:\/\/naturalbikes.cl\/?product=neumatico-maxxis-kevlar-29x2-40wt-minion-dhr-ii-exo-tr","name":"Neum\u00e1tico Maxxis Kevlar 29X2.40WT Minion DHR II EXO\/TR - NaturalBikes","isPartOf":{"@id":"https:\/\/naturalbikes.cl\/#website"},"primaryImageOfPage":{"@id":"https:\/\/naturalbikes.cl\/?product=neumatico-maxxis-kevlar-29x2-40wt-minion-dhr-ii-exo-tr#primaryimage"},"image":{"@id":"https:\/\/naturalbikes.cl\/?product=neumatico-maxxis-kevlar-29x2-40wt-minion-dhr-ii-exo-tr#primaryimage"},"thumbnailUrl":"https:\/\/naturalbikes.cl\/wp-content\/uploads\/2024\/07\/maxxis-7450-e1632543519910.jpg","datePublished":"2024-07-28T20:45:53+00:00","dateModified":"2026-01-06T20:11:57+00:00","description":"Neum\u00e1tico Maxxis Minion DHR II 29x2.40 WT EXO\/TR Kevlar. Domin\u00e1 los descensos m\u00e1s agresivos con este neum\u00e1tico de monta\u00f1a dise\u00f1ado para m\u00e1xima tracci\u00f3n y durabilidad. Su compuesto EXO protege los flancos de cortes, mientras que la tecnolog\u00eda Tubeless Ready (TR) optimiza el rendimiento. Ideal para All Mountain y Enduro.","breadcrumb":{"@id":"https:\/\/naturalbikes.cl\/?product=neumatico-maxxis-kevlar-29x2-40wt-minion-dhr-ii-exo-tr#breadcrumb"},"inLanguage":"es","potentialAction":[{"@type":"ReadAction","target":["https:\/\/naturalbikes.cl\/?product=neumatico-maxxis-kevlar-29x2-40wt-minion-dhr-ii-exo-tr"]}]},{"@type":"ImageObject","inLanguage":"es","@id":"https:\/\/naturalbikes.cl\/?product=neumatico-maxxis-kevlar-29x2-40wt-minion-dhr-ii-exo-tr#primaryimage","url":"https:\/\/naturalbikes.cl\/wp-content\/uploads\/2024\/07\/maxxis-7450-e1632543519910.jpg","contentUrl":"https:\/\/naturalbikes.cl\/wp-content\/uploads\/2024\/07\/maxxis-7450-e1632543519910.jpg","width":250,"height":251},{"@type":"BreadcrumbList","@id":"https:\/\/naturalbikes.cl\/?product=neumatico-maxxis-kevlar-29x2-40wt-minion-dhr-ii-exo-tr#breadcrumb","itemListElement":[{"@type":"ListItem","position":1,"name":"Portada","item":"https:\/\/naturalbikes.cl\/"},{"@type":"ListItem","position":2,"name":"Tienda NB","item":"https:\/\/naturalbikes.cl\/?page_id=7843"},{"@type":"ListItem","position":3,"name":"Maxxis","item":"https:\/\/naturalbikes.cl\/?product_brand=maxxis"},{"@type":"ListItem","position":4,"name":"Neum\u00e1tico Maxxis Kevlar 29X2.40WT Minion DHR II EXO\/TR"}]},{"@type":"WebSite","@id":"https:\/\/naturalbikes.cl\/#website","url":"https:\/\/naturalbikes.cl\/","name":"Natural Bikes","description":"Tienda de bicicletas repuestos accesorios taller mantenimiento clases salidas","publisher":{"@id":"https:\/\/naturalbikes.cl\/#organization"},"alternateName":"Natural Bikes","potentialAction":[{"@type":"SearchAction","target":{"@type":"EntryPoint","urlTemplate":"https:\/\/naturalbikes.cl\/?s={search_term_string}"},"query-input":{"@type":"PropertyValueSpecification","valueRequired":true,"valueName":"search_term_string"}}],"inLanguage":"es"},{"@type":"Organization","@id":"https:\/\/naturalbikes.cl\/#organization","name":"Natural Bikes","alternateName":"Natural Bikes","url":"https:\/\/naturalbikes.cl\/","logo":{"@type":"ImageObject","inLanguage":"es","@id":"https:\/\/naturalbikes.cl\/#\/schema\/logo\/image\/","url":"https:\/\/naturalbikes.cl\/wp-content\/uploads\/2024\/05\/2023-10-10-10.44.12.jpg","contentUrl":"https:\/\/naturalbikes.cl\/wp-content\/uploads\/2024\/05\/2023-10-10-10.44.12.jpg","width":650,"height":650,"caption":"Natural Bikes"},"image":{"@id":"https:\/\/naturalbikes.cl\/#\/schema\/logo\/image\/"},"sameAs":["https:\/\/www.facebook.com\/naturalbikescl","https:\/\/www.instagram.com\/natural.bikes","https:\/\/www.tiktok.com\/@natural.bikes"],"description":"Ofrecer a nuestros clientes apasionados por el ciclismo de monta\u00f1a la mejor experiencia en productos, conocimientos especializados y servicios excepcionales. Nos comprometemos a proporcionar una amplia gama de bicicletas, accesorios y equipo de alta calidad, junto con asesoramiento experto y atenci\u00f3n personalizada para cada ciclista, para que puedan explorar, disfrutar y maximizar su aventura en el mundo del MTB","email":"naturalbikes1@gmail.com","telephone":"56977043878","legalName":"Natural Bikes Limitada","foundingDate":"2024-01-01","vatID":"76699553-5","taxID":"76699553-5","numberOfEmployees":{"@type":"QuantitativeValue","minValue":"1","maxValue":"10"},"publishingPrinciples":"https:\/\/naturalbikes.cl\/?page_id=7843","ownershipFundingInfo":"https:\/\/naturalbikes.cl\/?page_id=7843","actionableFeedbackPolicy":"https:\/\/naturalbikes.cl\/?page_id=14797","correctionsPolicy":"https:\/\/naturalbikes.cl\/?page_id=3","ethicsPolicy":"https:\/\/naturalbikes.cl\/?page_id=7843","diversityPolicy":"https:\/\/naturalbikes.cl\/?page_id=11734","diversityStaffingReport":"https:\/\/naturalbikes.cl\/?page_id=12161"}]}},"_links":{"self":[{"href":"https:\/\/naturalbikes.cl\/index.php?rest_route=\/wp\/v2\/product\/20665"}],"collection":[{"href":"https:\/\/naturalbikes.cl\/index.php?rest_route=\/wp\/v2\/product"}],"about":[{"href":"https:\/\/naturalbikes.cl\/index.php?rest_route=\/wp\/v2\/types\/product"}],"replies":[{"embeddable":true,"href":"https:\/\/naturalbikes.cl\/index.php?rest_route=%2Fwp%2Fv2%2Fcomments&post=20665"}],"wp:featuredmedia":[{"embeddable":true,"href":"https:\/\/naturalbikes.cl\/index.php?rest_route=\/wp\/v2\/media\/20666"}],"wp:attachment":[{"href":"https:\/\/naturalbikes.cl\/index.php?rest_route=%2Fwp%2Fv2%2Fmedia&parent=20665"}],"wp:term":[{"taxonomy":"product_cat","embeddable":true,"href":"https:\/\/naturalbikes.cl\/index.php?rest_route=%2Fwp%2Fv2%2Fproduct_cat&post=20665"},{"taxonomy":"product_tag","embeddable":true,"href":"https:\/\/naturalbikes.cl\/index.php?rest_route=%2Fwp%2Fv2%2Fproduct_tag&post=20665"}],"curies":[{"name":"wp","href":"https:\/\/api.w.org\/{rel}","templated":true}]}}