{"id":18624,"date":"2024-04-26T11:37:55","date_gmt":"2024-04-26T15:37:55","guid":{"rendered":"https:\/\/naturalbikes.cl\/?post_type=product&#038;p=18624"},"modified":"2026-01-17T16:35:19","modified_gmt":"2026-01-17T19:35:19","slug":"pastillas-ezmtb-magura-mt7","status":"publish","type":"product","link":"https:\/\/naturalbikes.cl\/?product=pastillas-ezmtb-magura-mt7","title":{"rendered":"Pastillas EZmtb Magura MT7"},"content":{"rendered":"<div class=\"page-title-wrapper product\">\n<div class=\"form-group d-none d-md-block\">\n<h1 class=\"page-header m-0 text-left\">Pastillas Magura Semi-Metal<\/h1>\n<p><img decoding=\"async\" class=\"sFlh5c pT0Scc iPVvYb alignleft\" src=\"https:\/\/yt3.googleusercontent.com\/RGb87V9aKTB-4vZNLUztFBZoJQIekoa3cFZPqeU45PwuJ1WyqltCI96aD_1eXXHeRZUgJ02nwhw=s900-c-k-c0x00ffffff-no-rj\" alt=\"EZmtb - YouTube\" width=\"150\" height=\"150\" aria-hidden=\"false\" \/>Pastillas compatibles con frenos Magura de 4 pistones como MT7, MT Thirty, MT5 y freno delantero del MT Trail sport.<\/p>\n<\/div>\n<div class=\"form-group description\">\n<p><strong>No incluye pasadores<\/strong><\/p>\n<p>Las pastillas de EZMTB est\u00e1n dise\u00f1adas y fabricadas para entregarte un frenado suave y poderoso sin hacer ruido.<\/p>\n<p>Son fabricadas con una mezcla de:<\/p>\n<ul>\n<li>Fibras Kevlar: entregan una gran resistencia a las altas temperaturas entregando una mayor durabilidad.<\/li>\n<li>Fibras de Cobre T2: entregan una r\u00e1pida disipaci\u00f3n del calor y mayor resistencia.<\/li>\n<\/ul>\n<\/div>\n<\/div>\n","protected":false},"excerpt":{"rendered":"<p>&nbsp;<\/p>\n<div class=\"form-group d-none d-md-block\">\n<h1 class=\"page-header m-0 text-left\"><img decoding=\"async\" class=\"sFlh5c pT0Scc iPVvYb alignleft\" src=\"https:\/\/yt3.googleusercontent.com\/RGb87V9aKTB-4vZNLUztFBZoJQIekoa3cFZPqeU45PwuJ1WyqltCI96aD_1eXXHeRZUgJ02nwhw=s900-c-k-c0x00ffffff-no-rj\" alt=\"EZmtb - YouTube\" width=\"150\" height=\"150\" aria-hidden=\"false\" \/><\/h1>\n<\/div>\n<div class=\"form-group description\">\n<p><strong>Optimiza el rendimiento de tus frenos Magura MT7 con las pastillas EZmtb. Dise\u00f1adas para ofrecer un frenado potente y consistente, estas pastillas son ideales para ciclistas de monta\u00f1a que buscan un control \u00f3ptimo en todo tipo de terrenos. Fabricadas con materiales de alta calidad y un dise\u00f1o duradero, las pastillas EZmtb garantizan una excelente durabilidad y un rendimiento fiable en cada descenso. Mejora tu experiencia en la monta\u00f1a con las pastillas EZmtb para Magura MT7<\/strong><\/p>\n<\/div>\n","protected":false},"featured_media":18625,"comment_status":"open","ping_status":"closed","template":"","meta":[],"product_cat":[198,243],"product_tag":[1128,1165,1129,1126],"class_list":{"0":"post-18624","1":"product","2":"type-product","3":"status-publish","4":"has-post-thumbnail","6":"product_brand-ezmtb","7":"product_cat-componentes","8":"product_cat-frenos-discos-pastillas-adaptadores","9":"product_tag-pad-brakes","10":"product_tag-pads","11":"product_tag-pastillas","12":"product_tag-pastillas-de-frenos","14":"first","15":"outofstock","16":"taxable","17":"shipping-taxable","18":"purchasable","19":"product-type-simple"},"yoast_head":"<!-- This site is optimized with the Yoast SEO Premium plugin v24.8 (Yoast SEO v25.6) - https:\/\/yoast.com\/wordpress\/plugins\/seo\/ -->\n<title>Pastillas de Freno EZmtb Magura MT7: Mayor Potencia de Frenado<\/title>\n<meta name=\"description\" content=\"Optimiza el rendimiento de tus frenos Magura MT7 con las pastillas EZmtb. Dise\u00f1adas para ofrecer un frenado potente y consistente, estas pastillas son ideales para ciclistas de monta\u00f1a que buscan un control \u00f3ptimo en todo tipo de terrenos. Fabricadas con materiales de alta calidad y un dise\u00f1o duradero, las pastillas EZmtb garantizan una excelente durabilidad y un rendimiento fiable en cada descenso. Mejora tu experiencia en la monta\u00f1a con las pastillas EZmtb para Magura MT7\" \/>\n<meta name=\"robots\" content=\"index, follow, max-snippet:-1, max-image-preview:large, max-video-preview:-1\" \/>\n<link rel=\"canonical\" href=\"https:\/\/naturalbikes.cl\/?product=pastillas-ezmtb-magura-mt7\" \/>\n<meta property=\"og:locale\" content=\"es_ES\" \/>\n<meta property=\"og:type\" content=\"article\" \/>\n<meta property=\"og:title\" content=\"Pastillas EZmtb Magura MT7\" \/>\n<meta property=\"og:description\" content=\"Ofrecer a nuestros clientes apasionados por el ciclismo de monta\u00f1a la mejor experiencia en productos, conocimientos especializados y servicios excepcionales. Nos comprometemos a proporcionar una amplia gama de bicicletas, accesorios y equipo de alta calidad, junto con asesoramiento experto y atenci\u00f3n personalizada para cada ciclista, para que puedan explorar, disfrutar y maximizar su aventura en el mundo del MTB\" \/>\n<meta property=\"og:url\" content=\"https:\/\/naturalbikes.cl\/?product=pastillas-ezmtb-magura-mt7\" \/>\n<meta property=\"og:site_name\" content=\"NaturalBikes\" \/>\n<meta property=\"article:publisher\" content=\"https:\/\/www.facebook.com\/naturalbikescl\" \/>\n<meta property=\"article:modified_time\" content=\"2026-01-17T19:35:19+00:00\" \/>\n<meta property=\"og:image\" content=\"https:\/\/naturalbikes.cl\/wp-content\/uploads\/2024\/04\/D_NQ_NP_2X_709761-MLA72341578510_102023-F.jpg\" \/>\n\t<meta property=\"og:image:width\" content=\"1196\" \/>\n\t<meta property=\"og:image:height\" content=\"998\" \/>\n\t<meta property=\"og:image:type\" content=\"image\/jpeg\" \/>\n<meta name=\"twitter:card\" content=\"summary_large_image\" \/>\n<meta name=\"twitter:label1\" content=\"Tiempo de lectura\" \/>\n\t<meta name=\"twitter:data1\" content=\"1 minuto\" \/>\n<script type=\"application\/ld+json\" class=\"yoast-schema-graph\">{\"@context\":\"https:\/\/schema.org\",\"@graph\":[{\"@type\":\"WebPage\",\"@id\":\"https:\/\/naturalbikes.cl\/?product=pastillas-ezmtb-magura-mt7\",\"url\":\"https:\/\/naturalbikes.cl\/?product=pastillas-ezmtb-magura-mt7\",\"name\":\"Pastillas de Freno EZmtb Magura MT7: Mayor Potencia de Frenado\",\"isPartOf\":{\"@id\":\"https:\/\/naturalbikes.cl\/#website\"},\"primaryImageOfPage\":{\"@id\":\"https:\/\/naturalbikes.cl\/?product=pastillas-ezmtb-magura-mt7#primaryimage\"},\"image\":{\"@id\":\"https:\/\/naturalbikes.cl\/?product=pastillas-ezmtb-magura-mt7#primaryimage\"},\"thumbnailUrl\":\"https:\/\/naturalbikes.cl\/wp-content\/uploads\/2024\/04\/D_NQ_NP_2X_709761-MLA72341578510_102023-F.jpg\",\"datePublished\":\"2024-04-26T15:37:55+00:00\",\"dateModified\":\"2026-01-17T19:35:19+00:00\",\"description\":\"Optimiza el rendimiento de tus frenos Magura MT7 con las pastillas EZmtb. Dise\u00f1adas para ofrecer un frenado potente y consistente, estas pastillas son ideales para ciclistas de monta\u00f1a que buscan un control \u00f3ptimo en todo tipo de terrenos. Fabricadas con materiales de alta calidad y un dise\u00f1o duradero, las pastillas EZmtb garantizan una excelente durabilidad y un rendimiento fiable en cada descenso. Mejora tu experiencia en la monta\u00f1a con las pastillas EZmtb para Magura MT7\",\"breadcrumb\":{\"@id\":\"https:\/\/naturalbikes.cl\/?product=pastillas-ezmtb-magura-mt7#breadcrumb\"},\"inLanguage\":\"es\",\"potentialAction\":[{\"@type\":\"ReadAction\",\"target\":[\"https:\/\/naturalbikes.cl\/?product=pastillas-ezmtb-magura-mt7\"]}]},{\"@type\":\"ImageObject\",\"inLanguage\":\"es\",\"@id\":\"https:\/\/naturalbikes.cl\/?product=pastillas-ezmtb-magura-mt7#primaryimage\",\"url\":\"https:\/\/naturalbikes.cl\/wp-content\/uploads\/2024\/04\/D_NQ_NP_2X_709761-MLA72341578510_102023-F.jpg\",\"contentUrl\":\"https:\/\/naturalbikes.cl\/wp-content\/uploads\/2024\/04\/D_NQ_NP_2X_709761-MLA72341578510_102023-F.jpg\",\"width\":1196,\"height\":998},{\"@type\":\"BreadcrumbList\",\"@id\":\"https:\/\/naturalbikes.cl\/?product=pastillas-ezmtb-magura-mt7#breadcrumb\",\"itemListElement\":[{\"@type\":\"ListItem\",\"position\":1,\"name\":\"Portada\",\"item\":\"https:\/\/naturalbikes.cl\/\"},{\"@type\":\"ListItem\",\"position\":2,\"name\":\"Tienda NB\",\"item\":\"https:\/\/naturalbikes.cl\/?page_id=7843\"},{\"@type\":\"ListItem\",\"position\":3,\"name\":\"EZmtb\",\"item\":\"https:\/\/naturalbikes.cl\/?product_brand=ezmtb\"},{\"@type\":\"ListItem\",\"position\":4,\"name\":\"Pastillas EZmtb Magura MT7\"}]},{\"@type\":\"WebSite\",\"@id\":\"https:\/\/naturalbikes.cl\/#website\",\"url\":\"https:\/\/naturalbikes.cl\/\",\"name\":\"Natural Bikes\",\"description\":\"Tienda de bicicletas repuestos accesorios taller mantenimiento clases salidas\",\"publisher\":{\"@id\":\"https:\/\/naturalbikes.cl\/#organization\"},\"alternateName\":\"Natural Bikes\",\"potentialAction\":[{\"@type\":\"SearchAction\",\"target\":{\"@type\":\"EntryPoint\",\"urlTemplate\":\"https:\/\/naturalbikes.cl\/?s={search_term_string}\"},\"query-input\":{\"@type\":\"PropertyValueSpecification\",\"valueRequired\":true,\"valueName\":\"search_term_string\"}}],\"inLanguage\":\"es\"},{\"@type\":\"Organization\",\"@id\":\"https:\/\/naturalbikes.cl\/#organization\",\"name\":\"Natural Bikes\",\"alternateName\":\"Natural Bikes\",\"url\":\"https:\/\/naturalbikes.cl\/\",\"logo\":{\"@type\":\"ImageObject\",\"inLanguage\":\"es\",\"@id\":\"https:\/\/naturalbikes.cl\/#\/schema\/logo\/image\/\",\"url\":\"https:\/\/naturalbikes.cl\/wp-content\/uploads\/2024\/05\/2023-10-10-10.44.12.jpg\",\"contentUrl\":\"https:\/\/naturalbikes.cl\/wp-content\/uploads\/2024\/05\/2023-10-10-10.44.12.jpg\",\"width\":650,\"height\":650,\"caption\":\"Natural Bikes\"},\"image\":{\"@id\":\"https:\/\/naturalbikes.cl\/#\/schema\/logo\/image\/\"},\"sameAs\":[\"https:\/\/www.facebook.com\/naturalbikescl\",\"https:\/\/www.instagram.com\/natural.bikes\",\"https:\/\/www.tiktok.com\/@natural.bikes\"],\"description\":\"Ofrecer a nuestros clientes apasionados por el ciclismo de monta\u00f1a la mejor experiencia en productos, conocimientos especializados y servicios excepcionales. Nos comprometemos a proporcionar una amplia gama de bicicletas, accesorios y equipo de alta calidad, junto con asesoramiento experto y atenci\u00f3n personalizada para cada ciclista, para que puedan explorar, disfrutar y maximizar su aventura en el mundo del MTB\",\"email\":\"naturalbikes1@gmail.com\",\"telephone\":\"56977043878\",\"legalName\":\"Natural Bikes Limitada\",\"foundingDate\":\"2024-01-01\",\"vatID\":\"76699553-5\",\"taxID\":\"76699553-5\",\"numberOfEmployees\":{\"@type\":\"QuantitativeValue\",\"minValue\":\"1\",\"maxValue\":\"10\"},\"publishingPrinciples\":\"https:\/\/naturalbikes.cl\/?page_id=7843\",\"ownershipFundingInfo\":\"https:\/\/naturalbikes.cl\/?page_id=7843\",\"actionableFeedbackPolicy\":\"https:\/\/naturalbikes.cl\/?page_id=14797\",\"correctionsPolicy\":\"https:\/\/naturalbikes.cl\/?page_id=3\",\"ethicsPolicy\":\"https:\/\/naturalbikes.cl\/?page_id=7843\",\"diversityPolicy\":\"https:\/\/naturalbikes.cl\/?page_id=11734\",\"diversityStaffingReport\":\"https:\/\/naturalbikes.cl\/?page_id=12161\"}]}<\/script>\n<!-- \/ Yoast SEO Premium plugin. -->","yoast_head_json":{"title":"Pastillas de Freno EZmtb Magura MT7: Mayor Potencia de Frenado","description":"Optimiza el rendimiento de tus frenos Magura MT7 con las pastillas EZmtb. Dise\u00f1adas para ofrecer un frenado potente y consistente, estas pastillas son ideales para ciclistas de monta\u00f1a que buscan un control \u00f3ptimo en todo tipo de terrenos. Fabricadas con materiales de alta calidad y un dise\u00f1o duradero, las pastillas EZmtb garantizan una excelente durabilidad y un rendimiento fiable en cada descenso. Mejora tu experiencia en la monta\u00f1a con las pastillas EZmtb para Magura MT7","robots":{"index":"index","follow":"follow","max-snippet":"max-snippet:-1","max-image-preview":"max-image-preview:large","max-video-preview":"max-video-preview:-1"},"canonical":"https:\/\/naturalbikes.cl\/?product=pastillas-ezmtb-magura-mt7","og_locale":"es_ES","og_type":"article","og_title":"Pastillas EZmtb Magura MT7","og_description":"Ofrecer a nuestros clientes apasionados por el ciclismo de monta\u00f1a la mejor experiencia en productos, conocimientos especializados y servicios excepcionales. Nos comprometemos a proporcionar una amplia gama de bicicletas, accesorios y equipo de alta calidad, junto con asesoramiento experto y atenci\u00f3n personalizada para cada ciclista, para que puedan explorar, disfrutar y maximizar su aventura en el mundo del MTB","og_url":"https:\/\/naturalbikes.cl\/?product=pastillas-ezmtb-magura-mt7","og_site_name":"NaturalBikes","article_publisher":"https:\/\/www.facebook.com\/naturalbikescl","article_modified_time":"2026-01-17T19:35:19+00:00","og_image":[{"width":1196,"height":998,"url":"https:\/\/naturalbikes.cl\/wp-content\/uploads\/2024\/04\/D_NQ_NP_2X_709761-MLA72341578510_102023-F.jpg","type":"image\/jpeg"}],"twitter_card":"summary_large_image","twitter_misc":{"Tiempo de lectura":"1 minuto"},"schema":{"@context":"https:\/\/schema.org","@graph":[{"@type":"WebPage","@id":"https:\/\/naturalbikes.cl\/?product=pastillas-ezmtb-magura-mt7","url":"https:\/\/naturalbikes.cl\/?product=pastillas-ezmtb-magura-mt7","name":"Pastillas de Freno EZmtb Magura MT7: Mayor Potencia de Frenado","isPartOf":{"@id":"https:\/\/naturalbikes.cl\/#website"},"primaryImageOfPage":{"@id":"https:\/\/naturalbikes.cl\/?product=pastillas-ezmtb-magura-mt7#primaryimage"},"image":{"@id":"https:\/\/naturalbikes.cl\/?product=pastillas-ezmtb-magura-mt7#primaryimage"},"thumbnailUrl":"https:\/\/naturalbikes.cl\/wp-content\/uploads\/2024\/04\/D_NQ_NP_2X_709761-MLA72341578510_102023-F.jpg","datePublished":"2024-04-26T15:37:55+00:00","dateModified":"2026-01-17T19:35:19+00:00","description":"Optimiza el rendimiento de tus frenos Magura MT7 con las pastillas EZmtb. Dise\u00f1adas para ofrecer un frenado potente y consistente, estas pastillas son ideales para ciclistas de monta\u00f1a que buscan un control \u00f3ptimo en todo tipo de terrenos. Fabricadas con materiales de alta calidad y un dise\u00f1o duradero, las pastillas EZmtb garantizan una excelente durabilidad y un rendimiento fiable en cada descenso. Mejora tu experiencia en la monta\u00f1a con las pastillas EZmtb para Magura MT7","breadcrumb":{"@id":"https:\/\/naturalbikes.cl\/?product=pastillas-ezmtb-magura-mt7#breadcrumb"},"inLanguage":"es","potentialAction":[{"@type":"ReadAction","target":["https:\/\/naturalbikes.cl\/?product=pastillas-ezmtb-magura-mt7"]}]},{"@type":"ImageObject","inLanguage":"es","@id":"https:\/\/naturalbikes.cl\/?product=pastillas-ezmtb-magura-mt7#primaryimage","url":"https:\/\/naturalbikes.cl\/wp-content\/uploads\/2024\/04\/D_NQ_NP_2X_709761-MLA72341578510_102023-F.jpg","contentUrl":"https:\/\/naturalbikes.cl\/wp-content\/uploads\/2024\/04\/D_NQ_NP_2X_709761-MLA72341578510_102023-F.jpg","width":1196,"height":998},{"@type":"BreadcrumbList","@id":"https:\/\/naturalbikes.cl\/?product=pastillas-ezmtb-magura-mt7#breadcrumb","itemListElement":[{"@type":"ListItem","position":1,"name":"Portada","item":"https:\/\/naturalbikes.cl\/"},{"@type":"ListItem","position":2,"name":"Tienda NB","item":"https:\/\/naturalbikes.cl\/?page_id=7843"},{"@type":"ListItem","position":3,"name":"EZmtb","item":"https:\/\/naturalbikes.cl\/?product_brand=ezmtb"},{"@type":"ListItem","position":4,"name":"Pastillas EZmtb Magura MT7"}]},{"@type":"WebSite","@id":"https:\/\/naturalbikes.cl\/#website","url":"https:\/\/naturalbikes.cl\/","name":"Natural Bikes","description":"Tienda de bicicletas repuestos accesorios taller mantenimiento clases salidas","publisher":{"@id":"https:\/\/naturalbikes.cl\/#organization"},"alternateName":"Natural Bikes","potentialAction":[{"@type":"SearchAction","target":{"@type":"EntryPoint","urlTemplate":"https:\/\/naturalbikes.cl\/?s={search_term_string}"},"query-input":{"@type":"PropertyValueSpecification","valueRequired":true,"valueName":"search_term_string"}}],"inLanguage":"es"},{"@type":"Organization","@id":"https:\/\/naturalbikes.cl\/#organization","name":"Natural Bikes","alternateName":"Natural Bikes","url":"https:\/\/naturalbikes.cl\/","logo":{"@type":"ImageObject","inLanguage":"es","@id":"https:\/\/naturalbikes.cl\/#\/schema\/logo\/image\/","url":"https:\/\/naturalbikes.cl\/wp-content\/uploads\/2024\/05\/2023-10-10-10.44.12.jpg","contentUrl":"https:\/\/naturalbikes.cl\/wp-content\/uploads\/2024\/05\/2023-10-10-10.44.12.jpg","width":650,"height":650,"caption":"Natural Bikes"},"image":{"@id":"https:\/\/naturalbikes.cl\/#\/schema\/logo\/image\/"},"sameAs":["https:\/\/www.facebook.com\/naturalbikescl","https:\/\/www.instagram.com\/natural.bikes","https:\/\/www.tiktok.com\/@natural.bikes"],"description":"Ofrecer a nuestros clientes apasionados por el ciclismo de monta\u00f1a la mejor experiencia en productos, conocimientos especializados y servicios excepcionales. Nos comprometemos a proporcionar una amplia gama de bicicletas, accesorios y equipo de alta calidad, junto con asesoramiento experto y atenci\u00f3n personalizada para cada ciclista, para que puedan explorar, disfrutar y maximizar su aventura en el mundo del MTB","email":"naturalbikes1@gmail.com","telephone":"56977043878","legalName":"Natural Bikes Limitada","foundingDate":"2024-01-01","vatID":"76699553-5","taxID":"76699553-5","numberOfEmployees":{"@type":"QuantitativeValue","minValue":"1","maxValue":"10"},"publishingPrinciples":"https:\/\/naturalbikes.cl\/?page_id=7843","ownershipFundingInfo":"https:\/\/naturalbikes.cl\/?page_id=7843","actionableFeedbackPolicy":"https:\/\/naturalbikes.cl\/?page_id=14797","correctionsPolicy":"https:\/\/naturalbikes.cl\/?page_id=3","ethicsPolicy":"https:\/\/naturalbikes.cl\/?page_id=7843","diversityPolicy":"https:\/\/naturalbikes.cl\/?page_id=11734","diversityStaffingReport":"https:\/\/naturalbikes.cl\/?page_id=12161"}]}},"_links":{"self":[{"href":"https:\/\/naturalbikes.cl\/index.php?rest_route=\/wp\/v2\/product\/18624"}],"collection":[{"href":"https:\/\/naturalbikes.cl\/index.php?rest_route=\/wp\/v2\/product"}],"about":[{"href":"https:\/\/naturalbikes.cl\/index.php?rest_route=\/wp\/v2\/types\/product"}],"replies":[{"embeddable":true,"href":"https:\/\/naturalbikes.cl\/index.php?rest_route=%2Fwp%2Fv2%2Fcomments&post=18624"}],"wp:featuredmedia":[{"embeddable":true,"href":"https:\/\/naturalbikes.cl\/index.php?rest_route=\/wp\/v2\/media\/18625"}],"wp:attachment":[{"href":"https:\/\/naturalbikes.cl\/index.php?rest_route=%2Fwp%2Fv2%2Fmedia&parent=18624"}],"wp:term":[{"taxonomy":"product_cat","embeddable":true,"href":"https:\/\/naturalbikes.cl\/index.php?rest_route=%2Fwp%2Fv2%2Fproduct_cat&post=18624"},{"taxonomy":"product_tag","embeddable":true,"href":"https:\/\/naturalbikes.cl\/index.php?rest_route=%2Fwp%2Fv2%2Fproduct_tag&post=18624"}],"curies":[{"name":"wp","href":"https:\/\/api.w.org\/{rel}","templated":true}]}}