{"id":18550,"date":"2024-04-24T11:04:57","date_gmt":"2024-04-24T15:04:57","guid":{"rendered":"https:\/\/naturalbikes.cl\/?post_type=product&#038;p=18550"},"modified":"2026-01-06T17:11:43","modified_gmt":"2026-01-06T20:11:43","slug":"shimano-cambio-8v-rd-r2000-claris-ss","status":"publish","type":"product","link":"https:\/\/naturalbikes.cl\/?product=shimano-cambio-8v-rd-r2000-claris-ss","title":{"rendered":"Cambio Shimano 8V. RD-R2000 Claris SS"},"content":{"rendered":"<p><a href=\"https:\/\/naturalbikes.cl\/wp-content\/uploads\/2024\/04\/shimano-1-.svg\"><img decoding=\"async\" class=\"wp-image-18541 alignleft\" src=\"https:\/\/naturalbikes.cl\/wp-content\/uploads\/2024\/04\/shimano-1-.svg\" alt=\"\" width=\"300\" height=\"40\" \/><\/a><\/p>\n<h6>Cambio Shimano 8V. RD-R2000 \u00a0Claris SS<\/h6>\n<p>SHIMANO CLARIS &#8211; Cambio- Caja corta &#8211; 8 velocidades<\/p>\n<div class=\"cmp-itemlist-accordion\">\n<div class=\"cmp-itemlist-accordion__accordion-section cmp-itemlist-accordion__accordion-section--is-opened\">\n<div class=\"cmp-itemlist-accordion__contents\" data-final-height=\"50\" data-starting-height=\"28\">\n<p class=\"cmp-product-info__long-description\">Con una acci\u00f3n ligera y cambios de marcha suaves, el cambio SHIMANO CLARIS es compatible con transmisiones de carretera de 8 velocidades.<\/p>\n<h5 class=\"cmp-product-info__long-description\">ESPECIFICACIONES<\/h5>\n<div class=\"cmp-itemlist-accordion__always-visible-section\">\n<div class=\"table-wrapper\">\n<table class=\"cmp-product-spec__table\">\n<tbody>\n<tr class=\"cmp-product-spec__table-row\">\n<th class=\"cmp-product-spec__name\">\n<ul>\n<li>N.\u00ba DE MODELO:<\/li>\n<\/ul>\n<\/th>\n<td class=\"cmp-product-spec__value\">RD-R2000-SS<\/td>\n<\/tr>\n<tr class=\"cmp-product-spec__table-row\">\n<th class=\"cmp-product-spec__name\">\n<ul>\n<li>SERIE:<\/li>\n<\/ul>\n<\/th>\n<td class=\"cmp-product-spec__value\">CLARIS R2000 Serie<\/td>\n<\/tr>\n<tr class=\"cmp-product-spec__table-row\">\n<th class=\"cmp-product-spec__name\">\n<ul>\n<li>Color:<\/li>\n<\/ul>\n<\/th>\n<td class=\"cmp-product-spec__value\">color de serie<\/td>\n<\/tr>\n<tr class=\"cmp-product-spec__table-row\">\n<th class=\"cmp-product-spec__name\">\n<ul>\n<li>Velocidades traseras:<\/li>\n<\/ul>\n<\/th>\n<td class=\"cmp-product-spec__value\">8<\/td>\n<\/tr>\n<\/tbody>\n<\/table>\n<\/div>\n<\/div>\n<div class=\"cmp-itemlist-accordion__accordion-section cmp-itemlist-accordion__accordion-section--is-opened\">\n<div class=\"cmp-itemlist-accordion__contents\" data-starting-height=\"0\" data-final-height=\"672\" data-scroll-to-top=\"\">\n<div class=\"table-wrapper\">\n<table class=\"cmp-product-spec__table\">\n<tbody>\n<tr class=\"cmp-product-spec__table-row\">\n<th class=\"cmp-product-spec__name\">\n<ul>\n<li>Cadena compatible:<\/li>\n<\/ul>\n<\/th>\n<td class=\"cmp-product-spec__value\">HG 8\/7\/6 velocidades<\/td>\n<\/tr>\n<tr class=\"cmp-product-spec__table-row\">\n<th class=\"cmp-product-spec__name\">\n<ul>\n<li>Tipo muelle normal superior|Doble Servo:<\/li>\n<\/ul>\n<\/th>\n<td class=\"cmp-product-spec__value\">\u2714<\/td>\n<\/tr>\n<tr class=\"cmp-product-spec__table-row\">\n<th class=\"cmp-product-spec__name\">\n<ul>\n<li>Soporte|Acoplamiento directo (convencional):<\/li>\n<\/ul>\n<\/th>\n<td class=\"cmp-product-spec__value\">\u2714<\/td>\n<\/tr>\n<tr class=\"cmp-product-spec__table-row\">\n<th class=\"cmp-product-spec__name\">\n<ul>\n<li>Ajustador de cable:<\/li>\n<\/ul>\n<\/th>\n<td class=\"cmp-product-spec__value\">\u2714<\/td>\n<\/tr>\n<tr class=\"cmp-product-spec__table-row\">\n<th class=\"cmp-product-spec__name\">\n<ul>\n<li>M\u00e1x. diferencia delantera:<\/li>\n<\/ul>\n<\/th>\n<td class=\"cmp-product-spec__value\">16D<\/td>\n<\/tr>\n<tr class=\"cmp-product-spec__table-row\">\n<th class=\"cmp-product-spec__name\">\n<ul>\n<li>Capacidad total:<\/li>\n<\/ul>\n<\/th>\n<td class=\"cmp-product-spec__value\">37D<\/td>\n<\/tr>\n<tr class=\"cmp-product-spec__table-row\">\n<th class=\"cmp-product-spec__name\">\n<ul>\n<li>Pi\u00f1\u00f3n inferior|M\u00e1x:<\/li>\n<\/ul>\n<\/th>\n<td class=\"cmp-product-spec__value\">32D<\/td>\n<\/tr>\n<tr class=\"cmp-product-spec__table-row\">\n<th class=\"cmp-product-spec__name\">\n<ul>\n<li>Pi\u00f1\u00f3n inferior|M\u00edn:<\/li>\n<\/ul>\n<\/th>\n<td class=\"cmp-product-spec__value\">25D<\/td>\n<\/tr>\n<tr class=\"cmp-product-spec__table-row\">\n<th class=\"cmp-product-spec__name\">\n<ul>\n<li>Pi\u00f1\u00f3n superior|M\u00e1x:<\/li>\n<\/ul>\n<\/th>\n<td class=\"cmp-product-spec__value\">13D<\/td>\n<\/tr>\n<tr class=\"cmp-product-spec__table-row\">\n<th class=\"cmp-product-spec__name\">\n<ul>\n<li>Pi\u00f1\u00f3n superior|M\u00edn:<\/li>\n<\/ul>\n<\/th>\n<td class=\"cmp-product-spec__value\">11D<\/td>\n<\/tr>\n<tr class=\"cmp-product-spec__table-row\">\n<th class=\"cmp-product-spec__name\">\n<ul>\n<li>Polea|Dientes:<\/li>\n<\/ul>\n<\/th>\n<td class=\"cmp-product-spec__value\">11D<\/td>\n<\/tr>\n<tr class=\"cmp-product-spec__table-row\">\n<th class=\"cmp-product-spec__name\">\n<ul>\n<li>Polea|Tornillo de polea de cabeza hundida:<\/li>\n<\/ul>\n<\/th>\n<td class=\"cmp-product-spec__value\">\u2714<\/td>\n<\/tr>\n<\/tbody>\n<\/table>\n<\/div>\n<\/div>\n<\/div>\n<\/div>\n<\/div>\n<\/div>\n","protected":false},"excerpt":{"rendered":"<p><a href=\"https:\/\/naturalbikes.cl\/wp-content\/uploads\/2024\/04\/shimano-1-.svg\"><img decoding=\"async\" class=\"wp-image-18541 alignleft\" src=\"https:\/\/naturalbikes.cl\/wp-content\/uploads\/2024\/04\/shimano-1-.svg\" alt=\"\" width=\"397\" height=\"53\" \/><\/a><strong>Mejora tu experiencia ciclista con el cambio trasero Shimano Claris RD-R2000 8 velocidades. Este cambio fiable y vers\u00e1til ofrece un rendimiento de cambio excepcional, garantizando transiciones fluidas entre pi\u00f1ones incluso en terrenos dif\u00edciles.<\/strong><\/p>\n","protected":false},"featured_media":18551,"comment_status":"open","ping_status":"closed","template":"","meta":[],"product_cat":[389,198],"product_tag":[1150,1149],"class_list":{"0":"post-18550","1":"product","2":"type-product","3":"status-publish","4":"has-post-thumbnail","6":"product_brand-shimano","7":"product_cat-cambios","8":"product_cat-componentes","9":"product_tag-cambio","10":"product_tag-desviador","12":"first","13":"outofstock","14":"sale","15":"taxable","16":"shipping-taxable","17":"purchasable","18":"product-type-simple"},"yoast_head":"<!-- This site is optimized with the Yoast SEO Premium plugin v24.8 (Yoast SEO v25.6) - https:\/\/yoast.com\/wordpress\/plugins\/seo\/ -->\n<title>Cambio Shimano Claris RD-R2000 8v: Cambios Suaves para Bicicletas de Carretera<\/title>\n<meta name=\"description\" content=\"Mejora tu experiencia ciclista con el cambio trasero Shimano Claris RD-R2000 8 velocidades. Este cambio fiable y vers\u00e1til ofrece un rendimiento de cambio excepcional, garantizando transiciones fluidas entre pi\u00f1ones incluso en terrenos dif\u00edciles.\" \/>\n<meta name=\"robots\" content=\"index, follow, max-snippet:-1, max-image-preview:large, max-video-preview:-1\" \/>\n<link rel=\"canonical\" href=\"https:\/\/naturalbikes.cl\/?product=shimano-cambio-8v-rd-r2000-claris-ss\" \/>\n<meta property=\"og:locale\" content=\"es_ES\" \/>\n<meta property=\"og:type\" content=\"article\" \/>\n<meta property=\"og:title\" content=\"Cambio Shimano 8V. RD-R2000 Claris SS\" \/>\n<meta property=\"og:description\" content=\"Ofrecer a nuestros clientes apasionados por el ciclismo de monta\u00f1a la mejor experiencia en productos, conocimientos especializados y servicios excepcionales. Nos comprometemos a proporcionar una amplia gama de bicicletas, accesorios y equipo de alta calidad, junto con asesoramiento experto y atenci\u00f3n personalizada para cada ciclista, para que puedan explorar, disfrutar y maximizar su aventura en el mundo del MTB\" \/>\n<meta property=\"og:url\" content=\"https:\/\/naturalbikes.cl\/?product=shimano-cambio-8v-rd-r2000-claris-ss\" \/>\n<meta property=\"og:site_name\" content=\"NaturalBikes\" \/>\n<meta property=\"article:publisher\" content=\"https:\/\/www.facebook.com\/naturalbikescl\" \/>\n<meta property=\"article:modified_time\" content=\"2026-01-06T20:11:43+00:00\" \/>\n<meta property=\"og:image\" content=\"https:\/\/naturalbikes.cl\/wp-content\/uploads\/2024\/04\/1080-3.webp\" \/>\n\t<meta property=\"og:image:width\" content=\"1080\" \/>\n\t<meta property=\"og:image:height\" content=\"1080\" \/>\n\t<meta property=\"og:image:type\" content=\"image\/webp\" \/>\n<meta name=\"twitter:card\" content=\"summary_large_image\" \/>\n<meta name=\"twitter:label1\" content=\"Tiempo de lectura\" \/>\n\t<meta name=\"twitter:data1\" content=\"1 minuto\" \/>\n<script type=\"application\/ld+json\" class=\"yoast-schema-graph\">{\"@context\":\"https:\/\/schema.org\",\"@graph\":[{\"@type\":\"WebPage\",\"@id\":\"https:\/\/naturalbikes.cl\/?product=shimano-cambio-8v-rd-r2000-claris-ss\",\"url\":\"https:\/\/naturalbikes.cl\/?product=shimano-cambio-8v-rd-r2000-claris-ss\",\"name\":\"Cambio Shimano Claris RD-R2000 8v: Cambios Suaves para Bicicletas de Carretera\",\"isPartOf\":{\"@id\":\"https:\/\/naturalbikes.cl\/#website\"},\"primaryImageOfPage\":{\"@id\":\"https:\/\/naturalbikes.cl\/?product=shimano-cambio-8v-rd-r2000-claris-ss#primaryimage\"},\"image\":{\"@id\":\"https:\/\/naturalbikes.cl\/?product=shimano-cambio-8v-rd-r2000-claris-ss#primaryimage\"},\"thumbnailUrl\":\"https:\/\/naturalbikes.cl\/wp-content\/uploads\/2024\/04\/1080-3.webp\",\"datePublished\":\"2024-04-24T15:04:57+00:00\",\"dateModified\":\"2026-01-06T20:11:43+00:00\",\"description\":\"Mejora tu experiencia ciclista con el cambio trasero Shimano Claris RD-R2000 8 velocidades. Este cambio fiable y vers\u00e1til ofrece un rendimiento de cambio excepcional, garantizando transiciones fluidas entre pi\u00f1ones incluso en terrenos dif\u00edciles.\",\"breadcrumb\":{\"@id\":\"https:\/\/naturalbikes.cl\/?product=shimano-cambio-8v-rd-r2000-claris-ss#breadcrumb\"},\"inLanguage\":\"es\",\"potentialAction\":[{\"@type\":\"ReadAction\",\"target\":[\"https:\/\/naturalbikes.cl\/?product=shimano-cambio-8v-rd-r2000-claris-ss\"]}]},{\"@type\":\"ImageObject\",\"inLanguage\":\"es\",\"@id\":\"https:\/\/naturalbikes.cl\/?product=shimano-cambio-8v-rd-r2000-claris-ss#primaryimage\",\"url\":\"https:\/\/naturalbikes.cl\/wp-content\/uploads\/2024\/04\/1080-3.webp\",\"contentUrl\":\"https:\/\/naturalbikes.cl\/wp-content\/uploads\/2024\/04\/1080-3.webp\",\"width\":1080,\"height\":1080},{\"@type\":\"BreadcrumbList\",\"@id\":\"https:\/\/naturalbikes.cl\/?product=shimano-cambio-8v-rd-r2000-claris-ss#breadcrumb\",\"itemListElement\":[{\"@type\":\"ListItem\",\"position\":1,\"name\":\"Portada\",\"item\":\"https:\/\/naturalbikes.cl\/\"},{\"@type\":\"ListItem\",\"position\":2,\"name\":\"Tienda NB\",\"item\":\"https:\/\/naturalbikes.cl\/?page_id=7843\"},{\"@type\":\"ListItem\",\"position\":3,\"name\":\"Shimano\",\"item\":\"https:\/\/naturalbikes.cl\/?product_brand=shimano\"},{\"@type\":\"ListItem\",\"position\":4,\"name\":\"Cambio Shimano 8V. RD-R2000 Claris SS\"}]},{\"@type\":\"WebSite\",\"@id\":\"https:\/\/naturalbikes.cl\/#website\",\"url\":\"https:\/\/naturalbikes.cl\/\",\"name\":\"Natural Bikes\",\"description\":\"Tienda de bicicletas repuestos accesorios taller mantenimiento clases salidas\",\"publisher\":{\"@id\":\"https:\/\/naturalbikes.cl\/#organization\"},\"alternateName\":\"Natural Bikes\",\"potentialAction\":[{\"@type\":\"SearchAction\",\"target\":{\"@type\":\"EntryPoint\",\"urlTemplate\":\"https:\/\/naturalbikes.cl\/?s={search_term_string}\"},\"query-input\":{\"@type\":\"PropertyValueSpecification\",\"valueRequired\":true,\"valueName\":\"search_term_string\"}}],\"inLanguage\":\"es\"},{\"@type\":\"Organization\",\"@id\":\"https:\/\/naturalbikes.cl\/#organization\",\"name\":\"Natural Bikes\",\"alternateName\":\"Natural Bikes\",\"url\":\"https:\/\/naturalbikes.cl\/\",\"logo\":{\"@type\":\"ImageObject\",\"inLanguage\":\"es\",\"@id\":\"https:\/\/naturalbikes.cl\/#\/schema\/logo\/image\/\",\"url\":\"https:\/\/naturalbikes.cl\/wp-content\/uploads\/2024\/05\/2023-10-10-10.44.12.jpg\",\"contentUrl\":\"https:\/\/naturalbikes.cl\/wp-content\/uploads\/2024\/05\/2023-10-10-10.44.12.jpg\",\"width\":650,\"height\":650,\"caption\":\"Natural Bikes\"},\"image\":{\"@id\":\"https:\/\/naturalbikes.cl\/#\/schema\/logo\/image\/\"},\"sameAs\":[\"https:\/\/www.facebook.com\/naturalbikescl\",\"https:\/\/www.instagram.com\/natural.bikes\",\"https:\/\/www.tiktok.com\/@natural.bikes\"],\"description\":\"Ofrecer a nuestros clientes apasionados por el ciclismo de monta\u00f1a la mejor experiencia en productos, conocimientos especializados y servicios excepcionales. Nos comprometemos a proporcionar una amplia gama de bicicletas, accesorios y equipo de alta calidad, junto con asesoramiento experto y atenci\u00f3n personalizada para cada ciclista, para que puedan explorar, disfrutar y maximizar su aventura en el mundo del MTB\",\"email\":\"naturalbikes1@gmail.com\",\"telephone\":\"56977043878\",\"legalName\":\"Natural Bikes Limitada\",\"foundingDate\":\"2024-01-01\",\"vatID\":\"76699553-5\",\"taxID\":\"76699553-5\",\"numberOfEmployees\":{\"@type\":\"QuantitativeValue\",\"minValue\":\"1\",\"maxValue\":\"10\"},\"publishingPrinciples\":\"https:\/\/naturalbikes.cl\/?page_id=7843\",\"ownershipFundingInfo\":\"https:\/\/naturalbikes.cl\/?page_id=7843\",\"actionableFeedbackPolicy\":\"https:\/\/naturalbikes.cl\/?page_id=14797\",\"correctionsPolicy\":\"https:\/\/naturalbikes.cl\/?page_id=3\",\"ethicsPolicy\":\"https:\/\/naturalbikes.cl\/?page_id=7843\",\"diversityPolicy\":\"https:\/\/naturalbikes.cl\/?page_id=11734\",\"diversityStaffingReport\":\"https:\/\/naturalbikes.cl\/?page_id=12161\"}]}<\/script>\n<!-- \/ Yoast SEO Premium plugin. -->","yoast_head_json":{"title":"Cambio Shimano Claris RD-R2000 8v: Cambios Suaves para Bicicletas de Carretera","description":"Mejora tu experiencia ciclista con el cambio trasero Shimano Claris RD-R2000 8 velocidades. Este cambio fiable y vers\u00e1til ofrece un rendimiento de cambio excepcional, garantizando transiciones fluidas entre pi\u00f1ones incluso en terrenos dif\u00edciles.","robots":{"index":"index","follow":"follow","max-snippet":"max-snippet:-1","max-image-preview":"max-image-preview:large","max-video-preview":"max-video-preview:-1"},"canonical":"https:\/\/naturalbikes.cl\/?product=shimano-cambio-8v-rd-r2000-claris-ss","og_locale":"es_ES","og_type":"article","og_title":"Cambio Shimano 8V. RD-R2000 Claris SS","og_description":"Ofrecer a nuestros clientes apasionados por el ciclismo de monta\u00f1a la mejor experiencia en productos, conocimientos especializados y servicios excepcionales. Nos comprometemos a proporcionar una amplia gama de bicicletas, accesorios y equipo de alta calidad, junto con asesoramiento experto y atenci\u00f3n personalizada para cada ciclista, para que puedan explorar, disfrutar y maximizar su aventura en el mundo del MTB","og_url":"https:\/\/naturalbikes.cl\/?product=shimano-cambio-8v-rd-r2000-claris-ss","og_site_name":"NaturalBikes","article_publisher":"https:\/\/www.facebook.com\/naturalbikescl","article_modified_time":"2026-01-06T20:11:43+00:00","og_image":[{"width":1080,"height":1080,"url":"https:\/\/naturalbikes.cl\/wp-content\/uploads\/2024\/04\/1080-3.webp","type":"image\/webp"}],"twitter_card":"summary_large_image","twitter_misc":{"Tiempo de lectura":"1 minuto"},"schema":{"@context":"https:\/\/schema.org","@graph":[{"@type":"WebPage","@id":"https:\/\/naturalbikes.cl\/?product=shimano-cambio-8v-rd-r2000-claris-ss","url":"https:\/\/naturalbikes.cl\/?product=shimano-cambio-8v-rd-r2000-claris-ss","name":"Cambio Shimano Claris RD-R2000 8v: Cambios Suaves para Bicicletas de Carretera","isPartOf":{"@id":"https:\/\/naturalbikes.cl\/#website"},"primaryImageOfPage":{"@id":"https:\/\/naturalbikes.cl\/?product=shimano-cambio-8v-rd-r2000-claris-ss#primaryimage"},"image":{"@id":"https:\/\/naturalbikes.cl\/?product=shimano-cambio-8v-rd-r2000-claris-ss#primaryimage"},"thumbnailUrl":"https:\/\/naturalbikes.cl\/wp-content\/uploads\/2024\/04\/1080-3.webp","datePublished":"2024-04-24T15:04:57+00:00","dateModified":"2026-01-06T20:11:43+00:00","description":"Mejora tu experiencia ciclista con el cambio trasero Shimano Claris RD-R2000 8 velocidades. Este cambio fiable y vers\u00e1til ofrece un rendimiento de cambio excepcional, garantizando transiciones fluidas entre pi\u00f1ones incluso en terrenos dif\u00edciles.","breadcrumb":{"@id":"https:\/\/naturalbikes.cl\/?product=shimano-cambio-8v-rd-r2000-claris-ss#breadcrumb"},"inLanguage":"es","potentialAction":[{"@type":"ReadAction","target":["https:\/\/naturalbikes.cl\/?product=shimano-cambio-8v-rd-r2000-claris-ss"]}]},{"@type":"ImageObject","inLanguage":"es","@id":"https:\/\/naturalbikes.cl\/?product=shimano-cambio-8v-rd-r2000-claris-ss#primaryimage","url":"https:\/\/naturalbikes.cl\/wp-content\/uploads\/2024\/04\/1080-3.webp","contentUrl":"https:\/\/naturalbikes.cl\/wp-content\/uploads\/2024\/04\/1080-3.webp","width":1080,"height":1080},{"@type":"BreadcrumbList","@id":"https:\/\/naturalbikes.cl\/?product=shimano-cambio-8v-rd-r2000-claris-ss#breadcrumb","itemListElement":[{"@type":"ListItem","position":1,"name":"Portada","item":"https:\/\/naturalbikes.cl\/"},{"@type":"ListItem","position":2,"name":"Tienda NB","item":"https:\/\/naturalbikes.cl\/?page_id=7843"},{"@type":"ListItem","position":3,"name":"Shimano","item":"https:\/\/naturalbikes.cl\/?product_brand=shimano"},{"@type":"ListItem","position":4,"name":"Cambio Shimano 8V. RD-R2000 Claris SS"}]},{"@type":"WebSite","@id":"https:\/\/naturalbikes.cl\/#website","url":"https:\/\/naturalbikes.cl\/","name":"Natural Bikes","description":"Tienda de bicicletas repuestos accesorios taller mantenimiento clases salidas","publisher":{"@id":"https:\/\/naturalbikes.cl\/#organization"},"alternateName":"Natural Bikes","potentialAction":[{"@type":"SearchAction","target":{"@type":"EntryPoint","urlTemplate":"https:\/\/naturalbikes.cl\/?s={search_term_string}"},"query-input":{"@type":"PropertyValueSpecification","valueRequired":true,"valueName":"search_term_string"}}],"inLanguage":"es"},{"@type":"Organization","@id":"https:\/\/naturalbikes.cl\/#organization","name":"Natural Bikes","alternateName":"Natural Bikes","url":"https:\/\/naturalbikes.cl\/","logo":{"@type":"ImageObject","inLanguage":"es","@id":"https:\/\/naturalbikes.cl\/#\/schema\/logo\/image\/","url":"https:\/\/naturalbikes.cl\/wp-content\/uploads\/2024\/05\/2023-10-10-10.44.12.jpg","contentUrl":"https:\/\/naturalbikes.cl\/wp-content\/uploads\/2024\/05\/2023-10-10-10.44.12.jpg","width":650,"height":650,"caption":"Natural Bikes"},"image":{"@id":"https:\/\/naturalbikes.cl\/#\/schema\/logo\/image\/"},"sameAs":["https:\/\/www.facebook.com\/naturalbikescl","https:\/\/www.instagram.com\/natural.bikes","https:\/\/www.tiktok.com\/@natural.bikes"],"description":"Ofrecer a nuestros clientes apasionados por el ciclismo de monta\u00f1a la mejor experiencia en productos, conocimientos especializados y servicios excepcionales. Nos comprometemos a proporcionar una amplia gama de bicicletas, accesorios y equipo de alta calidad, junto con asesoramiento experto y atenci\u00f3n personalizada para cada ciclista, para que puedan explorar, disfrutar y maximizar su aventura en el mundo del MTB","email":"naturalbikes1@gmail.com","telephone":"56977043878","legalName":"Natural Bikes Limitada","foundingDate":"2024-01-01","vatID":"76699553-5","taxID":"76699553-5","numberOfEmployees":{"@type":"QuantitativeValue","minValue":"1","maxValue":"10"},"publishingPrinciples":"https:\/\/naturalbikes.cl\/?page_id=7843","ownershipFundingInfo":"https:\/\/naturalbikes.cl\/?page_id=7843","actionableFeedbackPolicy":"https:\/\/naturalbikes.cl\/?page_id=14797","correctionsPolicy":"https:\/\/naturalbikes.cl\/?page_id=3","ethicsPolicy":"https:\/\/naturalbikes.cl\/?page_id=7843","diversityPolicy":"https:\/\/naturalbikes.cl\/?page_id=11734","diversityStaffingReport":"https:\/\/naturalbikes.cl\/?page_id=12161"}]}},"_links":{"self":[{"href":"https:\/\/naturalbikes.cl\/index.php?rest_route=\/wp\/v2\/product\/18550"}],"collection":[{"href":"https:\/\/naturalbikes.cl\/index.php?rest_route=\/wp\/v2\/product"}],"about":[{"href":"https:\/\/naturalbikes.cl\/index.php?rest_route=\/wp\/v2\/types\/product"}],"replies":[{"embeddable":true,"href":"https:\/\/naturalbikes.cl\/index.php?rest_route=%2Fwp%2Fv2%2Fcomments&post=18550"}],"wp:featuredmedia":[{"embeddable":true,"href":"https:\/\/naturalbikes.cl\/index.php?rest_route=\/wp\/v2\/media\/18551"}],"wp:attachment":[{"href":"https:\/\/naturalbikes.cl\/index.php?rest_route=%2Fwp%2Fv2%2Fmedia&parent=18550"}],"wp:term":[{"taxonomy":"product_cat","embeddable":true,"href":"https:\/\/naturalbikes.cl\/index.php?rest_route=%2Fwp%2Fv2%2Fproduct_cat&post=18550"},{"taxonomy":"product_tag","embeddable":true,"href":"https:\/\/naturalbikes.cl\/index.php?rest_route=%2Fwp%2Fv2%2Fproduct_tag&post=18550"}],"curies":[{"name":"wp","href":"https:\/\/api.w.org\/{rel}","templated":true}]}}