{"id":18545,"date":"2024-04-24T10:48:29","date_gmt":"2024-04-24T14:48:29","guid":{"rendered":"https:\/\/naturalbikes.cl\/?post_type=product&#038;p=18545"},"modified":"2026-01-06T17:11:43","modified_gmt":"2026-01-06T20:11:43","slug":"disco-de-freno-de-160-mm-center-lpck-de-shimano","status":"publish","type":"product","link":"https:\/\/naturalbikes.cl\/?product=disco-de-freno-de-160-mm-center-lpck-de-shimano","title":{"rendered":"Disco de freno de 160 mm Center Lock de Shimano"},"content":{"rendered":"<div class=\"groupset-head-area hide-sm\">\n<h1 class=\"heading-01\"><a href=\"https:\/\/naturalbikes.cl\/wp-content\/uploads\/2024\/04\/shimano-1-.svg\"><img decoding=\"async\" class=\"wp-image-18541 alignleft\" src=\"https:\/\/naturalbikes.cl\/wp-content\/uploads\/2024\/04\/shimano-1-.svg\" alt=\"\" width=\"345\" height=\"46\" \/><\/a><\/h1>\n<div class=\"cmp-product-info__modelno-area\">\n<h3 class=\"cmp-product-info__modelno\">SM-RT10<\/h3>\n<\/div>\n<\/div>\n<div class=\"product-description-area\">\n<p>SHIMANO &#8211; CENTER LOCK &#8211; Disco de freno &#8211; 160 mm<\/p>\n<div class=\"cmp-itemlist-accordion\">\n<div class=\"cmp-itemlist-accordion__accordion-section cmp-itemlist-accordion__accordion-section--is-opened\">\n<div class=\"cmp-itemlist-accordion__contents\" data-starting-height=\"28\" data-final-height=\"100\">\n<p class=\"cmp-product-info__long-description\">Los discos de freno SM-RT10 de SHIMANO proporcionan una excepcional potencia de frenado en todas las condiciones de conducci\u00f3n. El sistema de montaje CENTER LOCK de SHIMANO hace que el montaje y el desmontaje de los discos de freno sea f\u00e1cil y r\u00e1pido gracias al dise\u00f1o con montaje de ranura y anillo de cierre.<\/p>\n<\/div>\n<p><button class=\"cmp-itemlist-accordion__btn\" type=\"button\"><span class=\"cmp-itemlist-accordion__close-sign\">Cerrar<\/span><\/button><\/p>\n<\/div>\n<\/div>\n<h2 class=\"cmp-product-info__title\">CARACTER\u00cdSTICAS<\/h2>\n<div class=\"cmp-itemlist-accordion\">\n<div class=\"cmp-itemlist-accordion__always-visible-section\">\n<ul>\n<li class=\"type-benefit\">Nuevo estilo de anillo de cierre<\/li>\n<li class=\"type-feature\">Construcci\u00f3n de parte dentada interna con parte dentada externa de mayor di\u00e1metro para compatibilidad con m\u00faltiples herramientas (TL-FC36 y TL-LR11)<\/li>\n<li class=\"type-benefit\">Nueva herramienta de instalaci\u00f3n TL-LR11<\/li>\n<\/ul>\n<\/div>\n<div class=\"cmp-itemlist-accordion__accordion-section cmp-itemlist-accordion__accordion-section--is-opened\">\n<div class=\"cmp-itemlist-accordion__contents\" data-starting-height=\"0\" data-final-height=\"92\">\n<ul>\n<li class=\"type-benefit\">Rendimiento de frenos bueno y duradero<\/li>\n<li class=\"type-feature\">Manipulaci\u00f3n y accionamiento sencillo para ciclistas principiantes<\/li>\n<li class=\"type-feature\">Montaje r\u00e1pido<\/li>\n<li class=\"type-technology\">CENTER LOC\n<div class=\"cmp-itemlist-accordion__always-visible-section\">\n<h2><\/h2>\n<h2 class=\"cmp-product-info__title\">ESPECIFICACIONES DEL PRODUCTO<\/h2>\n<table class=\"cmp-product-spec__table\">\n<tbody>\n<tr class=\"cmp-product-spec__table-row\">\n<th class=\"cmp-product-spec__name\">N.\u00ba DE MODELO<\/th>\n<td class=\"cmp-product-spec__value\">SM-RT10<\/td>\n<\/tr>\n<tr class=\"cmp-product-spec__table-row\">\n<th class=\"cmp-product-spec__name\">SERIE<\/th>\n<td class=\"cmp-product-spec__value\">SHIMANO ALIVIO M3100 Serie<\/td>\n<\/tr>\n<tr class=\"cmp-product-spec__table-row\">\n<th class=\"cmp-product-spec__name\">CENTER LOCK<\/th>\n<td class=\"cmp-product-spec__value\">\u2714<\/td>\n<\/tr>\n<tr class=\"cmp-product-spec__table-row\">\n<th class=\"cmp-product-spec__name\">Di\u00e1metro exterior (mm)|180<\/th>\n<td class=\"cmp-product-spec__value\">\u2714<\/td>\n<\/tr>\n<\/tbody>\n<\/table>\n<\/div>\n<div class=\"cmp-itemlist-accordion__accordion-section cmp-itemlist-accordion__accordion-section--is-opened\">\n<div class=\"cmp-itemlist-accordion__contents\" data-starting-height=\"0\" data-final-height=\"168\" data-scroll-to-top=\"\">\n<table class=\"cmp-product-spec__table\">\n<tbody>\n<tr class=\"cmp-product-spec__table-row\">\n<th class=\"cmp-product-spec__name\">Di\u00e1metro exterior (mm)|160<\/th>\n<td class=\"cmp-product-spec__value\">\u2714<\/td>\n<\/tr>\n<tr class=\"cmp-product-spec__table-row\">\n<th class=\"cmp-product-spec__name\">Compatibilidad de la forma de la placa de la pastilla|Estrecho<\/th>\n<td class=\"cmp-product-spec__value\">\u2714<\/td>\n<\/tr>\n<tr class=\"cmp-product-spec__table-row\">\n<th class=\"cmp-product-spec__name\">Compatibilidad de la forma de la placa de la pastilla|Ancho<\/th>\n<td class=\"cmp-product-spec__value\">\u2714<\/td>\n<\/tr>\n<\/tbody>\n<\/table>\n<\/div>\n<\/div>\n<\/li>\n<\/ul>\n<p>&nbsp;<\/p>\n<\/div>\n<\/div>\n<\/div>\n<\/div>\n","protected":false},"excerpt":{"rendered":"<p><a href=\"https:\/\/naturalbikes.cl\/wp-content\/uploads\/2024\/04\/shimano-1-.svg\"><img decoding=\"async\" class=\"wp-image-18541 alignleft\" src=\"https:\/\/naturalbikes.cl\/wp-content\/uploads\/2024\/04\/shimano-1-.svg\" alt=\"\" width=\"345\" height=\"46\" \/><\/a><\/p>\n<p data-sourcepos=\"5:1-5:252\"><strong>Mejora tu experiencia ciclista con el disco de freno Shimano 160mm Center Lock. Este rotor de alto rendimiento ofrece una potencia de frenado excepcional y una modulaci\u00f3n suave, garantizando tu seguridad y control en diversas condiciones de conducci\u00f3n.<\/strong><\/p>\n","protected":false},"featured_media":18548,"comment_status":"open","ping_status":"closed","template":"","meta":[],"product_cat":[198,243,310],"product_tag":[1130,1147,1148,1146],"class_list":{"0":"post-18545","1":"product","2":"type-product","3":"status-publish","4":"has-post-thumbnail","6":"product_brand-shimano","7":"product_cat-componentes","8":"product_cat-frenos-discos-pastillas-adaptadores","9":"product_cat-shimano","10":"product_tag-brake","11":"product_tag-disco","12":"product_tag-freno","13":"product_tag-rotor","15":"first","16":"instock","17":"sale","18":"taxable","19":"shipping-taxable","20":"purchasable","21":"product-type-simple"},"yoast_head":"<!-- This site is optimized with the Yoast SEO Premium plugin v24.8 (Yoast SEO v25.6) - https:\/\/yoast.com\/wordpress\/plugins\/seo\/ -->\n<title>Disco de Freno Shimano Center Lock 160mm: Frenado Superior para Bicicletas<\/title>\n<meta name=\"description\" content=\"Mejora tu experiencia ciclista con el disco de freno Shimano 160mm Center Lock. Este rotor de alto rendimiento ofrece una potencia de frenado excepcional y una modulaci\u00f3n suave, garantizando tu seguridad y control en diversas condiciones de conducci\u00f3n.\" \/>\n<meta name=\"robots\" content=\"index, follow, max-snippet:-1, max-image-preview:large, max-video-preview:-1\" \/>\n<link rel=\"canonical\" href=\"https:\/\/naturalbikes.cl\/?product=disco-de-freno-de-160-mm-center-lpck-de-shimano\" \/>\n<meta property=\"og:locale\" content=\"es_ES\" \/>\n<meta property=\"og:type\" content=\"article\" \/>\n<meta property=\"og:title\" content=\"Disco de freno de 160 mm Center Lock de Shimano\" \/>\n<meta property=\"og:description\" content=\"Ofrecer a nuestros clientes apasionados por el ciclismo de monta\u00f1a la mejor experiencia en productos, conocimientos especializados y servicios excepcionales. Nos comprometemos a proporcionar una amplia gama de bicicletas, accesorios y equipo de alta calidad, junto con asesoramiento experto y atenci\u00f3n personalizada para cada ciclista, para que puedan explorar, disfrutar y maximizar su aventura en el mundo del MTB\" \/>\n<meta property=\"og:url\" content=\"https:\/\/naturalbikes.cl\/?product=disco-de-freno-de-160-mm-center-lpck-de-shimano\" \/>\n<meta property=\"og:site_name\" content=\"NaturalBikes\" \/>\n<meta property=\"article:publisher\" content=\"https:\/\/www.facebook.com\/naturalbikescl\" \/>\n<meta property=\"article:modified_time\" content=\"2026-01-06T20:11:43+00:00\" \/>\n<meta property=\"og:image\" content=\"https:\/\/naturalbikes.cl\/wp-content\/uploads\/2024\/04\/shimano-sm-rt10-center-lock-stabdziu-diskas-1665472257-1200x1200-1.jpg\" \/>\n\t<meta property=\"og:image:width\" content=\"1200\" \/>\n\t<meta property=\"og:image:height\" content=\"1200\" \/>\n\t<meta property=\"og:image:type\" content=\"image\/jpeg\" \/>\n<meta name=\"twitter:card\" content=\"summary_large_image\" \/>\n<meta name=\"twitter:label1\" content=\"Tiempo de lectura\" \/>\n\t<meta name=\"twitter:data1\" content=\"2 minutos\" \/>\n<script type=\"application\/ld+json\" class=\"yoast-schema-graph\">{\"@context\":\"https:\/\/schema.org\",\"@graph\":[{\"@type\":\"WebPage\",\"@id\":\"https:\/\/naturalbikes.cl\/?product=disco-de-freno-de-160-mm-center-lpck-de-shimano\",\"url\":\"https:\/\/naturalbikes.cl\/?product=disco-de-freno-de-160-mm-center-lpck-de-shimano\",\"name\":\"Disco de Freno Shimano Center Lock 160mm: Frenado Superior para Bicicletas\",\"isPartOf\":{\"@id\":\"https:\/\/naturalbikes.cl\/#website\"},\"primaryImageOfPage\":{\"@id\":\"https:\/\/naturalbikes.cl\/?product=disco-de-freno-de-160-mm-center-lpck-de-shimano#primaryimage\"},\"image\":{\"@id\":\"https:\/\/naturalbikes.cl\/?product=disco-de-freno-de-160-mm-center-lpck-de-shimano#primaryimage\"},\"thumbnailUrl\":\"https:\/\/naturalbikes.cl\/wp-content\/uploads\/2024\/04\/shimano-sm-rt10-center-lock-stabdziu-diskas-1665472257-1200x1200-1.jpg\",\"datePublished\":\"2024-04-24T14:48:29+00:00\",\"dateModified\":\"2026-01-06T20:11:43+00:00\",\"description\":\"Mejora tu experiencia ciclista con el disco de freno Shimano 160mm Center Lock. Este rotor de alto rendimiento ofrece una potencia de frenado excepcional y una modulaci\u00f3n suave, garantizando tu seguridad y control en diversas condiciones de conducci\u00f3n.\",\"breadcrumb\":{\"@id\":\"https:\/\/naturalbikes.cl\/?product=disco-de-freno-de-160-mm-center-lpck-de-shimano#breadcrumb\"},\"inLanguage\":\"es\",\"potentialAction\":[{\"@type\":\"ReadAction\",\"target\":[\"https:\/\/naturalbikes.cl\/?product=disco-de-freno-de-160-mm-center-lpck-de-shimano\"]}]},{\"@type\":\"ImageObject\",\"inLanguage\":\"es\",\"@id\":\"https:\/\/naturalbikes.cl\/?product=disco-de-freno-de-160-mm-center-lpck-de-shimano#primaryimage\",\"url\":\"https:\/\/naturalbikes.cl\/wp-content\/uploads\/2024\/04\/shimano-sm-rt10-center-lock-stabdziu-diskas-1665472257-1200x1200-1.jpg\",\"contentUrl\":\"https:\/\/naturalbikes.cl\/wp-content\/uploads\/2024\/04\/shimano-sm-rt10-center-lock-stabdziu-diskas-1665472257-1200x1200-1.jpg\",\"width\":1200,\"height\":1200},{\"@type\":\"BreadcrumbList\",\"@id\":\"https:\/\/naturalbikes.cl\/?product=disco-de-freno-de-160-mm-center-lpck-de-shimano#breadcrumb\",\"itemListElement\":[{\"@type\":\"ListItem\",\"position\":1,\"name\":\"Portada\",\"item\":\"https:\/\/naturalbikes.cl\/\"},{\"@type\":\"ListItem\",\"position\":2,\"name\":\"Tienda NB\",\"item\":\"https:\/\/naturalbikes.cl\/?page_id=7843\"},{\"@type\":\"ListItem\",\"position\":3,\"name\":\"Shimano\",\"item\":\"https:\/\/naturalbikes.cl\/?product_brand=shimano\"},{\"@type\":\"ListItem\",\"position\":4,\"name\":\"Disco de freno de 160 mm Center Lock de Shimano\"}]},{\"@type\":\"WebSite\",\"@id\":\"https:\/\/naturalbikes.cl\/#website\",\"url\":\"https:\/\/naturalbikes.cl\/\",\"name\":\"Natural Bikes\",\"description\":\"Tienda de bicicletas repuestos accesorios taller mantenimiento clases salidas\",\"publisher\":{\"@id\":\"https:\/\/naturalbikes.cl\/#organization\"},\"alternateName\":\"Natural Bikes\",\"potentialAction\":[{\"@type\":\"SearchAction\",\"target\":{\"@type\":\"EntryPoint\",\"urlTemplate\":\"https:\/\/naturalbikes.cl\/?s={search_term_string}\"},\"query-input\":{\"@type\":\"PropertyValueSpecification\",\"valueRequired\":true,\"valueName\":\"search_term_string\"}}],\"inLanguage\":\"es\"},{\"@type\":\"Organization\",\"@id\":\"https:\/\/naturalbikes.cl\/#organization\",\"name\":\"Natural Bikes\",\"alternateName\":\"Natural Bikes\",\"url\":\"https:\/\/naturalbikes.cl\/\",\"logo\":{\"@type\":\"ImageObject\",\"inLanguage\":\"es\",\"@id\":\"https:\/\/naturalbikes.cl\/#\/schema\/logo\/image\/\",\"url\":\"https:\/\/naturalbikes.cl\/wp-content\/uploads\/2024\/05\/2023-10-10-10.44.12.jpg\",\"contentUrl\":\"https:\/\/naturalbikes.cl\/wp-content\/uploads\/2024\/05\/2023-10-10-10.44.12.jpg\",\"width\":650,\"height\":650,\"caption\":\"Natural Bikes\"},\"image\":{\"@id\":\"https:\/\/naturalbikes.cl\/#\/schema\/logo\/image\/\"},\"sameAs\":[\"https:\/\/www.facebook.com\/naturalbikescl\",\"https:\/\/www.instagram.com\/natural.bikes\",\"https:\/\/www.tiktok.com\/@natural.bikes\"],\"description\":\"Ofrecer a nuestros clientes apasionados por el ciclismo de monta\u00f1a la mejor experiencia en productos, conocimientos especializados y servicios excepcionales. Nos comprometemos a proporcionar una amplia gama de bicicletas, accesorios y equipo de alta calidad, junto con asesoramiento experto y atenci\u00f3n personalizada para cada ciclista, para que puedan explorar, disfrutar y maximizar su aventura en el mundo del MTB\",\"email\":\"naturalbikes1@gmail.com\",\"telephone\":\"56977043878\",\"legalName\":\"Natural Bikes Limitada\",\"foundingDate\":\"2024-01-01\",\"vatID\":\"76699553-5\",\"taxID\":\"76699553-5\",\"numberOfEmployees\":{\"@type\":\"QuantitativeValue\",\"minValue\":\"1\",\"maxValue\":\"10\"},\"publishingPrinciples\":\"https:\/\/naturalbikes.cl\/?page_id=7843\",\"ownershipFundingInfo\":\"https:\/\/naturalbikes.cl\/?page_id=7843\",\"actionableFeedbackPolicy\":\"https:\/\/naturalbikes.cl\/?page_id=14797\",\"correctionsPolicy\":\"https:\/\/naturalbikes.cl\/?page_id=3\",\"ethicsPolicy\":\"https:\/\/naturalbikes.cl\/?page_id=7843\",\"diversityPolicy\":\"https:\/\/naturalbikes.cl\/?page_id=11734\",\"diversityStaffingReport\":\"https:\/\/naturalbikes.cl\/?page_id=12161\"}]}<\/script>\n<!-- \/ Yoast SEO Premium plugin. -->","yoast_head_json":{"title":"Disco de Freno Shimano Center Lock 160mm: Frenado Superior para Bicicletas","description":"Mejora tu experiencia ciclista con el disco de freno Shimano 160mm Center Lock. Este rotor de alto rendimiento ofrece una potencia de frenado excepcional y una modulaci\u00f3n suave, garantizando tu seguridad y control en diversas condiciones de conducci\u00f3n.","robots":{"index":"index","follow":"follow","max-snippet":"max-snippet:-1","max-image-preview":"max-image-preview:large","max-video-preview":"max-video-preview:-1"},"canonical":"https:\/\/naturalbikes.cl\/?product=disco-de-freno-de-160-mm-center-lpck-de-shimano","og_locale":"es_ES","og_type":"article","og_title":"Disco de freno de 160 mm Center Lock de Shimano","og_description":"Ofrecer a nuestros clientes apasionados por el ciclismo de monta\u00f1a la mejor experiencia en productos, conocimientos especializados y servicios excepcionales. Nos comprometemos a proporcionar una amplia gama de bicicletas, accesorios y equipo de alta calidad, junto con asesoramiento experto y atenci\u00f3n personalizada para cada ciclista, para que puedan explorar, disfrutar y maximizar su aventura en el mundo del MTB","og_url":"https:\/\/naturalbikes.cl\/?product=disco-de-freno-de-160-mm-center-lpck-de-shimano","og_site_name":"NaturalBikes","article_publisher":"https:\/\/www.facebook.com\/naturalbikescl","article_modified_time":"2026-01-06T20:11:43+00:00","og_image":[{"width":1200,"height":1200,"url":"https:\/\/naturalbikes.cl\/wp-content\/uploads\/2024\/04\/shimano-sm-rt10-center-lock-stabdziu-diskas-1665472257-1200x1200-1.jpg","type":"image\/jpeg"}],"twitter_card":"summary_large_image","twitter_misc":{"Tiempo de lectura":"2 minutos"},"schema":{"@context":"https:\/\/schema.org","@graph":[{"@type":"WebPage","@id":"https:\/\/naturalbikes.cl\/?product=disco-de-freno-de-160-mm-center-lpck-de-shimano","url":"https:\/\/naturalbikes.cl\/?product=disco-de-freno-de-160-mm-center-lpck-de-shimano","name":"Disco de Freno Shimano Center Lock 160mm: Frenado Superior para Bicicletas","isPartOf":{"@id":"https:\/\/naturalbikes.cl\/#website"},"primaryImageOfPage":{"@id":"https:\/\/naturalbikes.cl\/?product=disco-de-freno-de-160-mm-center-lpck-de-shimano#primaryimage"},"image":{"@id":"https:\/\/naturalbikes.cl\/?product=disco-de-freno-de-160-mm-center-lpck-de-shimano#primaryimage"},"thumbnailUrl":"https:\/\/naturalbikes.cl\/wp-content\/uploads\/2024\/04\/shimano-sm-rt10-center-lock-stabdziu-diskas-1665472257-1200x1200-1.jpg","datePublished":"2024-04-24T14:48:29+00:00","dateModified":"2026-01-06T20:11:43+00:00","description":"Mejora tu experiencia ciclista con el disco de freno Shimano 160mm Center Lock. Este rotor de alto rendimiento ofrece una potencia de frenado excepcional y una modulaci\u00f3n suave, garantizando tu seguridad y control en diversas condiciones de conducci\u00f3n.","breadcrumb":{"@id":"https:\/\/naturalbikes.cl\/?product=disco-de-freno-de-160-mm-center-lpck-de-shimano#breadcrumb"},"inLanguage":"es","potentialAction":[{"@type":"ReadAction","target":["https:\/\/naturalbikes.cl\/?product=disco-de-freno-de-160-mm-center-lpck-de-shimano"]}]},{"@type":"ImageObject","inLanguage":"es","@id":"https:\/\/naturalbikes.cl\/?product=disco-de-freno-de-160-mm-center-lpck-de-shimano#primaryimage","url":"https:\/\/naturalbikes.cl\/wp-content\/uploads\/2024\/04\/shimano-sm-rt10-center-lock-stabdziu-diskas-1665472257-1200x1200-1.jpg","contentUrl":"https:\/\/naturalbikes.cl\/wp-content\/uploads\/2024\/04\/shimano-sm-rt10-center-lock-stabdziu-diskas-1665472257-1200x1200-1.jpg","width":1200,"height":1200},{"@type":"BreadcrumbList","@id":"https:\/\/naturalbikes.cl\/?product=disco-de-freno-de-160-mm-center-lpck-de-shimano#breadcrumb","itemListElement":[{"@type":"ListItem","position":1,"name":"Portada","item":"https:\/\/naturalbikes.cl\/"},{"@type":"ListItem","position":2,"name":"Tienda NB","item":"https:\/\/naturalbikes.cl\/?page_id=7843"},{"@type":"ListItem","position":3,"name":"Shimano","item":"https:\/\/naturalbikes.cl\/?product_brand=shimano"},{"@type":"ListItem","position":4,"name":"Disco de freno de 160 mm Center Lock de Shimano"}]},{"@type":"WebSite","@id":"https:\/\/naturalbikes.cl\/#website","url":"https:\/\/naturalbikes.cl\/","name":"Natural Bikes","description":"Tienda de bicicletas repuestos accesorios taller mantenimiento clases salidas","publisher":{"@id":"https:\/\/naturalbikes.cl\/#organization"},"alternateName":"Natural Bikes","potentialAction":[{"@type":"SearchAction","target":{"@type":"EntryPoint","urlTemplate":"https:\/\/naturalbikes.cl\/?s={search_term_string}"},"query-input":{"@type":"PropertyValueSpecification","valueRequired":true,"valueName":"search_term_string"}}],"inLanguage":"es"},{"@type":"Organization","@id":"https:\/\/naturalbikes.cl\/#organization","name":"Natural Bikes","alternateName":"Natural Bikes","url":"https:\/\/naturalbikes.cl\/","logo":{"@type":"ImageObject","inLanguage":"es","@id":"https:\/\/naturalbikes.cl\/#\/schema\/logo\/image\/","url":"https:\/\/naturalbikes.cl\/wp-content\/uploads\/2024\/05\/2023-10-10-10.44.12.jpg","contentUrl":"https:\/\/naturalbikes.cl\/wp-content\/uploads\/2024\/05\/2023-10-10-10.44.12.jpg","width":650,"height":650,"caption":"Natural Bikes"},"image":{"@id":"https:\/\/naturalbikes.cl\/#\/schema\/logo\/image\/"},"sameAs":["https:\/\/www.facebook.com\/naturalbikescl","https:\/\/www.instagram.com\/natural.bikes","https:\/\/www.tiktok.com\/@natural.bikes"],"description":"Ofrecer a nuestros clientes apasionados por el ciclismo de monta\u00f1a la mejor experiencia en productos, conocimientos especializados y servicios excepcionales. Nos comprometemos a proporcionar una amplia gama de bicicletas, accesorios y equipo de alta calidad, junto con asesoramiento experto y atenci\u00f3n personalizada para cada ciclista, para que puedan explorar, disfrutar y maximizar su aventura en el mundo del MTB","email":"naturalbikes1@gmail.com","telephone":"56977043878","legalName":"Natural Bikes Limitada","foundingDate":"2024-01-01","vatID":"76699553-5","taxID":"76699553-5","numberOfEmployees":{"@type":"QuantitativeValue","minValue":"1","maxValue":"10"},"publishingPrinciples":"https:\/\/naturalbikes.cl\/?page_id=7843","ownershipFundingInfo":"https:\/\/naturalbikes.cl\/?page_id=7843","actionableFeedbackPolicy":"https:\/\/naturalbikes.cl\/?page_id=14797","correctionsPolicy":"https:\/\/naturalbikes.cl\/?page_id=3","ethicsPolicy":"https:\/\/naturalbikes.cl\/?page_id=7843","diversityPolicy":"https:\/\/naturalbikes.cl\/?page_id=11734","diversityStaffingReport":"https:\/\/naturalbikes.cl\/?page_id=12161"}]}},"_links":{"self":[{"href":"https:\/\/naturalbikes.cl\/index.php?rest_route=\/wp\/v2\/product\/18545"}],"collection":[{"href":"https:\/\/naturalbikes.cl\/index.php?rest_route=\/wp\/v2\/product"}],"about":[{"href":"https:\/\/naturalbikes.cl\/index.php?rest_route=\/wp\/v2\/types\/product"}],"replies":[{"embeddable":true,"href":"https:\/\/naturalbikes.cl\/index.php?rest_route=%2Fwp%2Fv2%2Fcomments&post=18545"}],"wp:featuredmedia":[{"embeddable":true,"href":"https:\/\/naturalbikes.cl\/index.php?rest_route=\/wp\/v2\/media\/18548"}],"wp:attachment":[{"href":"https:\/\/naturalbikes.cl\/index.php?rest_route=%2Fwp%2Fv2%2Fmedia&parent=18545"}],"wp:term":[{"taxonomy":"product_cat","embeddable":true,"href":"https:\/\/naturalbikes.cl\/index.php?rest_route=%2Fwp%2Fv2%2Fproduct_cat&post=18545"},{"taxonomy":"product_tag","embeddable":true,"href":"https:\/\/naturalbikes.cl\/index.php?rest_route=%2Fwp%2Fv2%2Fproduct_tag&post=18545"}],"curies":[{"name":"wp","href":"https:\/\/api.w.org\/{rel}","templated":true}]}}