{"id":10966,"date":"2023-11-14T12:15:58","date_gmt":"2023-11-14T12:15:58","guid":{"rendered":"https:\/\/naturalbikes.cl\/?product=orbea-alma-carbon-m50"},"modified":"2026-01-06T17:12:43","modified_gmt":"2026-01-06T20:12:43","slug":"orbea-alma-carbon-m50","status":"publish","type":"product","link":"https:\/\/naturalbikes.cl\/?product=orbea-alma-carbon-m50","title":{"rendered":"Bicicleta Orbea Alma Carbon M50"},"content":{"rendered":"<p><a href=\"https:\/\/naturalbikes.cl\/wp-content\/uploads\/2023\/11\/orbea-logo.svg\"><img decoding=\"async\" class=\"size-full wp-image-15040 alignleft\" src=\"https:\/\/naturalbikes.cl\/wp-content\/uploads\/2023\/11\/orbea-logo.svg\" alt=\"\" width=\"148\" height=\"16\" \/><\/a><\/p>\n<h5 style=\"text-align: center;\">TAKE IT TOO FAR<\/h5>\n<p>El margen de mejora se esconde en cualquier lugar y la obsesi\u00f3n es parte del juego. \u00bfCu\u00e1nto de lejos es Demasiado Lejos? En la medida en la que hemos tenido objetivos, esp\u00edritu competitivo y creativo, nos hemos esforzado en ganar. Una vez que saboreas el triunfo, ser el mejor se convierte en una obsesi\u00f3n. Lo sientes en tu coraz\u00f3n, pulmones y piernas; puedes percibirlo en nuestras bicis. Solamente sudando hasta el m\u00e1s m\u00ednimo detalle y superando los l\u00edmites de lo posible puedes alcanzar los objetivos definitivos<\/p>\n<div id=\"technologies\" class=\"section-slider bike section-white\">\n<div class=\"component-block-slider section\">\n<div class=\"wrapper\">\n<div class=\"block-slider glide--ltr glide--slider glide--swipeable\">\n<div class=\"datas-slide glide__track\" data-glide-el=\"track\">\n<div class=\"image\"><img fetchpriority=\"high\" decoding=\"async\" class=\"aligncenter\" src=\"https:\/\/www.orbea.com\/img\/technologies\/02_icr.jpg\" alt=\"ICR\" width=\"410\" height=\"451\" \/><\/div>\n<div class=\"datas\">\n<h5>ICR<\/h5>\n<p>El guiado del cableado interno est\u00e1 concebido para garantizar el mejor trazado de los cables, sin roces ni choques, y est\u00e1 optimizado para sistemas de cambios tanto mec\u00e1nicos como electr\u00f3nicos.<\/p>\n<\/div>\n<div class=\"image\"><img decoding=\"async\" class=\"aligncenter\" src=\"https:\/\/www.orbea.com\/img\/technologies\/03_Dynamic.jpg\" alt=\"Dynamic structure\" width=\"410\" height=\"451\" \/><\/div>\n<div class=\"datas\">\n<h5>DYNAMIC STRUCTURE<\/h5>\n<p>La mitad inferior del cuadro soporta la inmensa mayor\u00eda de las cargas de torsi\u00f3n y laterales. Por ello, hemos dise\u00f1ado el tubo de direcci\u00f3n, el tubo horizontal y las vainas para que resistan estas cargas y transmitan potencia a la rueda trasera. No hay ninguna duda: una alta resistencia a la flexi\u00f3n en la parte inferior del cuadro se traduce directamente en m\u00e1s vatios en la rueda y en una sensaci\u00f3n de transferencia inmediata de la potencia.<\/p>\n<\/div>\n<div class=\"image\"><img loading=\"lazy\" decoding=\"async\" class=\"aligncenter\" src=\"https:\/\/www.orbea.com\/img\/technologies\/04_oc.jpg\" alt=\"CONJUNTO DE MANILLAR OC\" width=\"410\" height=\"451\" \/><\/div>\n<div class=\"datas\">\n<h5>CONJUNTO DE MANILLAR OC<\/h5>\n<p>La familia XC de Orbea ofrece ahora un aspecto totalmente renovado gracias al exclusivo conjunto OC de direcci\u00f3n espaciador y potencia. El sistema incluye un soporte para ciclocomputador opcional compatible con todas las principales marcas que utilizan adaptadores est\u00e1ndar. La integraci\u00f3n entre los componentes del sistema OC es un detalle que complementa el acabado de alta gama de nuestras bicis de XC modernas.<\/p>\n<\/div>\n<div class=\"image\"><img loading=\"lazy\" decoding=\"async\" class=\"aligncenter\" src=\"https:\/\/www.orbea.com\/img\/technologies\/01_spirit.jpg\" alt=\"HORQUILLA SPIRIT\" width=\"410\" height=\"451\" \/><\/div>\n<div class=\"datas\">\n<h5>HORQUILLA SPIRIT<\/h5>\n<p>Sabemos que las horquillas r\u00edgidas no son para todos los p\u00fablicos, pero nos vale con que sea perfecta para ti. En quien sabe valorarla, Spirit hace que contar con una horquilla de carbono ajustada espec\u00edficamente a la geometr\u00eda de Alma pase de \u00abestar bien\u00bb a \u00abser indispensable\u00bb. La horquilla Spirit es compatible con pr\u00e1cticamente cualquier bici r\u00edgida con direcci\u00f3n c\u00f3nica y puede personalizarse con el programa MyO\u2026 Elige entre decenas de colores y centenares de combinaciones posibles para confeccionar la bici perfecta.<\/p>\n<\/div>\n<\/div>\n<\/div>\n<\/div>\n<\/div>\n<\/div>\n<div id=\"especifications\" class=\"section section-gray\">\n<div class=\"especifications-block\"><\/div>\n<\/div>\n<h5>ESPECIFICACIONES<\/h5>\n<h5>CONJUNTO CUADRO<\/h5>\n<p>CUADRO<br \/>\nOrbea Alma Carbon OMR, Boost 12&#215;148, PF BB, Internal cable routing.<\/p>\n<p>HORQUILLA<br \/>\nRockShox Judy Silver TK Remote Solo Air 100 QR15x110 Boost<\/p>\n<p>DIRECCION<br \/>\nFSA 1-1\/8 &#8211; 1-1\/2&#8243; Integrated<\/p>\n<h5>TRANSMISI\u00d3N<\/h5>\n<p>PLATO\/BIELA<br \/>\nShimano MT511 32t<\/p>\n<p>MANETAS<br \/>\nShimano Deore M6100<\/p>\n<p>PI\u00d1ON<br \/>\nShimano CS-M6100 10-51t 12-Speed<\/p>\n<p>CAMBIO<br \/>\nShimano XT M8100 SGS Shadow Plus<\/p>\n<p>CADENA<br \/>\nShimano M6100<\/p>\n<h5>COCKPIT<\/h5>\n<p>MANILLAR<br \/>\nAlloy, 31.8mm, Flat, 740mm, Sweep 9<\/p>\n<p>POTENCIA<br \/>\nAlloy forged, -7\u00ba<\/p>\n<h5>FRENOS<\/h5>\n<p>FRENO<br \/>\nShimano MT201 Hydraulic Disc<\/p>\n<h5>RUEDAS<\/h5>\n<p>RUEDA<br \/>\nAlloy, Tubeless, 25c, 32H<\/p>\n<p>CUBIERTA<br \/>\nMaxxis Ikon 2.20&#8243; FB 60 TPI Dual<\/p>\n<h5>COMPONENTES<\/h5>\n<p>TIJA SILLIN<br \/>\nAlloy, forged head, 27.2mm, Setback 0<\/p>\n<p>SILLIN<br \/>\nSelle Italia Model X FecAlloy Rail 145x248mm<\/p>\n<p>BLOQUEO REMOTO<br \/>\nRock Shox PopLoc<\/p>\n<p>Nos reservamos el derecho a modificar la informaci\u00f3n y los componentes de los productos que aparecen en esta web sin previo aviso, incluido el equipamiento, las especificaciones, modelos, colores y materiales.<\/p>\n","protected":false},"excerpt":{"rendered":"<p><a href=\"https:\/\/naturalbikes.cl\/wp-content\/uploads\/2023\/11\/orbea-logo.svg\"><img decoding=\"async\" class=\"size-full wp-image-15040 alignleft\" src=\"https:\/\/naturalbikes.cl\/wp-content\/uploads\/2023\/11\/orbea-logo.svg\" alt=\"\" width=\"148\" height=\"16\" \/><\/a><strong>Descubre el equilibrio perfecto entre rendimiento y versatilidad con la bicicleta MTB XC XCO Orbea Alma Carbon M50. Dise\u00f1ada para conquistar los terrenos m\u00e1s exigentes, esta bicicleta ofrece una combinaci\u00f3n de ligereza, rigidez y agilidad que te permitir\u00e1 alcanzar tus metas en competiciones de XC y XCO. Con un cuadro de carbono de alta calidad y componentes de primera, la Alma Carbon M50 es la elecci\u00f3n ideal para ciclistas que buscan un rendimiento excepcional en cada salida. Prep\u00e1rate para elevar tu experiencia en bicicleta con la Orbea Alma Carbon M50.<\/strong><\/p>\n","protected":false},"featured_media":11120,"comment_status":"open","ping_status":"closed","template":"","meta":[],"product_cat":[207,195,291],"product_tag":[854,817,35,36,849,822,852,853],"class_list":{"0":"post-10966","1":"product","2":"type-product","3":"status-publish","4":"has-post-thumbnail","6":"product_brand-orbea","7":"product_cat-bicicleta-rigida","8":"product_cat-bicicletas","9":"product_cat-orbea-bicicleta-rigida","10":"product_tag-alma","11":"product_tag-bicicleta","12":"product_tag-bicycle","13":"product_tag-bike","14":"product_tag-mtb","15":"product_tag-orbea","16":"product_tag-xc","17":"product_tag-xco","19":"first","20":"instock","21":"taxable","22":"shipping-taxable","23":"purchasable","24":"product-type-variable","25":"rtwpvg-product"},"yoast_head":"<!-- This site is optimized with the Yoast SEO Premium plugin v24.8 (Yoast SEO v25.6) - https:\/\/yoast.com\/wordpress\/plugins\/seo\/ -->\n<title>Bicicleta Orbea Alma Carbon M50 - NaturalBikes<\/title>\n<meta name=\"description\" content=\"Descubre el equilibrio perfecto entre rendimiento y versatilidad con la bicicleta MTB XC XCO Orbea Alma Carbon M50. Dise\u00f1ada para conquistar los terrenos m\u00e1s exigentes, esta bicicleta ofrece una combinaci\u00f3n de ligereza, rigidez y agilidad que te permitir\u00e1 alcanzar tus metas en competiciones de XC y XCO. Con un cuadro de carbono de alta calidad y componentes de primera, la Alma Carbon M50 es la elecci\u00f3n ideal para ciclistas que buscan un rendimiento excepcional en cada salida. Prep\u00e1rate para elevar tu experiencia en bicicleta con la Orbea Alma Carbon M50.\" \/>\n<meta name=\"robots\" content=\"index, follow, max-snippet:-1, max-image-preview:large, max-video-preview:-1\" \/>\n<link rel=\"canonical\" href=\"https:\/\/naturalbikes.cl\/?product=orbea-alma-carbon-m50\" \/>\n<meta property=\"og:locale\" content=\"es_ES\" \/>\n<meta property=\"og:type\" content=\"article\" \/>\n<meta property=\"og:title\" content=\"Bicicleta Orbea Alma Carbon M50\" \/>\n<meta property=\"og:description\" content=\"Ofrecer a nuestros clientes apasionados por el ciclismo de monta\u00f1a la mejor experiencia en productos, conocimientos especializados y servicios excepcionales. Nos comprometemos a proporcionar una amplia gama de bicicletas, accesorios y equipo de alta calidad, junto con asesoramiento experto y atenci\u00f3n personalizada para cada ciclista, para que puedan explorar, disfrutar y maximizar su aventura en el mundo del MTB\" \/>\n<meta property=\"og:url\" content=\"https:\/\/naturalbikes.cl\/?product=orbea-alma-carbon-m50\" \/>\n<meta property=\"og:site_name\" content=\"NaturalBikes\" \/>\n<meta property=\"article:publisher\" content=\"https:\/\/www.facebook.com\/naturalbikescl\" \/>\n<meta property=\"article:modified_time\" content=\"2026-01-06T20:12:43+00:00\" \/>\n<meta property=\"og:image\" content=\"https:\/\/naturalbikes.cl\/wp-content\/uploads\/2023\/11\/N219TTCC-MB-SIDE-ALMA_M50.jpg\" \/>\n\t<meta property=\"og:image:width\" content=\"2000\" \/>\n\t<meta property=\"og:image:height\" content=\"1728\" \/>\n\t<meta property=\"og:image:type\" content=\"image\/jpeg\" \/>\n<meta name=\"twitter:card\" content=\"summary_large_image\" \/>\n<meta name=\"twitter:label1\" content=\"Tiempo de lectura\" \/>\n\t<meta name=\"twitter:data1\" content=\"4 minutos\" \/>\n<script type=\"application\/ld+json\" class=\"yoast-schema-graph\">{\"@context\":\"https:\/\/schema.org\",\"@graph\":[{\"@type\":\"WebPage\",\"@id\":\"https:\/\/naturalbikes.cl\/?product=orbea-alma-carbon-m50\",\"url\":\"https:\/\/naturalbikes.cl\/?product=orbea-alma-carbon-m50\",\"name\":\"Bicicleta Orbea Alma Carbon M50 - NaturalBikes\",\"isPartOf\":{\"@id\":\"https:\/\/naturalbikes.cl\/#website\"},\"primaryImageOfPage\":{\"@id\":\"https:\/\/naturalbikes.cl\/?product=orbea-alma-carbon-m50#primaryimage\"},\"image\":{\"@id\":\"https:\/\/naturalbikes.cl\/?product=orbea-alma-carbon-m50#primaryimage\"},\"thumbnailUrl\":\"https:\/\/naturalbikes.cl\/wp-content\/uploads\/2023\/11\/N219TTCC-MB-SIDE-ALMA_M50.jpg\",\"datePublished\":\"2023-11-14T12:15:58+00:00\",\"dateModified\":\"2026-01-06T20:12:43+00:00\",\"description\":\"Descubre el equilibrio perfecto entre rendimiento y versatilidad con la bicicleta MTB XC XCO Orbea Alma Carbon M50. Dise\u00f1ada para conquistar los terrenos m\u00e1s exigentes, esta bicicleta ofrece una combinaci\u00f3n de ligereza, rigidez y agilidad que te permitir\u00e1 alcanzar tus metas en competiciones de XC y XCO. Con un cuadro de carbono de alta calidad y componentes de primera, la Alma Carbon M50 es la elecci\u00f3n ideal para ciclistas que buscan un rendimiento excepcional en cada salida. Prep\u00e1rate para elevar tu experiencia en bicicleta con la Orbea Alma Carbon M50.\",\"breadcrumb\":{\"@id\":\"https:\/\/naturalbikes.cl\/?product=orbea-alma-carbon-m50#breadcrumb\"},\"inLanguage\":\"es\",\"potentialAction\":[{\"@type\":\"ReadAction\",\"target\":[\"https:\/\/naturalbikes.cl\/?product=orbea-alma-carbon-m50\"]}]},{\"@type\":\"ImageObject\",\"inLanguage\":\"es\",\"@id\":\"https:\/\/naturalbikes.cl\/?product=orbea-alma-carbon-m50#primaryimage\",\"url\":\"https:\/\/naturalbikes.cl\/wp-content\/uploads\/2023\/11\/N219TTCC-MB-SIDE-ALMA_M50.jpg\",\"contentUrl\":\"https:\/\/naturalbikes.cl\/wp-content\/uploads\/2023\/11\/N219TTCC-MB-SIDE-ALMA_M50.jpg\",\"width\":2000,\"height\":1728},{\"@type\":\"BreadcrumbList\",\"@id\":\"https:\/\/naturalbikes.cl\/?product=orbea-alma-carbon-m50#breadcrumb\",\"itemListElement\":[{\"@type\":\"ListItem\",\"position\":1,\"name\":\"Portada\",\"item\":\"https:\/\/naturalbikes.cl\/\"},{\"@type\":\"ListItem\",\"position\":2,\"name\":\"Tienda NB\",\"item\":\"https:\/\/naturalbikes.cl\/?page_id=7843\"},{\"@type\":\"ListItem\",\"position\":3,\"name\":\"Orbea\",\"item\":\"https:\/\/naturalbikes.cl\/?product_brand=orbea\"},{\"@type\":\"ListItem\",\"position\":4,\"name\":\"Bicicleta Orbea Alma Carbon M50\"}]},{\"@type\":\"WebSite\",\"@id\":\"https:\/\/naturalbikes.cl\/#website\",\"url\":\"https:\/\/naturalbikes.cl\/\",\"name\":\"Natural Bikes\",\"description\":\"Tienda de bicicletas repuestos accesorios taller mantenimiento clases salidas\",\"publisher\":{\"@id\":\"https:\/\/naturalbikes.cl\/#organization\"},\"alternateName\":\"Natural Bikes\",\"potentialAction\":[{\"@type\":\"SearchAction\",\"target\":{\"@type\":\"EntryPoint\",\"urlTemplate\":\"https:\/\/naturalbikes.cl\/?s={search_term_string}\"},\"query-input\":{\"@type\":\"PropertyValueSpecification\",\"valueRequired\":true,\"valueName\":\"search_term_string\"}}],\"inLanguage\":\"es\"},{\"@type\":\"Organization\",\"@id\":\"https:\/\/naturalbikes.cl\/#organization\",\"name\":\"Natural Bikes\",\"alternateName\":\"Natural Bikes\",\"url\":\"https:\/\/naturalbikes.cl\/\",\"logo\":{\"@type\":\"ImageObject\",\"inLanguage\":\"es\",\"@id\":\"https:\/\/naturalbikes.cl\/#\/schema\/logo\/image\/\",\"url\":\"https:\/\/naturalbikes.cl\/wp-content\/uploads\/2024\/05\/2023-10-10-10.44.12.jpg\",\"contentUrl\":\"https:\/\/naturalbikes.cl\/wp-content\/uploads\/2024\/05\/2023-10-10-10.44.12.jpg\",\"width\":650,\"height\":650,\"caption\":\"Natural Bikes\"},\"image\":{\"@id\":\"https:\/\/naturalbikes.cl\/#\/schema\/logo\/image\/\"},\"sameAs\":[\"https:\/\/www.facebook.com\/naturalbikescl\",\"https:\/\/www.instagram.com\/natural.bikes\",\"https:\/\/www.tiktok.com\/@natural.bikes\"],\"description\":\"Ofrecer a nuestros clientes apasionados por el ciclismo de monta\u00f1a la mejor experiencia en productos, conocimientos especializados y servicios excepcionales. Nos comprometemos a proporcionar una amplia gama de bicicletas, accesorios y equipo de alta calidad, junto con asesoramiento experto y atenci\u00f3n personalizada para cada ciclista, para que puedan explorar, disfrutar y maximizar su aventura en el mundo del MTB\",\"email\":\"naturalbikes1@gmail.com\",\"telephone\":\"56977043878\",\"legalName\":\"Natural Bikes Limitada\",\"foundingDate\":\"2024-01-01\",\"vatID\":\"76699553-5\",\"taxID\":\"76699553-5\",\"numberOfEmployees\":{\"@type\":\"QuantitativeValue\",\"minValue\":\"1\",\"maxValue\":\"10\"},\"publishingPrinciples\":\"https:\/\/naturalbikes.cl\/?page_id=7843\",\"ownershipFundingInfo\":\"https:\/\/naturalbikes.cl\/?page_id=7843\",\"actionableFeedbackPolicy\":\"https:\/\/naturalbikes.cl\/?page_id=14797\",\"correctionsPolicy\":\"https:\/\/naturalbikes.cl\/?page_id=3\",\"ethicsPolicy\":\"https:\/\/naturalbikes.cl\/?page_id=7843\",\"diversityPolicy\":\"https:\/\/naturalbikes.cl\/?page_id=11734\",\"diversityStaffingReport\":\"https:\/\/naturalbikes.cl\/?page_id=12161\"}]}<\/script>\n<!-- \/ Yoast SEO Premium plugin. -->","yoast_head_json":{"title":"Bicicleta Orbea Alma Carbon M50 - NaturalBikes","description":"Descubre el equilibrio perfecto entre rendimiento y versatilidad con la bicicleta MTB XC XCO Orbea Alma Carbon M50. Dise\u00f1ada para conquistar los terrenos m\u00e1s exigentes, esta bicicleta ofrece una combinaci\u00f3n de ligereza, rigidez y agilidad que te permitir\u00e1 alcanzar tus metas en competiciones de XC y XCO. Con un cuadro de carbono de alta calidad y componentes de primera, la Alma Carbon M50 es la elecci\u00f3n ideal para ciclistas que buscan un rendimiento excepcional en cada salida. Prep\u00e1rate para elevar tu experiencia en bicicleta con la Orbea Alma Carbon M50.","robots":{"index":"index","follow":"follow","max-snippet":"max-snippet:-1","max-image-preview":"max-image-preview:large","max-video-preview":"max-video-preview:-1"},"canonical":"https:\/\/naturalbikes.cl\/?product=orbea-alma-carbon-m50","og_locale":"es_ES","og_type":"article","og_title":"Bicicleta Orbea Alma Carbon M50","og_description":"Ofrecer a nuestros clientes apasionados por el ciclismo de monta\u00f1a la mejor experiencia en productos, conocimientos especializados y servicios excepcionales. Nos comprometemos a proporcionar una amplia gama de bicicletas, accesorios y equipo de alta calidad, junto con asesoramiento experto y atenci\u00f3n personalizada para cada ciclista, para que puedan explorar, disfrutar y maximizar su aventura en el mundo del MTB","og_url":"https:\/\/naturalbikes.cl\/?product=orbea-alma-carbon-m50","og_site_name":"NaturalBikes","article_publisher":"https:\/\/www.facebook.com\/naturalbikescl","article_modified_time":"2026-01-06T20:12:43+00:00","og_image":[{"width":2000,"height":1728,"url":"https:\/\/naturalbikes.cl\/wp-content\/uploads\/2023\/11\/N219TTCC-MB-SIDE-ALMA_M50.jpg","type":"image\/jpeg"}],"twitter_card":"summary_large_image","twitter_misc":{"Tiempo de lectura":"4 minutos"},"schema":{"@context":"https:\/\/schema.org","@graph":[{"@type":"WebPage","@id":"https:\/\/naturalbikes.cl\/?product=orbea-alma-carbon-m50","url":"https:\/\/naturalbikes.cl\/?product=orbea-alma-carbon-m50","name":"Bicicleta Orbea Alma Carbon M50 - NaturalBikes","isPartOf":{"@id":"https:\/\/naturalbikes.cl\/#website"},"primaryImageOfPage":{"@id":"https:\/\/naturalbikes.cl\/?product=orbea-alma-carbon-m50#primaryimage"},"image":{"@id":"https:\/\/naturalbikes.cl\/?product=orbea-alma-carbon-m50#primaryimage"},"thumbnailUrl":"https:\/\/naturalbikes.cl\/wp-content\/uploads\/2023\/11\/N219TTCC-MB-SIDE-ALMA_M50.jpg","datePublished":"2023-11-14T12:15:58+00:00","dateModified":"2026-01-06T20:12:43+00:00","description":"Descubre el equilibrio perfecto entre rendimiento y versatilidad con la bicicleta MTB XC XCO Orbea Alma Carbon M50. Dise\u00f1ada para conquistar los terrenos m\u00e1s exigentes, esta bicicleta ofrece una combinaci\u00f3n de ligereza, rigidez y agilidad que te permitir\u00e1 alcanzar tus metas en competiciones de XC y XCO. Con un cuadro de carbono de alta calidad y componentes de primera, la Alma Carbon M50 es la elecci\u00f3n ideal para ciclistas que buscan un rendimiento excepcional en cada salida. Prep\u00e1rate para elevar tu experiencia en bicicleta con la Orbea Alma Carbon M50.","breadcrumb":{"@id":"https:\/\/naturalbikes.cl\/?product=orbea-alma-carbon-m50#breadcrumb"},"inLanguage":"es","potentialAction":[{"@type":"ReadAction","target":["https:\/\/naturalbikes.cl\/?product=orbea-alma-carbon-m50"]}]},{"@type":"ImageObject","inLanguage":"es","@id":"https:\/\/naturalbikes.cl\/?product=orbea-alma-carbon-m50#primaryimage","url":"https:\/\/naturalbikes.cl\/wp-content\/uploads\/2023\/11\/N219TTCC-MB-SIDE-ALMA_M50.jpg","contentUrl":"https:\/\/naturalbikes.cl\/wp-content\/uploads\/2023\/11\/N219TTCC-MB-SIDE-ALMA_M50.jpg","width":2000,"height":1728},{"@type":"BreadcrumbList","@id":"https:\/\/naturalbikes.cl\/?product=orbea-alma-carbon-m50#breadcrumb","itemListElement":[{"@type":"ListItem","position":1,"name":"Portada","item":"https:\/\/naturalbikes.cl\/"},{"@type":"ListItem","position":2,"name":"Tienda NB","item":"https:\/\/naturalbikes.cl\/?page_id=7843"},{"@type":"ListItem","position":3,"name":"Orbea","item":"https:\/\/naturalbikes.cl\/?product_brand=orbea"},{"@type":"ListItem","position":4,"name":"Bicicleta Orbea Alma Carbon M50"}]},{"@type":"WebSite","@id":"https:\/\/naturalbikes.cl\/#website","url":"https:\/\/naturalbikes.cl\/","name":"Natural Bikes","description":"Tienda de bicicletas repuestos accesorios taller mantenimiento clases salidas","publisher":{"@id":"https:\/\/naturalbikes.cl\/#organization"},"alternateName":"Natural Bikes","potentialAction":[{"@type":"SearchAction","target":{"@type":"EntryPoint","urlTemplate":"https:\/\/naturalbikes.cl\/?s={search_term_string}"},"query-input":{"@type":"PropertyValueSpecification","valueRequired":true,"valueName":"search_term_string"}}],"inLanguage":"es"},{"@type":"Organization","@id":"https:\/\/naturalbikes.cl\/#organization","name":"Natural Bikes","alternateName":"Natural Bikes","url":"https:\/\/naturalbikes.cl\/","logo":{"@type":"ImageObject","inLanguage":"es","@id":"https:\/\/naturalbikes.cl\/#\/schema\/logo\/image\/","url":"https:\/\/naturalbikes.cl\/wp-content\/uploads\/2024\/05\/2023-10-10-10.44.12.jpg","contentUrl":"https:\/\/naturalbikes.cl\/wp-content\/uploads\/2024\/05\/2023-10-10-10.44.12.jpg","width":650,"height":650,"caption":"Natural Bikes"},"image":{"@id":"https:\/\/naturalbikes.cl\/#\/schema\/logo\/image\/"},"sameAs":["https:\/\/www.facebook.com\/naturalbikescl","https:\/\/www.instagram.com\/natural.bikes","https:\/\/www.tiktok.com\/@natural.bikes"],"description":"Ofrecer a nuestros clientes apasionados por el ciclismo de monta\u00f1a la mejor experiencia en productos, conocimientos especializados y servicios excepcionales. Nos comprometemos a proporcionar una amplia gama de bicicletas, accesorios y equipo de alta calidad, junto con asesoramiento experto y atenci\u00f3n personalizada para cada ciclista, para que puedan explorar, disfrutar y maximizar su aventura en el mundo del MTB","email":"naturalbikes1@gmail.com","telephone":"56977043878","legalName":"Natural Bikes Limitada","foundingDate":"2024-01-01","vatID":"76699553-5","taxID":"76699553-5","numberOfEmployees":{"@type":"QuantitativeValue","minValue":"1","maxValue":"10"},"publishingPrinciples":"https:\/\/naturalbikes.cl\/?page_id=7843","ownershipFundingInfo":"https:\/\/naturalbikes.cl\/?page_id=7843","actionableFeedbackPolicy":"https:\/\/naturalbikes.cl\/?page_id=14797","correctionsPolicy":"https:\/\/naturalbikes.cl\/?page_id=3","ethicsPolicy":"https:\/\/naturalbikes.cl\/?page_id=7843","diversityPolicy":"https:\/\/naturalbikes.cl\/?page_id=11734","diversityStaffingReport":"https:\/\/naturalbikes.cl\/?page_id=12161"}]}},"_links":{"self":[{"href":"https:\/\/naturalbikes.cl\/index.php?rest_route=\/wp\/v2\/product\/10966"}],"collection":[{"href":"https:\/\/naturalbikes.cl\/index.php?rest_route=\/wp\/v2\/product"}],"about":[{"href":"https:\/\/naturalbikes.cl\/index.php?rest_route=\/wp\/v2\/types\/product"}],"replies":[{"embeddable":true,"href":"https:\/\/naturalbikes.cl\/index.php?rest_route=%2Fwp%2Fv2%2Fcomments&post=10966"}],"wp:featuredmedia":[{"embeddable":true,"href":"https:\/\/naturalbikes.cl\/index.php?rest_route=\/wp\/v2\/media\/11120"}],"wp:attachment":[{"href":"https:\/\/naturalbikes.cl\/index.php?rest_route=%2Fwp%2Fv2%2Fmedia&parent=10966"}],"wp:term":[{"taxonomy":"product_cat","embeddable":true,"href":"https:\/\/naturalbikes.cl\/index.php?rest_route=%2Fwp%2Fv2%2Fproduct_cat&post=10966"},{"taxonomy":"product_tag","embeddable":true,"href":"https:\/\/naturalbikes.cl\/index.php?rest_route=%2Fwp%2Fv2%2Fproduct_tag&post=10966"}],"curies":[{"name":"wp","href":"https:\/\/api.w.org\/{rel}","templated":true}]}}